{"id":732032,"date":"2025-08-27T21:42:50","date_gmt":"2025-08-27T18:42:50","guid":{"rendered":"https:\/\/roveyayinevi.com.tr\/index.php\/urun\/gurebahane-i-laklakan-2\/"},"modified":"2026-04-16T02:39:53","modified_gmt":"2026-04-15T23:39:53","slug":"gurebahane-i-laklakan-2","status":"publish","type":"product","link":"https:\/\/roveyayinevi.com.tr\/index.php\/urun\/gurebahane-i-laklakan-2\/","title":{"rendered":"Gurebahane-i Laklakan"},"content":{"rendered":"<p>Unutulan eski saatler i\u00e7inde eksikli\u011fi en ziyade hasretle hat\u0131rlanan saat, ak\u015fam\u0131n on ikisidir. Art\u0131k \u2018on iki\u2019, solgun ye\u015fil g\u00f6\u011f\u00fcn alt\u0131nda, ilk y\u0131ld\u0131za kar\u015f\u0131 m\u00fcezzinin M\u00fcsl\u00fcmanlara hitap etti\u011fi, sokaklar\u0131n lacivert bir sisle kapland\u0131\u011f\u0131, \u0131\u015f\u0131klar\u0131n yand\u0131\u011f\u0131, sinilerin kuruldu\u011fu ve yarasalar\u0131n mahzenlerden \u00e7\u0131k\u0131p u\u00e7u\u015ftu\u011fu o tesirli ve titrek saat de\u011fildir. Ak\u015fam ba\u011flar\u0131ndan koparak k\u00e2h \u00f6\u011flenin s\u0131ca\u011f\u0131nda ve k\u00e2h gece yar\u0131lar\u0131n\u0131n karanl\u0131\u011f\u0131nda farz edilmi\u015f bir zaman\u0131 bildiren bu saat, \u015fimdi hayat\u0131m\u0131zda renksiz ve \u015fa\u015fk\u0131n bir noktad\u0131r. Yeni saat, M\u00fcsl\u00fcman ak\u015fam\u0131n\u0131n mahzun ve \u015fa\u015faal\u0131 dakikas\u0131n\u0131 da\u011f\u0131tt\u0131\u011f\u0131 gibi, yirmi d\u00f6rt saatlik yabanc\u0131 \u2018g\u00fcn\u2019\u00fcn getirdi\u011fi ge\u00e7im \u015fekli de bizi tan vakti \u00e2leminden uzak b\u0131rakt\u0131.\u201dDo\u011fu ve Bat\u0131 meselesinin en saf hislerle anlat\u0131ld\u0131\u011f\u0131 bu yaz\u0131lar, de\u011fi\u015fen k\u00fclt\u00fcre dair \u00e7ok y\u00f6nl\u00fc bir bak\u0131\u015f sunuyor.Ku\u015faklar\u0131 etkilemi\u015f romanlar, ufuk a\u00e7\u0131c\u0131 \u00f6yk\u00fcler, ezberlere kaz\u0131nm\u0131\u015f \u015fiirler\u2026 Gazetelerde kalm\u0131\u015f s\u00f6yle\u015filer, gezi yaz\u0131lar\u0131, denemeler, makaleler\u2026 Edebiyat\u0131m\u0131z\u0131n farkl\u0131 d\u00f6nemlerinden, iz b\u0131rakan metinler K\u0131sa Miras\u2019la bir araya geliyor<\/p>\n","protected":false},"excerpt":{"rendered":"<p>Unutulan eski saatler i\u00e7inde eksikli\u011fi en ziyade hasretle hat\u0131rlanan saat, ak\u015fam\u0131n on ikisidir. Art\u0131k \u2018on iki\u2019, solgun ye\u015fil g\u00f6\u011f\u00fcn alt\u0131nda, ilk y\u0131ld\u0131za kar\u015f\u0131 m\u00fcezzinin M\u00fcsl\u00fcmanlara hitap<span class=\"excerpt-hellip\"> [\u2026]<\/span><\/p>\n","protected":false},"featured_media":0,"template":"","meta":{"_monsterinsights_skip_tracking":false,"_monsterinsights_sitenote_active":false,"_monsterinsights_sitenote_note":"","_monsterinsights_sitenote_category":0},"product_brand":[],"product_cat":[12291,12711],"product_tag":[],"class_list":{"0":"post-732032","1":"product","2":"type-product","3":"status-publish","5":"product_cat-edebiyat","6":"product_cat-roman-oyku","7":"pa_cilt-ciltsiz","8":"pa_tur-kitap","9":"pa_yayinevi-can-yayinlari","10":"pa_yazar-ahmet-hasim","12":"first","13":"instock","14":"sale","15":"shipping-taxable","16":"purchasable","17":"product-type-simple"},"_links":{"self":[{"href":"https:\/\/roveyayinevi.com.tr\/index.php\/wp-json\/wp\/v2\/product\/732032","targetHints":{"allow":["GET"]}}],"collection":[{"href":"https:\/\/roveyayinevi.com.tr\/index.php\/wp-json\/wp\/v2\/product"}],"about":[{"href":"https:\/\/roveyayinevi.com.tr\/index.php\/wp-json\/wp\/v2\/types\/product"}],"wp:attachment":[{"href":"https:\/\/roveyayinevi.com.tr\/index.php\/wp-json\/wp\/v2\/media?parent=732032"}],"wp:term":[{"taxonomy":"product_brand","embeddable":true,"href":"https:\/\/roveyayinevi.com.tr\/index.php\/wp-json\/wp\/v2\/product_brand?post=732032"},{"taxonomy":"product_cat","embeddable":true,"href":"https:\/\/roveyayinevi.com.tr\/index.php\/wp-json\/wp\/v2\/product_cat?post=732032"},{"taxonomy":"product_tag","embeddable":true,"href":"https:\/\/roveyayinevi.com.tr\/index.php\/wp-json\/wp\/v2\/product_tag?post=732032"}],"curies":[{"name":"wp","href":"https:\/\/api.w.org\/{rel}","templated":true}]}}