{"id":732011,"date":"2025-08-27T21:42:22","date_gmt":"2025-08-27T18:42:22","guid":{"rendered":"https:\/\/roveyayinevi.com.tr\/index.php\/urun\/spor-kuluplerinde-kalite-yonetimine-sistemsel-yaklasim\/"},"modified":"2026-04-16T02:39:53","modified_gmt":"2026-04-15T23:39:53","slug":"spor-kuluplerinde-kalite-yonetimine-sistemsel-yaklasim","status":"publish","type":"product","link":"https:\/\/roveyayinevi.com.tr\/index.php\/urun\/spor-kuluplerinde-kalite-yonetimine-sistemsel-yaklasim\/","title":{"rendered":"Spor Kul\u00fcplerinde Kalite Y\u00f6netimine Sistemsel Yakla\u015f\u0131m"},"content":{"rendered":"<p>\u0130\u00e7indekiler B\u00f6l\u00fcm 1Kalite Kavram\u0131 B\u00f6l\u00fcm 2Toplam Kalite Y\u00f6netimi B\u00f6l\u00fcm 3Hizmet Sekt\u00f6r\u00fcnde Toplam Kalite Y\u00f6netimi B\u00f6l\u00fcm 4Spor ve Y\u00f6netim B\u00f6l\u00fcm 5Spor Kul\u00fcplerinde Toplam Kalite Y\u00f6netimi Uygulamalar\u0131 B\u00f6l\u00fcm 6Kalite Y\u00f6netim Sistemi B\u00f6l\u00fcm 7Spor Kul\u00fcplerinde Kalite Y\u00f6netim Sistemi Uygulamalar\u0131  <\/p>\n","protected":false},"excerpt":{"rendered":"<p>\u0130\u00e7indekiler B\u00f6l\u00fcm 1Kalite Kavram\u0131 B\u00f6l\u00fcm 2Toplam Kalite Y\u00f6netimi B\u00f6l\u00fcm 3Hizmet Sekt\u00f6r\u00fcnde Toplam Kalite Y\u00f6netimi B\u00f6l\u00fcm 4Spor ve Y\u00f6netim B\u00f6l\u00fcm 5Spor Kul\u00fcplerinde Toplam Kalite Y\u00f6netimi Uygulamalar\u0131 B\u00f6l\u00fcm<span class=\"excerpt-hellip\"> [\u2026]<\/span><\/p>\n","protected":false},"featured_media":0,"template":"","meta":{"_monsterinsights_skip_tracking":false,"_monsterinsights_sitenote_active":false,"_monsterinsights_sitenote_note":"","_monsterinsights_sitenote_category":0},"product_brand":[],"product_cat":[15563,15564],"product_tag":[],"class_list":{"0":"post-732011","1":"product","2":"type-product","3":"status-publish","5":"product_cat-hobi","6":"product_cat-spor","7":"pa_cilt-ciltsiz","8":"pa_tur-kitap","9":"pa_yayinevi-gazi-kitabevi","10":"pa_yazar-feray-kucukbas-duman","12":"first","13":"instock","14":"sale","15":"shipping-taxable","16":"purchasable","17":"product-type-simple"},"_links":{"self":[{"href":"https:\/\/roveyayinevi.com.tr\/index.php\/wp-json\/wp\/v2\/product\/732011","targetHints":{"allow":["GET"]}}],"collection":[{"href":"https:\/\/roveyayinevi.com.tr\/index.php\/wp-json\/wp\/v2\/product"}],"about":[{"href":"https:\/\/roveyayinevi.com.tr\/index.php\/wp-json\/wp\/v2\/types\/product"}],"wp:attachment":[{"href":"https:\/\/roveyayinevi.com.tr\/index.php\/wp-json\/wp\/v2\/media?parent=732011"}],"wp:term":[{"taxonomy":"product_brand","embeddable":true,"href":"https:\/\/roveyayinevi.com.tr\/index.php\/wp-json\/wp\/v2\/product_brand?post=732011"},{"taxonomy":"product_cat","embeddable":true,"href":"https:\/\/roveyayinevi.com.tr\/index.php\/wp-json\/wp\/v2\/product_cat?post=732011"},{"taxonomy":"product_tag","embeddable":true,"href":"https:\/\/roveyayinevi.com.tr\/index.php\/wp-json\/wp\/v2\/product_tag?post=732011"}],"curies":[{"name":"wp","href":"https:\/\/api.w.org\/{rel}","templated":true}]}}