{"id":731978,"date":"2025-08-27T21:41:47","date_gmt":"2025-08-27T18:41:47","guid":{"rendered":"https:\/\/roveyayinevi.com.tr\/index.php\/urun\/mutluluga-ovgu\/"},"modified":"2026-04-13T02:48:38","modified_gmt":"2026-04-12T23:48:38","slug":"mutluluga-ovgu","status":"publish","type":"product","link":"https:\/\/roveyayinevi.com.tr\/index.php\/urun\/mutluluga-ovgu\/","title":{"rendered":"Mutlulu\u011fa \u00d6vg\u00fc"},"content":{"rendered":"<p>Kim mutlu olmay\u0131 istemez? Ama onu nas\u0131l bulaca\u011f\u0131m\u0131z\u0131, nas\u0131l koruyaca\u011f\u0131m\u0131z\u0131 ve hatta nas\u0131l tasvir edece\u011fimizi bilemeyiz.  Mutluluk \u00e7aba gerektiren, insan\u0131 rahatlatan ve herkes taraf\u0131ndan eri\u015filebilen bir \u015fey olarak tan\u0131mlanabilir mi? Mutlulu\u011fu d\u0131\u015far\u0131da aramak yerine, kendi i\u00e7imizde mi aramal\u0131y\u0131z? Mutluluk k\u0131sa s\u00fcren zevklerle yakalanabilir mi? Yoksa mutluluk, ki\u015fisel olmaktan \u00e7ok \u015fefkat uyand\u0131ran, di\u011fer insanlar\u0131n iyili\u011fini isteyen bir duygu mudur? Ger\u00e7ekten mutluysak d\u00fcnyay\u0131 de\u011fi\u015ftirebilir miyiz? \u0130nsanlara duydu\u011fumuz \u015fefkat, nefreti sona erdirme ve sevmedi\u011fimiz insanlar\u0131 bile mutlu etme d\u00fc\u015f\u00fcncesine d\u00f6n\u00fc\u015febilir mi?   \u201cD\u00fcnyan\u0131n en mutlu insan\u0131\u201d oldu\u011fu sinirbilim \u00f6l\u00e7\u00fcmlemeleriyle de kan\u0131tlanm\u0131\u015f olan Frans\u0131z Budist ke\u015fi\u015f Matthieu Ricard, bu kitapta kendi mutsuzlu\u011fundan yola \u00e7\u0131karak buldu\u011fu  mutluluk form\u00fcl\u00fcn\u00fc payla\u015f\u0131yor bizimle. Fransa&#8217;n\u0131n en \u00f6nemli \u00fcniversitelerinden birinde molek\u00fcler biyoloji alan\u0131nda y\u0131ld\u0131z\u0131 parlak bir bilim insan\u0131 iken bir anda her \u015feyi b\u0131rak\u0131p tas\u0131 tara\u011f\u0131 toplayarak Hindistan ve Tibet&#8217;e do\u011fru uzun bir yolculu\u011fa \u00e7\u0131k\u0131yor Ricard. Onun mutsuzlu\u011funa \u00e7are aray\u0131\u015f\u0131n\u0131n bir sonucu olan bu kitap ise, bizim i\u00e7in mutlulu\u011fa ula\u015fman\u0131n yol haritas\u0131 oluyor.  Ve i\u015fe mutlulu\u011fun ne oldu\u011funu anlayarak ba\u015fl\u0131yoruz\u2026 <\/p>\n","protected":false},"excerpt":{"rendered":"<p>Kim mutlu olmay\u0131 istemez? Ama onu nas\u0131l bulaca\u011f\u0131m\u0131z\u0131, nas\u0131l koruyaca\u011f\u0131m\u0131z\u0131 ve hatta nas\u0131l tasvir edece\u011fimizi bilemeyiz. Mutluluk \u00e7aba gerektiren, insan\u0131 rahatlatan ve herkes taraf\u0131ndan eri\u015filebilen bir<span class=\"excerpt-hellip\"> [\u2026]<\/span><\/p>\n","protected":false},"featured_media":0,"template":"","meta":{"_monsterinsights_skip_tracking":false,"_monsterinsights_sitenote_active":false,"_monsterinsights_sitenote_note":"","_monsterinsights_sitenote_category":0},"product_brand":[],"product_cat":[12364,12376],"product_tag":[],"class_list":{"0":"post-731978","1":"product","2":"type-product","3":"status-publish","5":"product_cat-genel-konular","6":"product_cat-kisisel-gelisim","7":"pa_cilt-ciltsiz","8":"pa_tur-kitap","9":"pa_yayinevi-dogan-novus","10":"pa_yazar-matthieu-ricard","12":"first","13":"instock","14":"sale","15":"shipping-taxable","16":"purchasable","17":"product-type-simple"},"_links":{"self":[{"href":"https:\/\/roveyayinevi.com.tr\/index.php\/wp-json\/wp\/v2\/product\/731978","targetHints":{"allow":["GET"]}}],"collection":[{"href":"https:\/\/roveyayinevi.com.tr\/index.php\/wp-json\/wp\/v2\/product"}],"about":[{"href":"https:\/\/roveyayinevi.com.tr\/index.php\/wp-json\/wp\/v2\/types\/product"}],"wp:attachment":[{"href":"https:\/\/roveyayinevi.com.tr\/index.php\/wp-json\/wp\/v2\/media?parent=731978"}],"wp:term":[{"taxonomy":"product_brand","embeddable":true,"href":"https:\/\/roveyayinevi.com.tr\/index.php\/wp-json\/wp\/v2\/product_brand?post=731978"},{"taxonomy":"product_cat","embeddable":true,"href":"https:\/\/roveyayinevi.com.tr\/index.php\/wp-json\/wp\/v2\/product_cat?post=731978"},{"taxonomy":"product_tag","embeddable":true,"href":"https:\/\/roveyayinevi.com.tr\/index.php\/wp-json\/wp\/v2\/product_tag?post=731978"}],"curies":[{"name":"wp","href":"https:\/\/api.w.org\/{rel}","templated":true}]}}