{"id":731959,"date":"2025-08-27T21:41:27","date_gmt":"2025-08-27T18:41:27","guid":{"rendered":"https:\/\/roveyayinevi.com.tr\/index.php\/urun\/aslancik-kukredi\/"},"modified":"2026-04-16T02:39:52","modified_gmt":"2026-04-15T23:39:52","slug":"aslancik-kukredi","status":"publish","type":"product","link":"https:\/\/roveyayinevi.com.tr\/index.php\/urun\/aslancik-kukredi\/","title":{"rendered":"Aslanc\u0131k K\u00fckredi"},"content":{"rendered":"<p>Aslanc\u0131k\u2019\u0131n g\u00fcr\u00fclt\u00fcl\u00fc ormandaki maceras\u0131na siz de kat\u0131l\u0131n! Ciyaklayan papa\u011fanlar, pald\u0131r k\u00fcld\u00fcr y\u00fcr\u00fcyen gergedanlar, t\u0131s t\u0131s t\u0131slayan y\u0131lanlar ve \u00e7ok daha fazlas\u0131..<\/p>\n","protected":false},"excerpt":{"rendered":"<p>Aslanc\u0131k\u2019\u0131n g\u00fcr\u00fclt\u00fcl\u00fc ormandaki maceras\u0131na siz de kat\u0131l\u0131n! Ciyaklayan papa\u011fanlar, pald\u0131r k\u00fcld\u00fcr y\u00fcr\u00fcyen gergedanlar, t\u0131s t\u0131s t\u0131slayan y\u0131lanlar ve \u00e7ok daha fazlas\u0131..<\/p>\n","protected":false},"featured_media":0,"template":"","meta":{"_monsterinsights_skip_tracking":false,"_monsterinsights_sitenote_active":false,"_monsterinsights_sitenote_note":"","_monsterinsights_sitenote_category":0},"product_brand":[],"product_cat":[12274,12518],"product_tag":[],"class_list":{"0":"post-731959","1":"product","2":"type-product","3":"status-publish","5":"product_cat-cocuk-ve-genclik-kitaplari","6":"product_cat-okul-oncesi-kitaplar","7":"pa_cilt-ciltsiz","8":"pa_tur-kitap","9":"pa_yayinevi-is-bankasi-kultur-yayinlari","10":"pa_yazar-melanie-joyce","12":"first","13":"instock","14":"sale","15":"shipping-taxable","16":"purchasable","17":"product-type-simple"},"_links":{"self":[{"href":"https:\/\/roveyayinevi.com.tr\/index.php\/wp-json\/wp\/v2\/product\/731959","targetHints":{"allow":["GET"]}}],"collection":[{"href":"https:\/\/roveyayinevi.com.tr\/index.php\/wp-json\/wp\/v2\/product"}],"about":[{"href":"https:\/\/roveyayinevi.com.tr\/index.php\/wp-json\/wp\/v2\/types\/product"}],"wp:attachment":[{"href":"https:\/\/roveyayinevi.com.tr\/index.php\/wp-json\/wp\/v2\/media?parent=731959"}],"wp:term":[{"taxonomy":"product_brand","embeddable":true,"href":"https:\/\/roveyayinevi.com.tr\/index.php\/wp-json\/wp\/v2\/product_brand?post=731959"},{"taxonomy":"product_cat","embeddable":true,"href":"https:\/\/roveyayinevi.com.tr\/index.php\/wp-json\/wp\/v2\/product_cat?post=731959"},{"taxonomy":"product_tag","embeddable":true,"href":"https:\/\/roveyayinevi.com.tr\/index.php\/wp-json\/wp\/v2\/product_tag?post=731959"}],"curies":[{"name":"wp","href":"https:\/\/api.w.org\/{rel}","templated":true}]}}