{"id":731958,"date":"2025-08-27T21:41:25","date_gmt":"2025-08-27T18:41:25","guid":{"rendered":"https:\/\/roveyayinevi.com.tr\/index.php\/urun\/bir-dilek-tutalim\/"},"modified":"2026-04-16T02:39:52","modified_gmt":"2026-04-15T23:39:52","slug":"bir-dilek-tutalim","status":"publish","type":"product","link":"https:\/\/roveyayinevi.com.tr\/index.php\/urun\/bir-dilek-tutalim\/","title":{"rendered":"Bir Dilek Tutal\u0131m"},"content":{"rendered":"<p>Yavru Ay\u0131, bir y\u0131ld\u0131z g\u00f6ky\u00fcz\u00fcnden kay\u0131p bah\u00e7elerine d\u00fc\u015f\u00fcnce onu g\u00f6rmek i\u00e7in t\u00fcm cesaretini toplad\u0131. Yan\u0131nda annesi, kolunun alt\u0131nda oyuncak ay\u0131c\u0131\u011f\u0131yla gecenin i\u00e7inde heyecanl\u0131 bir yolculu\u011fa \u00e7\u0131kt\u0131. \u00c7ok ge\u00e7meden ormanda ay \u0131\u015f\u0131\u011f\u0131yla ayd\u0131nlanan bir d\u00fcnya oldu\u011funu ke\u015ffetti.<\/p>\n","protected":false},"excerpt":{"rendered":"<p>Yavru Ay\u0131, bir y\u0131ld\u0131z g\u00f6ky\u00fcz\u00fcnden kay\u0131p bah\u00e7elerine d\u00fc\u015f\u00fcnce onu g\u00f6rmek i\u00e7in t\u00fcm cesaretini toplad\u0131. Yan\u0131nda annesi, kolunun alt\u0131nda oyuncak ay\u0131c\u0131\u011f\u0131yla gecenin i\u00e7inde heyecanl\u0131 bir yolculu\u011fa \u00e7\u0131kt\u0131.<span class=\"excerpt-hellip\"> [\u2026]<\/span><\/p>\n","protected":false},"featured_media":0,"template":"","meta":{"_monsterinsights_skip_tracking":false,"_monsterinsights_sitenote_active":false,"_monsterinsights_sitenote_note":"","_monsterinsights_sitenote_category":0},"product_brand":[],"product_cat":[12274,12518],"product_tag":[],"class_list":{"0":"post-731958","1":"product","2":"type-product","3":"status-publish","5":"product_cat-cocuk-ve-genclik-kitaplari","6":"product_cat-okul-oncesi-kitaplar","7":"pa_cilt-ciltsiz","8":"pa_tur-kitap","9":"pa_yayinevi-is-bankasi-kultur-yayinlari","10":"pa_yazar-holly-lansley","12":"first","13":"instock","14":"sale","15":"shipping-taxable","16":"purchasable","17":"product-type-simple"},"_links":{"self":[{"href":"https:\/\/roveyayinevi.com.tr\/index.php\/wp-json\/wp\/v2\/product\/731958","targetHints":{"allow":["GET"]}}],"collection":[{"href":"https:\/\/roveyayinevi.com.tr\/index.php\/wp-json\/wp\/v2\/product"}],"about":[{"href":"https:\/\/roveyayinevi.com.tr\/index.php\/wp-json\/wp\/v2\/types\/product"}],"wp:attachment":[{"href":"https:\/\/roveyayinevi.com.tr\/index.php\/wp-json\/wp\/v2\/media?parent=731958"}],"wp:term":[{"taxonomy":"product_brand","embeddable":true,"href":"https:\/\/roveyayinevi.com.tr\/index.php\/wp-json\/wp\/v2\/product_brand?post=731958"},{"taxonomy":"product_cat","embeddable":true,"href":"https:\/\/roveyayinevi.com.tr\/index.php\/wp-json\/wp\/v2\/product_cat?post=731958"},{"taxonomy":"product_tag","embeddable":true,"href":"https:\/\/roveyayinevi.com.tr\/index.php\/wp-json\/wp\/v2\/product_tag?post=731958"}],"curies":[{"name":"wp","href":"https:\/\/api.w.org\/{rel}","templated":true}]}}