{"id":731954,"date":"2025-08-27T21:41:21","date_gmt":"2025-08-27T18:41:21","guid":{"rendered":"https:\/\/roveyayinevi.com.tr\/index.php\/urun\/noktadan-noktaya-1den-20ye-adan-zye-arkadasim-caglar\/"},"modified":"2026-04-16T02:39:51","modified_gmt":"2026-04-15T23:39:51","slug":"noktadan-noktaya-1den-20ye-adan-zye-arkadasim-caglar","status":"publish","type":"product","link":"https:\/\/roveyayinevi.com.tr\/index.php\/urun\/noktadan-noktaya-1den-20ye-adan-zye-arkadasim-caglar\/","title":{"rendered":"Noktadan Noktaya 1\u2019den 20\u2019ye A\u2019dan Z\u2019ye &#8211; Arkada\u015f\u0131m \u00c7a\u011flar"},"content":{"rendered":"<p>Hadi kalemlerini al! Noktadan noktaya ilerleyerek resimleri tamamla. \u00c7ocuklar, kalemlerini noktalar\u0131n \u00fczerinde hareket ettirdik\u00e7e ortaya \u00e7\u0131kan resimler onlar\u0131 mutlu edecek.\u2022 \u00c7a\u011flar serisinden g\u00fczel kareler \u20221\u2019den 20\u2019ye kadar say\u0131lar \u2022 A\u2019dan Z\u2019ye kadar harfler \u2022 S\u0131raya g\u00f6re ilerleyerek al\u0131\u015ft\u0131rmalar\u0131 e\u011flenceyle tamamlama<\/p>\n","protected":false},"excerpt":{"rendered":"<p>Hadi kalemlerini al! Noktadan noktaya ilerleyerek resimleri tamamla. \u00c7ocuklar, kalemlerini noktalar\u0131n \u00fczerinde hareket ettirdik\u00e7e ortaya \u00e7\u0131kan resimler onlar\u0131 mutlu edecek.\u2022 \u00c7a\u011flar serisinden g\u00fczel kareler \u20221\u2019den 20\u2019ye<span class=\"excerpt-hellip\"> [\u2026]<\/span><\/p>\n","protected":false},"featured_media":0,"template":"","meta":{"_monsterinsights_skip_tracking":false,"_monsterinsights_sitenote_active":false,"_monsterinsights_sitenote_note":"","_monsterinsights_sitenote_category":0},"product_brand":[],"product_cat":[12274,12518],"product_tag":[],"class_list":{"0":"post-731954","1":"product","2":"type-product","3":"status-publish","5":"product_cat-cocuk-ve-genclik-kitaplari","6":"product_cat-okul-oncesi-kitaplar","7":"pa_cilt-ciltsiz","8":"pa_tur-kitap","9":"pa_yayinevi-is-bankasi-kultur-yayinlari","10":"pa_yazar-brigitte-paul","12":"first","13":"instock","14":"sale","15":"shipping-taxable","16":"purchasable","17":"product-type-simple"},"_links":{"self":[{"href":"https:\/\/roveyayinevi.com.tr\/index.php\/wp-json\/wp\/v2\/product\/731954","targetHints":{"allow":["GET"]}}],"collection":[{"href":"https:\/\/roveyayinevi.com.tr\/index.php\/wp-json\/wp\/v2\/product"}],"about":[{"href":"https:\/\/roveyayinevi.com.tr\/index.php\/wp-json\/wp\/v2\/types\/product"}],"wp:attachment":[{"href":"https:\/\/roveyayinevi.com.tr\/index.php\/wp-json\/wp\/v2\/media?parent=731954"}],"wp:term":[{"taxonomy":"product_brand","embeddable":true,"href":"https:\/\/roveyayinevi.com.tr\/index.php\/wp-json\/wp\/v2\/product_brand?post=731954"},{"taxonomy":"product_cat","embeddable":true,"href":"https:\/\/roveyayinevi.com.tr\/index.php\/wp-json\/wp\/v2\/product_cat?post=731954"},{"taxonomy":"product_tag","embeddable":true,"href":"https:\/\/roveyayinevi.com.tr\/index.php\/wp-json\/wp\/v2\/product_tag?post=731954"}],"curies":[{"name":"wp","href":"https:\/\/api.w.org\/{rel}","templated":true}]}}