{"id":731952,"date":"2025-08-27T21:41:18","date_gmt":"2025-08-27T18:41:18","guid":{"rendered":"https:\/\/roveyayinevi.com.tr\/index.php\/urun\/gokkandil\/"},"modified":"2026-04-16T02:39:51","modified_gmt":"2026-04-15T23:39:51","slug":"gokkandil","status":"publish","type":"product","link":"https:\/\/roveyayinevi.com.tr\/index.php\/urun\/gokkandil\/","title":{"rendered":"G\u00f6kkandil"},"content":{"rendered":"<p>\u0130nsan\u0131n sahip oldu\u011fu \u0131\u015f\u0131\u011f\u0131 kim s\u00f6nd\u00fcrebilir, hangi kuvvet onu yerle yeksan edebilir? Gece son karanl\u0131\u011f\u0131 ile g\u00fcn\u00fcn ilk \u0131\u015f\u0131klar\u0131n\u0131 selamlad\u0131\u011f\u0131nda havadaki umut kokusunu kim yok edebilir? \u0130nsan\u0131n, insan\u0131 sarho\u015f eyleyen g\u00fczelli\u011fi nas\u0131l dile gelebilir? Bizler t\u00fcm bu sorulara cevap bulmaya \u00e7al\u0131\u015f\u0131rken Hakan \u0130lhan Kurt, G\u00f6kkandil isimli eseriyle bizleri selaml\u0131yor. \u015eair, G\u00f6kkandil eseriyle zaman atlas\u0131na bir m\u00fcrekkep daha ak\u0131tmakla beraber bizlere sevginin e\u015fsiz lezzetini bir kez daha tatt\u0131r\u0131yor. Sayfalar\u0131 aralarken m\u0131sralar, gecelerimizi \u0131\u015f\u0131l \u0131\u015f\u0131l ayd\u0131nlatan bir kandil oluyor, \u00e7ocuklu\u011fumuzdan deli dolu \u00e7a\u011flar\u0131m\u0131za de\u011fin kendi hat\u0131ralar\u0131m\u0131zda yolculu\u011fa \u00e7\u0131kar\u0131yor. G\u00fcndem yorgunlu\u011fundaki g\u00f6z kapaklar\u0131m\u0131z\u0131n alt\u0131nda bizlere bahar\u0131 ve ilkyaz\u0131 ya\u015fat\u0131yor. Hulasa G\u00f6kkandil, bir h\u00fcviyetin y\u00fckledi\u011fi sorumlulu\u011fu a\u015fk sarho\u015flu\u011fu ile harmanlay\u0131p \u00f6n\u00fcm\u00fcze seriyor. Hakan \u0130lhan Kurt, bu eserinde \u015fiirin olmazsa olmaz\u0131 T\u00fcrk s\u00f6z sanatlar\u0131n\u0131 ve T\u00fcrk \u015fiir dilinin s\u00f6zc\u00fcklerini \u00f6zenle se\u00e7erek yeniden edebiyat\u0131m\u0131za ta\u015f\u0131yor. K\u00f6kl\u00fc bir edebiyat\u0131n \u00fcr\u00fcn\u00fc olan bu eser, i\u00e7erdi\u011fi anlam ve heyecan zenginli\u011fi bak\u0131m\u0131ndan da ruh d\u00fcnyam\u0131z\u0131 ayd\u0131nlat\u0131yor.<\/p>\n","protected":false},"excerpt":{"rendered":"<p>\u0130nsan\u0131n sahip oldu\u011fu \u0131\u015f\u0131\u011f\u0131 kim s\u00f6nd\u00fcrebilir, hangi kuvvet onu yerle yeksan edebilir? Gece son karanl\u0131\u011f\u0131 ile g\u00fcn\u00fcn ilk \u0131\u015f\u0131klar\u0131n\u0131 selamlad\u0131\u011f\u0131nda havadaki umut kokusunu kim yok edebilir?<span class=\"excerpt-hellip\"> [\u2026]<\/span><\/p>\n","protected":false},"featured_media":0,"template":"","meta":{"_monsterinsights_skip_tracking":false,"_monsterinsights_sitenote_active":false,"_monsterinsights_sitenote_note":"","_monsterinsights_sitenote_category":0},"product_brand":[],"product_cat":[12291,12509],"product_tag":[],"class_list":{"0":"post-731952","1":"product","2":"type-product","3":"status-publish","5":"product_cat-edebiyat","6":"product_cat-siir","7":"pa_cilt-ciltsiz","8":"pa_tur-kitap","9":"pa_yayinevi-otuken-nesriyat","10":"pa_yazar-hakan-ilhan-kurt","12":"first","13":"instock","14":"sale","15":"shipping-taxable","16":"purchasable","17":"product-type-simple"},"_links":{"self":[{"href":"https:\/\/roveyayinevi.com.tr\/index.php\/wp-json\/wp\/v2\/product\/731952","targetHints":{"allow":["GET"]}}],"collection":[{"href":"https:\/\/roveyayinevi.com.tr\/index.php\/wp-json\/wp\/v2\/product"}],"about":[{"href":"https:\/\/roveyayinevi.com.tr\/index.php\/wp-json\/wp\/v2\/types\/product"}],"wp:attachment":[{"href":"https:\/\/roveyayinevi.com.tr\/index.php\/wp-json\/wp\/v2\/media?parent=731952"}],"wp:term":[{"taxonomy":"product_brand","embeddable":true,"href":"https:\/\/roveyayinevi.com.tr\/index.php\/wp-json\/wp\/v2\/product_brand?post=731952"},{"taxonomy":"product_cat","embeddable":true,"href":"https:\/\/roveyayinevi.com.tr\/index.php\/wp-json\/wp\/v2\/product_cat?post=731952"},{"taxonomy":"product_tag","embeddable":true,"href":"https:\/\/roveyayinevi.com.tr\/index.php\/wp-json\/wp\/v2\/product_tag?post=731952"}],"curies":[{"name":"wp","href":"https:\/\/api.w.org\/{rel}","templated":true}]}}