{"id":731936,"date":"2025-08-27T21:41:02","date_gmt":"2025-08-27T18:41:02","guid":{"rendered":"https:\/\/roveyayinevi.com.tr\/index.php\/urun\/adil-bolusum\/"},"modified":"2026-04-16T02:39:51","modified_gmt":"2026-04-15T23:39:51","slug":"adil-bolusum","status":"publish","type":"product","link":"https:\/\/roveyayinevi.com.tr\/index.php\/urun\/adil-bolusum\/","title":{"rendered":"Adil B\u00f6l\u00fc\u015f\u00fcm"},"content":{"rendered":"<p>Zenginler, k\u0131s\u0131tl\u0131 d\u00fcnya kaynaklar\u0131n\u0131n fakirlerle payla\u015f\u0131lmas\u0131n\u0131 istemiyor.Mevcut ekonomi sisteminin pek \u00e7ok eksiklikleri, a\u00e7mazlar\u0131 ve yanl\u0131\u015flar\u0131 var. Hepsiyle ilgili \u00e7\u00f6z\u00fcmler \u00fcretiliyor tabii ki. Ancak bir m\u00fcddet sonra g\u00f6r\u00fcyoruz ki \u00fcretilen \u00e7\u00f6z\u00fcmler, ba\u015fka sorunlara yol a\u00e7\u0131yor.Bu kitapta ekonomik sistemi \u00fcreten d\u00fc\u015f\u00fcnce yap\u0131s\u0131ndan ba\u015flayarak insan merkezli bir de\u011fersay\u0131m sorgulamas\u0131 yer al\u0131yor.Para \u00fcretimi ve mal \u00fcretimi aras\u0131ndaki u\u00e7urumlar kapanmad\u0131\u011f\u0131ndan ekonomik denklik bir t\u00fcrl\u00fc ger\u00e7ekle\u015fmemektedir. Bu ekonomik i\u015fleyi\u015f nedeniyle gelir da\u011f\u0131l\u0131m\u0131 adaleti bozulmu\u015ftur ve sistematik olarak zenginler daha zengin, fakirlerse daha fakir olmaya mahk\u00fbm edilmi\u015ftir. B\u00f6ylece para, tepedeki bir avu\u00e7 zengin aras\u0131nda dola\u015fmaktad\u0131r.Merkezinde insan\u0131n oldu\u011fu yeni bir denklik kurmak m\u00fcmk\u00fcnd\u00fcr elbette. Refah\u0131n adil bir \u015fekilde yeniden b\u00f6l\u00fc\u015ft\u00fcr\u00fclece\u011fi yeni bir kurgu ger\u00e7ekle\u015ftirilebilir.Bu kitapta yeni ekonomik denklik kurgusunun nas\u0131l ger\u00e7ekle\u015ftirilebilece\u011fi \u00fczerinde \u00f6zellikle durulmu\u015ftur. \u00dclkemizin yakla\u015f\u0131k iki as\u0131rd\u0131r s\u00fcregelen mak\u00fbs ekonomik tarihi yeni denklik kurgusuyla de\u011fi\u015febilir. Bu a\u00e7\u0131dan adil b\u00f6l\u00fc\u015f\u00fcm, \u00e7ok \u00f6nemlidir.<\/p>\n","protected":false},"excerpt":{"rendered":"<p>Zenginler, k\u0131s\u0131tl\u0131 d\u00fcnya kaynaklar\u0131n\u0131n fakirlerle payla\u015f\u0131lmas\u0131n\u0131 istemiyor.Mevcut ekonomi sisteminin pek \u00e7ok eksiklikleri, a\u00e7mazlar\u0131 ve yanl\u0131\u015flar\u0131 var. Hepsiyle ilgili \u00e7\u00f6z\u00fcmler \u00fcretiliyor tabii ki. Ancak bir m\u00fcddet sonra<span class=\"excerpt-hellip\"> [\u2026]<\/span><\/p>\n","protected":false},"featured_media":0,"template":"","meta":{"_monsterinsights_skip_tracking":false,"_monsterinsights_sitenote_active":false,"_monsterinsights_sitenote_note":"","_monsterinsights_sitenote_category":0},"product_brand":[],"product_cat":[14841,13043],"product_tag":[],"class_list":{"0":"post-731936","1":"product","2":"type-product","3":"status-publish","5":"product_cat-arastirma-inceleme-kuram","6":"product_cat-ekonomi","7":"pa_cilt-ciltsiz","8":"pa_tur-kitap","9":"pa_yayinevi-destek-yayinlari","10":"pa_yazar-mete-gundogan","12":"first","13":"instock","14":"sale","15":"shipping-taxable","16":"purchasable","17":"product-type-simple"},"_links":{"self":[{"href":"https:\/\/roveyayinevi.com.tr\/index.php\/wp-json\/wp\/v2\/product\/731936","targetHints":{"allow":["GET"]}}],"collection":[{"href":"https:\/\/roveyayinevi.com.tr\/index.php\/wp-json\/wp\/v2\/product"}],"about":[{"href":"https:\/\/roveyayinevi.com.tr\/index.php\/wp-json\/wp\/v2\/types\/product"}],"wp:attachment":[{"href":"https:\/\/roveyayinevi.com.tr\/index.php\/wp-json\/wp\/v2\/media?parent=731936"}],"wp:term":[{"taxonomy":"product_brand","embeddable":true,"href":"https:\/\/roveyayinevi.com.tr\/index.php\/wp-json\/wp\/v2\/product_brand?post=731936"},{"taxonomy":"product_cat","embeddable":true,"href":"https:\/\/roveyayinevi.com.tr\/index.php\/wp-json\/wp\/v2\/product_cat?post=731936"},{"taxonomy":"product_tag","embeddable":true,"href":"https:\/\/roveyayinevi.com.tr\/index.php\/wp-json\/wp\/v2\/product_tag?post=731936"}],"curies":[{"name":"wp","href":"https:\/\/api.w.org\/{rel}","templated":true}]}}