{"id":731888,"date":"2025-08-27T21:40:14","date_gmt":"2025-08-27T18:40:14","guid":{"rendered":"https:\/\/roveyayinevi.com.tr\/index.php\/urun\/hayat-denen-kartopu\/"},"modified":"2026-04-16T02:39:50","modified_gmt":"2026-04-15T23:39:50","slug":"hayat-denen-kartopu","status":"publish","type":"product","link":"https:\/\/roveyayinevi.com.tr\/index.php\/urun\/hayat-denen-kartopu\/","title":{"rendered":"Hayat Denen Kartopu"},"content":{"rendered":"<p>&#8220;Hayat kartopuna benzer. Tek ihtiyac\u0131n\u0131z olan biraz kar ve uzun bir yoku\u015f.\u201d\u201cOmaha K\u00e2hini\u201d lakab\u0131yla bilinen efsanevi yat\u0131r\u0131mc\u0131 ve i\u015f insan\u0131 Buffett, hayata bak\u0131\u015f\u0131n\u0131 bu c\u00fcmleyle \u00f6zetliyor. Y\u0131llar i\u00e7inde temel ilkeleri olan ihtiyat, sab\u0131r ve do\u011fru fiyatta do\u011fru i\u015flemlerle y\u00f6neticisi oldu\u011fu Berkshire Hathaway\u2019i d\u00fcnyan\u0131n en de\u011ferli holdinglerinden biri yapan Buffett\u2019\u0131n kendisi de on y\u0131llard\u0131r d\u00fcnyan\u0131n en zenginleri listelerinden hi\u00e7 d\u00fc\u015fm\u00fcyor.Buffett\u2019\u0131n Berkshire hissedarlar\u0131na k\u0131rk y\u0131l\u0131 a\u015fk\u0131n s\u00fcredir yazd\u0131\u011f\u0131 ve \u015firket y\u0131ll\u0131k raporlar\u0131nda sunulan raporlar, Buffett\u2019\u0131n geni\u015fleyen tecr\u00fcbesi ve biri kiminden beslenen keskin zek\u00e2s\u0131 sayesinde art\u0131k i\u015f ve yat\u0131r\u0131m d\u00fcnyas\u0131 i\u00e7in k\u00fclt birer metne d\u00f6n\u00fc\u015fm\u00fc\u015f durumda.Bu mektuplarda Buffett stratejilerini ve genel ekonomik geli\u015fmelerle ilgili d\u00fc\u015f\u00fcncelerini anekdotlar ve ilgin\u00e7 aforizmalar kullanarak ger\u00e7e\u011fe uygun ve anla\u015f\u0131l\u0131r \u015fekilde ortaklar\u0131na aktar\u0131yor. Orta\u011f\u0131 Charlie Munger\u2019\u0131n da esprili \u015fekilde ifade etti\u011fi gibi, \u201cBa\u015fkalar\u0131ndan daha zeki olmaya \u00e7al\u0131\u015fmadan, yaln\u0131zca daha az aptall\u0131k yapmaya \u00e7al\u0131\u015farak\u201d i\u015f d\u00fcnyas\u0131n\u0131n zirvesine nas\u0131l ula\u015ft\u0131klar\u0131n\u0131 a\u00e7\u0131k s\u00f6zl\u00fcl\u00fckle anlat\u0131yor. \u0130\u00e7erdi\u011fi ola\u011fan\u00fcst\u00fc dersler ve i\u00e7g\u00f6r\u00fcler nedeniyle bu derlemenin yat\u0131r\u0131mc\u0131lar kadar i\u015f insanlar\u0131 ve profesyoneller i\u00e7in de e\u015fsiz bir kaynak olaca\u011f\u0131n\u0131 d\u00fc\u015f\u00fcn\u00fcyoruz.Bu kitapta yan\u0131t bulaca\u011f\u0131n\u0131z baz\u0131 sorular:Yat\u0131r\u0131mc\u0131l\u0131\u011f\u0131n temel ilkeleri neler?Yat\u0131r\u0131m ile spek\u00fclasyon nas\u0131l ayr\u0131l\u0131r?Neden Buffett spek\u00fclasyondan uzak duruyor?S\u0131radan bireysel yat\u0131r\u0131mc\u0131lar i\u00e7in hangi yat\u0131r\u0131m stratejisini \u00f6neriyor?Nas\u0131l y\u00f6neticilerle \u00e7al\u0131\u015f\u0131yor ve onlar\u0131 nas\u0131l motive ediyor?Ortaklar\u0131 ve hissedarlar\u0131yla hangi ilkeler \u0131\u015f\u0131\u011f\u0131nda \u00e7al\u0131\u015f\u0131yor?Piyasa dalgalanmalar\u0131 ve k\u0131sa vadeli yat\u0131r\u0131mlar hakk\u0131nda neler d\u00fc\u015f\u00fcn\u00fcyor?Enflasyon ve y\u00fcksek faiz gibi makro-ekonomik risklere nas\u0131l bak\u0131yor?Ge\u00e7mi\u015fte ne gibi hatalar yapt\u0131 ve bunlardan nas\u0131l dersler \u00e7\u0131kard\u0131?\u015eirket mali tablolar\u0131nda nelere dikkat ediyor?Bu tablolarda neler, nas\u0131l gizlenebilir?Hedge fonlar\u0131 ve benzerlerine neden mesafeli?Buffett, yat\u0131r\u0131m becerileri yan\u0131nda esprili ve ince g\u00f6ndermelerle s\u00fcsl\u00fc tarz\u0131yla da biliniyor. En bilinen s\u00f6zlerinden baz\u0131lar\u0131n\u0131, hayat ve yat\u0131r\u0131m felsefesini de iyi \u00f6zetledikleri i\u00e7in burada al\u0131nt\u0131lamak istedik:Vasat \u015firketlere kelepir fiyatlarla yat\u0131r\u0131m yapmak yerine harika \u015firketlere ak\u0131lc\u0131 fiyatlarla yat\u0131r\u0131m yap\u0131n.Dokuz hamile kad\u0131n\u0131 bir araya getirerek bir ayda bebek alamazs\u0131n.Kimin \u00e7\u0131plak y\u00fczd\u00fc\u011f\u00fc sular \u00e7ekilince anla\u015f\u0131l\u0131r.Paral\u0131 biri ile deneyimli biri kar\u015f\u0131la\u015f\u0131nca bu kar\u015f\u0131la\u015fmadan deneyimli ki\u015fi parayla, paral\u0131 ki\u015fi ise deneyimle ayr\u0131l\u0131r.Fiyat \u00f6dedi\u011findir, de\u011fer ise ald\u0131\u011f\u0131n.Zaman iyi \u015firketlerin dostu, vasatlar\u0131n d\u00fc\u015fman\u0131d\u0131r.\u015f hayat\u0131nda dikiz aynas\u0131 daima \u00f6n camdan daha net g\u00f6sterir.\u00c7abuk k\u00e2r vaatlerine \u00e7abucak \u201cHay\u0131r,\u201d deyin.Gereksiz \u015feyleri almaya devam edersen, er ge\u00e7 gerekli \u015feyleri satmak zorunda kal\u0131rs\u0131n. M\u00fcthi\u015f bir y\u00f6neticiyle zorlu ekonomik ko\u015fullara sahip bir sekt\u00f6r bulu\u015ftu\u011funda, \u00fcn\u00fcn\u00fc koruyan sekt\u00f6r olur. Stratejim gayet basit: Telefonun yan\u0131nda oturur ve \u00e7almas\u0131n\u0131 beklerim<\/p>\n","protected":false},"excerpt":{"rendered":"<p>&#8220;Hayat kartopuna benzer. Tek ihtiyac\u0131n\u0131z olan biraz kar ve uzun bir yoku\u015f.\u201d\u201cOmaha K\u00e2hini\u201d lakab\u0131yla bilinen efsanevi yat\u0131r\u0131mc\u0131 ve i\u015f insan\u0131 Buffett, hayata bak\u0131\u015f\u0131n\u0131 bu c\u00fcmleyle \u00f6zetliyor.<span class=\"excerpt-hellip\"> [\u2026]<\/span><\/p>\n","protected":false},"featured_media":0,"template":"","meta":{"_monsterinsights_skip_tracking":false,"_monsterinsights_sitenote_active":false,"_monsterinsights_sitenote_note":"","_monsterinsights_sitenote_category":0},"product_brand":[],"product_cat":[13043,17647],"product_tag":[],"class_list":{"0":"post-731888","1":"product","2":"type-product","3":"status-publish","5":"product_cat-ekonomi","6":"product_cat-is-dunyasi","7":"pa_cilt-ciltsiz","8":"pa_tur-kitap","9":"pa_yayinevi-epsilon-yayinlari","10":"pa_yazar-warren-e-buffett","12":"first","13":"instock","14":"sale","15":"shipping-taxable","16":"purchasable","17":"product-type-simple"},"_links":{"self":[{"href":"https:\/\/roveyayinevi.com.tr\/index.php\/wp-json\/wp\/v2\/product\/731888","targetHints":{"allow":["GET"]}}],"collection":[{"href":"https:\/\/roveyayinevi.com.tr\/index.php\/wp-json\/wp\/v2\/product"}],"about":[{"href":"https:\/\/roveyayinevi.com.tr\/index.php\/wp-json\/wp\/v2\/types\/product"}],"wp:attachment":[{"href":"https:\/\/roveyayinevi.com.tr\/index.php\/wp-json\/wp\/v2\/media?parent=731888"}],"wp:term":[{"taxonomy":"product_brand","embeddable":true,"href":"https:\/\/roveyayinevi.com.tr\/index.php\/wp-json\/wp\/v2\/product_brand?post=731888"},{"taxonomy":"product_cat","embeddable":true,"href":"https:\/\/roveyayinevi.com.tr\/index.php\/wp-json\/wp\/v2\/product_cat?post=731888"},{"taxonomy":"product_tag","embeddable":true,"href":"https:\/\/roveyayinevi.com.tr\/index.php\/wp-json\/wp\/v2\/product_tag?post=731888"}],"curies":[{"name":"wp","href":"https:\/\/api.w.org\/{rel}","templated":true}]}}