{"id":731883,"date":"2025-08-27T21:40:09","date_gmt":"2025-08-27T18:40:09","guid":{"rendered":"https:\/\/roveyayinevi.com.tr\/index.php\/urun\/cahit-zarifoglu-bize-sozlerimizden-cok-yuregimizden-anlayan-gerek\/"},"modified":"2026-02-23T11:44:58","modified_gmt":"2026-02-23T08:44:58","slug":"cahit-zarifoglu-bize-sozlerimizden-cok-yuregimizden-anlayan-gerek","status":"publish","type":"product","link":"https:\/\/roveyayinevi.com.tr\/index.php\/urun\/cahit-zarifoglu-bize-sozlerimizden-cok-yuregimizden-anlayan-gerek\/","title":{"rendered":"Cahit Zarifo\u011flu-Bize S\u00f6zlerimizden \u00c7ok Y\u00fcre\u011fimizden Anlayan Gerek"},"content":{"rendered":"<p>\u0130nsan sevmeli; Bazen bir insan\u0131 Yahut da bir a\u011fac\u0131 Ya da kanad\u0131 k\u0131r\u0131k bir ku\u015fu. Zaten sevmezse insan \u0130nsan m\u0131 olur?\u201d \u2013 Cahit Zarifo\u011flu   O sadece bir \u015fair de\u011fil&#8230; O ayn\u0131 zamanda bir yazar, bir yay\u0131nc\u0131, pilot, g\u00fcre\u015f\u00e7i, seyyah, \u00f6\u011fretmen ve muhabir. Erken biten \u00e7ocuklu\u011funa ra\u011fmen i\u00e7indeki \u00e7ocu\u011fu hi\u00e7 yitirmemi\u015f bir adam. Yedi g\u00fczel adamdan biri&#8230; Babas\u0131n\u0131n \u00f6l\u00fcm\u00fcyle birlikte \u00e7ocuk kalbinde s\u0131zlayan ac\u0131lardan kurtulmak i\u00e7in girdi\u011fi aray\u0131\u015fta \u015fiire tutunmu\u015f, hayat\u0131 boyunca a\u015fk\u0131 aray\u0131p durmu\u015f bir yolcudur o. A\u015fk\u0131 sadece sevgilide de\u011fil, bazen bir ku\u015fun kanad\u0131nda, bazen ya\u015fl\u0131 bir a\u011fac\u0131n dallar\u0131nda ama en \u00e7ok da Hak yolunda bulmu\u015f bir \u00e2\u015f\u0131kt\u0131r ayn\u0131 zamanda&#8230; \u0130nand\u0131\u011f\u0131 fikrin ve hayalin arkas\u0131ndan azim ve kararl\u0131l\u0131kla ilerleyerek ula\u015f\u0131lmaz san\u0131lan doruklara nas\u0131l konulabilece\u011fini g\u00f6steren bir kartald\u0131r Cahit Zarifo\u011flu. K\u0131rk yedi y\u0131ll\u0131k ya\u015fam\u0131 boyunca sadece yazd\u0131klar\u0131nda de\u011fil ya\u015fad\u0131klar\u0131nda da e\u015fsiz bir ilham bar\u0131nd\u0131r\u0131r. Bu kitapta onun nas\u0131l yazd\u0131\u011f\u0131n\u0131 de\u011fil, neden yazd\u0131\u011f\u0131n\u0131 anlayacaks\u0131n\u0131z.   <\/p>\n","protected":false},"excerpt":{"rendered":"<p>\u0130nsan sevmeli; Bazen bir insan\u0131 Yahut da bir a\u011fac\u0131 Ya da kanad\u0131 k\u0131r\u0131k bir ku\u015fu. Zaten sevmezse insan \u0130nsan m\u0131 olur?\u201d \u2013 Cahit Zarifo\u011flu O sadece<span class=\"excerpt-hellip\"> [\u2026]<\/span><\/p>\n","protected":false},"featured_media":0,"template":"","meta":{"_monsterinsights_skip_tracking":false,"_monsterinsights_sitenote_active":false,"_monsterinsights_sitenote_note":"","_monsterinsights_sitenote_category":0},"product_brand":[],"product_cat":[14009,12291],"product_tag":[],"class_list":{"0":"post-731883","1":"product","2":"type-product","3":"status-publish","5":"product_cat-biyografi-otobiyografi-edebiyat","6":"product_cat-edebiyat","7":"pa_cilt-ciltsiz","8":"pa_tur-kitap","9":"pa_yayinevi-destek-yayinlari","10":"pa_yazar-seda-eroglu","12":"first","13":"instock","14":"sale","15":"shipping-taxable","16":"purchasable","17":"product-type-simple"},"_links":{"self":[{"href":"https:\/\/roveyayinevi.com.tr\/index.php\/wp-json\/wp\/v2\/product\/731883","targetHints":{"allow":["GET"]}}],"collection":[{"href":"https:\/\/roveyayinevi.com.tr\/index.php\/wp-json\/wp\/v2\/product"}],"about":[{"href":"https:\/\/roveyayinevi.com.tr\/index.php\/wp-json\/wp\/v2\/types\/product"}],"wp:attachment":[{"href":"https:\/\/roveyayinevi.com.tr\/index.php\/wp-json\/wp\/v2\/media?parent=731883"}],"wp:term":[{"taxonomy":"product_brand","embeddable":true,"href":"https:\/\/roveyayinevi.com.tr\/index.php\/wp-json\/wp\/v2\/product_brand?post=731883"},{"taxonomy":"product_cat","embeddable":true,"href":"https:\/\/roveyayinevi.com.tr\/index.php\/wp-json\/wp\/v2\/product_cat?post=731883"},{"taxonomy":"product_tag","embeddable":true,"href":"https:\/\/roveyayinevi.com.tr\/index.php\/wp-json\/wp\/v2\/product_tag?post=731883"}],"curies":[{"name":"wp","href":"https:\/\/api.w.org\/{rel}","templated":true}]}}