{"id":731882,"date":"2025-08-27T21:40:07","date_gmt":"2025-08-27T18:40:07","guid":{"rendered":"https:\/\/roveyayinevi.com.tr\/index.php\/urun\/babam-icin\/"},"modified":"2026-04-16T02:39:49","modified_gmt":"2026-04-15T23:39:49","slug":"babam-icin","status":"publish","type":"product","link":"https:\/\/roveyayinevi.com.tr\/index.php\/urun\/babam-icin\/","title":{"rendered":"Babam \u0130\u00e7in"},"content":{"rendered":"<p>\u201cBabam bana hayat\u0131m\u0131n en g\u00fczel hediyesini verdi, bana inand\u0131.\u201d S\u0131ra d\u0131\u015f\u0131 yeti\u015ftirme tarz\u0131yla, o\u011flunu antren\u00f6r gibi hayata haz\u0131rlayan bir baba ile babas\u0131n\u0131n hayalini ger\u00e7ekle\u015ftirmek i\u00e7in hi\u00e7bir m\u00fccadeleden ka\u00e7\u0131nmayan \u0130zzet Pinto\u2019nun hik\u00e2yesini okurken kimi zaman duygulanacak, kimi zaman hayrete d\u00fc\u015feceksiniz. Hatta zaman zaman onun ad\u0131na yorulup pes etmesini bile isteyeceksiniz. Onun Bangkok\u2019taki i\u015fportac\u0131l\u0131k g\u00fcnlerinden, T\u00fcrk dizilerini d\u00fcnyaya a\u00e7arak sekt\u00f6rde y\u0131l\u0131n adam\u0131 se\u00e7ilmesine kadar uzanan ini\u015fli \u00e7\u0131k\u0131\u015fl\u0131 \u00f6yk\u00fcs\u00fcnde b\u00fcy\u00fcleyici bir azmin ne mucizeler yaratabildi\u011fine tan\u0131kl\u0131k edeceksiniz.   \u201c\u0130flah olmaz seri giri\u015fimci, \u00e7al\u0131\u015fkan, iyimser, cesur, pes etmeyen \u0130zzet\u2019in ilham veren nefes kesici hik\u00e2yesi! \u015eans kap\u0131s\u0131n\u0131 \u00e7als\u0131n diye her imk\u00e2n\u0131 g\u00f6ren, de\u011ferlendiren, hi\u00e7 y\u0131lmayan ve en \u00f6nemlisi aile de\u011ferlerinden g\u00fc\u00e7 alan gen\u00e7 bir adam\u0131n hik\u00e2yesi. T\u00fcrkiye\u2019yi diziler yoluyla d\u00fcnyaya tan\u0131tan bu gen\u00e7 giri\u015fimcinin hik\u00e2yesini bir solukta okuyacaks\u0131n\u0131z! \u0130yi, do\u011fru, sa\u011flam, BABA gibi BABA olmak neymi\u015f tarifi bu kitapta!\u201d \u2013 Leyla Alaton   \u201cUmudun, sabr\u0131n, ba\u015far\u0131n\u0131n, vazge\u00e7meden onurlu bir \u015fekilde ya\u015faman\u0131n kitab\u0131 elinizde tuttu\u011funuz. Samimiyetle ve d\u00fcr\u00fcst\u00e7e kimsenin i\u00e7ini a\u00e7mad\u0131\u011f\u0131 bug\u00fcnlerde size iyi gelecek, ilham verecek, hepsinden \u00f6nemlisi sizi tazeleyecek bir deneyim sunuyor \u0130zzet Pinto. Onu tan\u0131d\u0131\u011f\u0131n\u0131za \u00e7ok sevineceksiniz. Kendinizi iyi tan\u0131rsan\u0131z \u00e7ok zor pi\u015fman olaca\u011f\u0131n\u0131z \u015feyler yapars\u0131n\u0131z. Peki siz kendinize ne kadar d\u00fcr\u00fcsts\u00fcn\u00fcz? \u015eimdi kendinizi gen\u00e7 \u0130zzet\u2019in yerine koyun ve ilk sayfay\u0131 \u00e7evirin, iyi okumalar&#8230;\u201d \u2013 Mert F\u0131rat <\/p>\n","protected":false},"excerpt":{"rendered":"<p>\u201cBabam bana hayat\u0131m\u0131n en g\u00fczel hediyesini verdi, bana inand\u0131.\u201d S\u0131ra d\u0131\u015f\u0131 yeti\u015ftirme tarz\u0131yla, o\u011flunu antren\u00f6r gibi hayata haz\u0131rlayan bir baba ile babas\u0131n\u0131n hayalini ger\u00e7ekle\u015ftirmek i\u00e7in hi\u00e7bir<span class=\"excerpt-hellip\"> [\u2026]<\/span><\/p>\n","protected":false},"featured_media":0,"template":"","meta":{"_monsterinsights_skip_tracking":false,"_monsterinsights_sitenote_active":false,"_monsterinsights_sitenote_note":"","_monsterinsights_sitenote_category":0},"product_brand":[],"product_cat":[18545,12291],"product_tag":[],"class_list":{"0":"post-731882","1":"product","2":"type-product","3":"status-publish","5":"product_cat-anlati","6":"product_cat-edebiyat","7":"pa_cilt-ciltsiz","8":"pa_tur-kitap","9":"pa_yayinevi-destek-yayinlari","10":"pa_yazar-izzet-pinto","12":"first","13":"instock","14":"sale","15":"shipping-taxable","16":"purchasable","17":"product-type-simple"},"_links":{"self":[{"href":"https:\/\/roveyayinevi.com.tr\/index.php\/wp-json\/wp\/v2\/product\/731882","targetHints":{"allow":["GET"]}}],"collection":[{"href":"https:\/\/roveyayinevi.com.tr\/index.php\/wp-json\/wp\/v2\/product"}],"about":[{"href":"https:\/\/roveyayinevi.com.tr\/index.php\/wp-json\/wp\/v2\/types\/product"}],"wp:attachment":[{"href":"https:\/\/roveyayinevi.com.tr\/index.php\/wp-json\/wp\/v2\/media?parent=731882"}],"wp:term":[{"taxonomy":"product_brand","embeddable":true,"href":"https:\/\/roveyayinevi.com.tr\/index.php\/wp-json\/wp\/v2\/product_brand?post=731882"},{"taxonomy":"product_cat","embeddable":true,"href":"https:\/\/roveyayinevi.com.tr\/index.php\/wp-json\/wp\/v2\/product_cat?post=731882"},{"taxonomy":"product_tag","embeddable":true,"href":"https:\/\/roveyayinevi.com.tr\/index.php\/wp-json\/wp\/v2\/product_tag?post=731882"}],"curies":[{"name":"wp","href":"https:\/\/api.w.org\/{rel}","templated":true}]}}