{"id":731856,"date":"2025-08-27T21:39:42","date_gmt":"2025-08-27T18:39:42","guid":{"rendered":"https:\/\/roveyayinevi.com.tr\/index.php\/urun\/scarlet-ve-ivy-5-mum-isiginda-lanet\/"},"modified":"2026-04-16T02:39:48","modified_gmt":"2026-04-15T23:39:48","slug":"scarlet-ve-ivy-5-mum-isiginda-lanet","status":"publish","type":"product","link":"https:\/\/roveyayinevi.com.tr\/index.php\/urun\/scarlet-ve-ivy-5-mum-isiginda-lanet\/","title":{"rendered":"Scarlet ve Ivy 5 -Mum I\u015f\u0131\u011f\u0131nda Lanet"},"content":{"rendered":"<p>Rockwood Okuluna gelen yeni k\u0131z Scarlet ve Ivy i\u00e7in \u00e7\u00f6z\u00fclmesi gereken yeni bir gizem yarat\u0131r. \u0130lgin\u00e7 biri olan yeni k\u0131z Ebony, Scarlet ve Ivy\u2019de b\u00fcy\u00fck bir merak uyand\u0131r\u0131r ve yepyeni bir macera ya\u015famalar\u0131na yol a\u00e7ar. Ebony gizemli oldu\u011fu kadar etkileyicidir de ve okuldaki k\u0131zlar\u0131n pek \u00e7o\u011funu pe\u015finden s\u00fcr\u00fckler. Hatta ya\u015f\u0131 daha k\u00fc\u00e7\u00fck olan k\u0131zlar\u0131n onun b\u00fcy\u00fcs\u00fcne kap\u0131lm\u0131\u015f oldu\u011fu bile s\u00f6ylenebilir. Ama etrafa Ebony ile ilgili dedikodular yay\u0131lm\u0131\u015ft\u0131r ve bu dedikodular\u0131n hepsi de iyi dedikodular de\u011fildir. Cad\u0131lar Bayram\u0131 gecesinde i\u015fler ters gidince b\u00fct\u00fcn su\u00e7 Ebony\u2019in \u00fcst\u00fcne kal\u0131r. Scarlet ve Ivy su\u00e7lunun Ebony oldu\u011fundan emin de\u011fillerdir. G\u00f6z \u00f6n\u00fcnde olan ki\u015fi Ebony olsa da Ebony tehlikeli biri olmayabilir. Peki su\u00e7lu Ebony de\u011filse su\u00e7lu kim? Scarlet ve Ivy\u2019nin yeni maceras\u0131n\u0131 okumaya haz\u0131r m\u0131sn\u0131z? <\/p>\n","protected":false},"excerpt":{"rendered":"<p>Rockwood Okuluna gelen yeni k\u0131z Scarlet ve Ivy i\u00e7in \u00e7\u00f6z\u00fclmesi gereken yeni bir gizem yarat\u0131r. \u0130lgin\u00e7 biri olan yeni k\u0131z Ebony, Scarlet ve Ivy\u2019de b\u00fcy\u00fck bir<span class=\"excerpt-hellip\"> [\u2026]<\/span><\/p>\n","protected":false},"featured_media":0,"template":"","meta":{"_monsterinsights_skip_tracking":false,"_monsterinsights_sitenote_active":false,"_monsterinsights_sitenote_note":"","_monsterinsights_sitenote_category":0},"product_brand":[],"product_cat":[12275,12274],"product_tag":[],"class_list":{"0":"post-731856","1":"product","2":"type-product","3":"status-publish","5":"product_cat-6-12-yas-kitaplari","6":"product_cat-cocuk-ve-genclik-kitaplari","7":"pa_cilt-ciltsiz","8":"pa_tur-kitap","9":"pa_yayinevi-eksik-parca-yayinlari","10":"pa_yazar-sophie-cleverly","12":"first","13":"instock","14":"sale","15":"shipping-taxable","16":"purchasable","17":"product-type-simple"},"_links":{"self":[{"href":"https:\/\/roveyayinevi.com.tr\/index.php\/wp-json\/wp\/v2\/product\/731856","targetHints":{"allow":["GET"]}}],"collection":[{"href":"https:\/\/roveyayinevi.com.tr\/index.php\/wp-json\/wp\/v2\/product"}],"about":[{"href":"https:\/\/roveyayinevi.com.tr\/index.php\/wp-json\/wp\/v2\/types\/product"}],"wp:attachment":[{"href":"https:\/\/roveyayinevi.com.tr\/index.php\/wp-json\/wp\/v2\/media?parent=731856"}],"wp:term":[{"taxonomy":"product_brand","embeddable":true,"href":"https:\/\/roveyayinevi.com.tr\/index.php\/wp-json\/wp\/v2\/product_brand?post=731856"},{"taxonomy":"product_cat","embeddable":true,"href":"https:\/\/roveyayinevi.com.tr\/index.php\/wp-json\/wp\/v2\/product_cat?post=731856"},{"taxonomy":"product_tag","embeddable":true,"href":"https:\/\/roveyayinevi.com.tr\/index.php\/wp-json\/wp\/v2\/product_tag?post=731856"}],"curies":[{"name":"wp","href":"https:\/\/api.w.org\/{rel}","templated":true}]}}