{"id":731850,"date":"2025-08-27T21:39:36","date_gmt":"2025-08-27T18:39:36","guid":{"rendered":"https:\/\/roveyayinevi.com.tr\/index.php\/urun\/beyniniz-icin-bilgiler\/"},"modified":"2026-04-16T02:39:48","modified_gmt":"2026-04-15T23:39:48","slug":"beyniniz-icin-bilgiler","status":"publish","type":"product","link":"https:\/\/roveyayinevi.com.tr\/index.php\/urun\/beyniniz-icin-bilgiler\/","title":{"rendered":"Beyniniz \u0130\u00e7in Bilgiler"},"content":{"rendered":"<p>\u201cSayfalarda gezinip herhangi bir yerinde durun, sadece beyninizi harekete ge\u00e7irmekle kalmay\u0131p sizi g\u00fcl\u00fcmseten bir \u015feyler de bulaca\u011f\u0131n\u0131za eminim.\u201d   B\u00fcy\u00fck fizik\u00e7i Isaac Newton\u2019\u0131n g\u00f6z\u00fcne bilimsel ama\u00e7la bir i\u011fne saplad\u0131\u011f\u0131n\u0131;* Geleneksel \u00c7in t\u0131bb\u0131n\u0131n s\u0131tma tedavisini geli\u015ftirmeye yard\u0131mc\u0131 oldu\u011funu; \u00c7ocuk felci a\u015f\u0131s\u0131n\u0131 bulan Dr. Jonas Salk\u2019\u0131n ilk testleri kendisine ailesi \u00fczerinde yapt\u0131\u011f\u0131n\u0131;  Amerika Birle\u015fik Devletleri\u2019nde k\u00f6leli\u011fi kald\u0131ran Abraham Lincoln\u2019\u00fcn siyahlarla beyazlar\u0131n asla e\u015fit olamayaca\u011f\u0131na inand\u0131\u011f\u0131n\u0131;  K\u00fcresel \u0131s\u0131nmaya yol a\u00e7an sera gaz\u0131 sal\u0131mlar\u0131n\u0131n %14\u2019\u00fcnden besi hayvanlar\u0131n\u0131n sorumlu oldu\u011funu   Biliyor muydunuz   \u00d6\u011frenince bir anda ayd\u0131nlanm\u0131\u015f hissetti\u011finiz tuhaf bilgilerle kar\u015f\u0131la\u015ft\u0131\u011f\u0131n\u0131z olur mu? Peki ya bunlarla s\u0131k s\u0131k kar\u015f\u0131la\u015fam\u0131yorsan\u0131z? Genellikle daha \u00f6nce b\u00f6yle bir bilgiyle nerede kar\u015f\u0131la\u015fabilece\u011fimiz, hatta b\u00f6yle bir konunun varl\u0131\u011f\u0131 hakk\u0131nda bile en ufak fikrimiz olmaz. Beyniniz \u0130\u00e7in Bilgiler isimli podcast yay\u0131n\u0131n\u0131n yarat\u0131c\u0131s\u0131 Moxie LaBouche b\u00f6yle kenarda k\u0131y\u0131da kalm\u0131\u015f bilgileri ciddi \u015fekilde ara\u015ft\u0131r\u0131p yedi ana ba\u015fl\u0131k alt\u0131nda e\u011flenceli bir i\u00e7erik haline getiriyor.   Tarih hakk\u0131nda yayg\u0131n yanl\u0131\u015f bilinenlere, biyoloji ve sanattan pop\u00fcler k\u00fclt\u00fcre, g\u00fcndelik hayattan az tan\u0131nm\u0131\u015f insanlar\u0131n \u015fa\u015f\u0131rt\u0131c\u0131 \u00f6nemine ve farkl\u0131 k\u00fclt\u00fcrlerin defin t\u00f6renlerine kadar beklenmedik ayr\u0131nt\u0131larda, tuhaf ger\u00e7eklerde gizlenmi\u015f beyninizi besleyecek sa\u011flam bilgilerden olu\u015fan bir kitap Beyniniz \u0130\u00e7in Bilgiler.   E\u011fer \u0130cat \u00c7\u0131karma 1, \u0130cat \u00c7\u0131karma 2, Art\u0131k Biliyorum, D\u00fcnyan\u0131n En Harika Fikri gibi kitaplar\u0131 sevdiyseniz, Beyniniz \u0130\u00e7in Bilgiler\u2019e de bay\u0131lacaks\u0131n\u0131z.   <\/p>\n","protected":false},"excerpt":{"rendered":"<p>\u201cSayfalarda gezinip herhangi bir yerinde durun, sadece beyninizi harekete ge\u00e7irmekle kalmay\u0131p sizi g\u00fcl\u00fcmseten bir \u015feyler de bulaca\u011f\u0131n\u0131za eminim.\u201d B\u00fcy\u00fck fizik\u00e7i Isaac Newton\u2019\u0131n g\u00f6z\u00fcne bilimsel ama\u00e7la bir<span class=\"excerpt-hellip\"> [\u2026]<\/span><\/p>\n","protected":false},"featured_media":0,"template":"","meta":{"_monsterinsights_skip_tracking":false,"_monsterinsights_sitenote_active":false,"_monsterinsights_sitenote_note":"","_monsterinsights_sitenote_category":0},"product_brand":[],"product_cat":[15563,24020],"product_tag":[],"class_list":{"0":"post-731850","1":"product","2":"type-product","3":"status-publish","5":"product_cat-hobi","6":"product_cat-kultur","7":"pa_cilt-ciltsiz","8":"pa_tur-kitap","9":"pa_yayinevi-eksik-parca-yayinlari","10":"pa_yazar-moxie-labouche","12":"first","13":"instock","14":"sale","15":"shipping-taxable","16":"purchasable","17":"product-type-simple"},"_links":{"self":[{"href":"https:\/\/roveyayinevi.com.tr\/index.php\/wp-json\/wp\/v2\/product\/731850","targetHints":{"allow":["GET"]}}],"collection":[{"href":"https:\/\/roveyayinevi.com.tr\/index.php\/wp-json\/wp\/v2\/product"}],"about":[{"href":"https:\/\/roveyayinevi.com.tr\/index.php\/wp-json\/wp\/v2\/types\/product"}],"wp:attachment":[{"href":"https:\/\/roveyayinevi.com.tr\/index.php\/wp-json\/wp\/v2\/media?parent=731850"}],"wp:term":[{"taxonomy":"product_brand","embeddable":true,"href":"https:\/\/roveyayinevi.com.tr\/index.php\/wp-json\/wp\/v2\/product_brand?post=731850"},{"taxonomy":"product_cat","embeddable":true,"href":"https:\/\/roveyayinevi.com.tr\/index.php\/wp-json\/wp\/v2\/product_cat?post=731850"},{"taxonomy":"product_tag","embeddable":true,"href":"https:\/\/roveyayinevi.com.tr\/index.php\/wp-json\/wp\/v2\/product_tag?post=731850"}],"curies":[{"name":"wp","href":"https:\/\/api.w.org\/{rel}","templated":true}]}}