{"id":731834,"date":"2025-08-27T21:39:18","date_gmt":"2025-08-27T18:39:18","guid":{"rendered":"https:\/\/roveyayinevi.com.tr\/index.php\/urun\/seni-seviyorum-allahim\/"},"modified":"2026-04-16T02:39:48","modified_gmt":"2026-04-15T23:39:48","slug":"seni-seviyorum-allahim","status":"publish","type":"product","link":"https:\/\/roveyayinevi.com.tr\/index.php\/urun\/seni-seviyorum-allahim\/","title":{"rendered":"Seni Seviyorum Allah&#8217;\u0131m"},"content":{"rendered":"<p>Sevgili Arkada\u015f\u0131m; Ben Macit\u2026 Hen\u00fcz yedi ya\u015f\u0131nday\u0131m. Sohbet etmeyi seven bir \u00e7ocu\u011fum. Allah\u2019\u0131 \u00f6\u011frenmeye nas\u0131l ba\u015flad\u0131\u011f\u0131m\u0131 sana biraz anlatmak istedim. Ama sana ihtiyac\u0131m var. Rabbimizi anlama ve anlatma konusunda sen de bana yard\u0131m eder misin?<\/p>\n","protected":false},"excerpt":{"rendered":"<p>Sevgili Arkada\u015f\u0131m; Ben Macit\u2026 Hen\u00fcz yedi ya\u015f\u0131nday\u0131m. Sohbet etmeyi seven bir \u00e7ocu\u011fum. Allah\u2019\u0131 \u00f6\u011frenmeye nas\u0131l ba\u015flad\u0131\u011f\u0131m\u0131 sana biraz anlatmak istedim. Ama sana ihtiyac\u0131m var. Rabbimizi anlama<span class=\"excerpt-hellip\"> [\u2026]<\/span><\/p>\n","protected":false},"featured_media":0,"template":"","meta":{"_monsterinsights_skip_tracking":false,"_monsterinsights_sitenote_active":false,"_monsterinsights_sitenote_note":"","_monsterinsights_sitenote_category":0},"product_brand":[],"product_cat":[12274,18802],"product_tag":[],"class_list":{"0":"post-731834","1":"product","2":"type-product","3":"status-publish","5":"product_cat-cocuk-ve-genclik-kitaplari","6":"product_cat-din-egitimi","7":"pa_cilt-ciltsiz","8":"pa_tur-kitap","9":"pa_yayinevi-cinaralti-yayinlari","10":"pa_yazar-hazal-guzel","12":"first","13":"instock","14":"sale","15":"shipping-taxable","16":"purchasable","17":"product-type-simple"},"_links":{"self":[{"href":"https:\/\/roveyayinevi.com.tr\/index.php\/wp-json\/wp\/v2\/product\/731834","targetHints":{"allow":["GET"]}}],"collection":[{"href":"https:\/\/roveyayinevi.com.tr\/index.php\/wp-json\/wp\/v2\/product"}],"about":[{"href":"https:\/\/roveyayinevi.com.tr\/index.php\/wp-json\/wp\/v2\/types\/product"}],"wp:attachment":[{"href":"https:\/\/roveyayinevi.com.tr\/index.php\/wp-json\/wp\/v2\/media?parent=731834"}],"wp:term":[{"taxonomy":"product_brand","embeddable":true,"href":"https:\/\/roveyayinevi.com.tr\/index.php\/wp-json\/wp\/v2\/product_brand?post=731834"},{"taxonomy":"product_cat","embeddable":true,"href":"https:\/\/roveyayinevi.com.tr\/index.php\/wp-json\/wp\/v2\/product_cat?post=731834"},{"taxonomy":"product_tag","embeddable":true,"href":"https:\/\/roveyayinevi.com.tr\/index.php\/wp-json\/wp\/v2\/product_tag?post=731834"}],"curies":[{"name":"wp","href":"https:\/\/api.w.org\/{rel}","templated":true}]}}