{"id":731827,"date":"2025-08-27T21:39:02","date_gmt":"2025-08-27T18:39:02","guid":{"rendered":"https:\/\/roveyayinevi.com.tr\/index.php\/urun\/kizil-elma-suuru\/"},"modified":"2026-04-16T02:39:48","modified_gmt":"2026-04-15T23:39:48","slug":"kizil-elma-suuru","status":"publish","type":"product","link":"https:\/\/roveyayinevi.com.tr\/index.php\/urun\/kizil-elma-suuru\/","title":{"rendered":"K\u0131z\u0131l Elma \u015euuru"},"content":{"rendered":"<p>Bug\u00fcn, iki bin y\u0131ll\u0131k bir hedefle; Siyonizm\u2019in 1948 y\u0131l\u0131nda Ortado\u011fu\u2019nun ortas\u0131nda gayrime\u015fru y\u00f6ntemlerle do\u011furdu\u011fu \u0130srail Devleti ve k\u00fcresel yap\u0131lanmalar\u0131n\u0131n, \u201cTek D\u00fcnya Krall\u0131\u011f\u0131\u201d \u00fctopyas\u0131n\u0131 ger\u00e7ekle\u015ftirmek istemesinin \u015feytani h\u0131rs ve icraatlar\u0131yla m\u00fccadele ediyoruz! Haliyle, bug\u00fcn d\u00fcnyan\u0131n onlara g\u00f6re \u201ck\u00fcresel ihtilal\u201d bize g\u00f6re \u201cilahi d\u00fczene d\u00f6n\u00fc\u015f\u00fcm\u201d y\u0131llar\u0131n\u0131n arifesine geldi\u011fi \u015fu g\u00fcnlerde; bizi yeniden bir araya toplayacak \u00fclk\u00fc birli\u011fi; \u201c\u0130lay-\u0131 Kelimetullah\u201d terbiye ve g\u00f6rg\u00fcs\u00fcyle \u201cK\u0131z\u0131l Elma \u015euuru\u201ddur. Y\u0131lmaz \u00c7ebi\u2019nin ara\u015ft\u0131rmac\u0131 ki\u015fili\u011fi ve g\u00fc\u00e7l\u00fc kaleminin bir eseri olan \u201cK\u0131z\u0131l Elma \u015euuru\u201d; ya\u015fanan m\u00fccadeleler, yap\u0131lan ara\u015ft\u0131rmalar ve \u00f6ng\u00f6r\u00fclerden olu\u015fmaktad\u0131r<\/p>\n","protected":false},"excerpt":{"rendered":"<p>Bug\u00fcn, iki bin y\u0131ll\u0131k bir hedefle; Siyonizm\u2019in 1948 y\u0131l\u0131nda Ortado\u011fu\u2019nun ortas\u0131nda gayrime\u015fru y\u00f6ntemlerle do\u011furdu\u011fu \u0130srail Devleti ve k\u00fcresel yap\u0131lanmalar\u0131n\u0131n, \u201cTek D\u00fcnya Krall\u0131\u011f\u0131\u201d \u00fctopyas\u0131n\u0131 ger\u00e7ekle\u015ftirmek istemesinin \u015feytani<span class=\"excerpt-hellip\"> [\u2026]<\/span><\/p>\n","protected":false},"featured_media":0,"template":"","meta":{"_monsterinsights_skip_tracking":false,"_monsterinsights_sitenote_active":false,"_monsterinsights_sitenote_note":"","_monsterinsights_sitenote_category":0},"product_brand":[],"product_cat":[12370,12304],"product_tag":[],"class_list":{"0":"post-731827","1":"product","2":"type-product","3":"status-publish","5":"product_cat-arastirma-inceleme","6":"product_cat-tarih","7":"pa_cilt-ciltsiz","8":"pa_tur-kitap","9":"pa_yayinevi-cinaralti-yayinlari","10":"pa_yazar-hakan-yilmaz-cebi","12":"first","13":"instock","14":"sale","15":"shipping-taxable","16":"purchasable","17":"product-type-simple"},"_links":{"self":[{"href":"https:\/\/roveyayinevi.com.tr\/index.php\/wp-json\/wp\/v2\/product\/731827","targetHints":{"allow":["GET"]}}],"collection":[{"href":"https:\/\/roveyayinevi.com.tr\/index.php\/wp-json\/wp\/v2\/product"}],"about":[{"href":"https:\/\/roveyayinevi.com.tr\/index.php\/wp-json\/wp\/v2\/types\/product"}],"wp:attachment":[{"href":"https:\/\/roveyayinevi.com.tr\/index.php\/wp-json\/wp\/v2\/media?parent=731827"}],"wp:term":[{"taxonomy":"product_brand","embeddable":true,"href":"https:\/\/roveyayinevi.com.tr\/index.php\/wp-json\/wp\/v2\/product_brand?post=731827"},{"taxonomy":"product_cat","embeddable":true,"href":"https:\/\/roveyayinevi.com.tr\/index.php\/wp-json\/wp\/v2\/product_cat?post=731827"},{"taxonomy":"product_tag","embeddable":true,"href":"https:\/\/roveyayinevi.com.tr\/index.php\/wp-json\/wp\/v2\/product_tag?post=731827"}],"curies":[{"name":"wp","href":"https:\/\/api.w.org\/{rel}","templated":true}]}}