{"id":731825,"date":"2025-08-27T21:39:01","date_gmt":"2025-08-27T18:39:01","guid":{"rendered":"https:\/\/roveyayinevi.com.tr\/index.php\/urun\/konsey\/"},"modified":"2026-04-16T02:39:48","modified_gmt":"2026-04-15T23:39:48","slug":"konsey","status":"publish","type":"product","link":"https:\/\/roveyayinevi.com.tr\/index.php\/urun\/konsey\/","title":{"rendered":"Konsey"},"content":{"rendered":"<p>Konsey nedir? D\u00fcnya siyasi, ekonomik, k\u00fclt\u00fcrel ve co\u011frafi tarihindeki rol\u00fc nedir? Armagedon\u2019a inanan Joe Biden\u2019\u0131n inanc\u0131 ve k\u00f6keni neler? Yeni D\u00fcnya D\u00fczeni\u2019nin \u015feytanlar\u0131 kim? Rahip okulu \u00f6\u011frencisi gen\u00e7 Yosif Cu\u011fa\u015fvili nas\u0131l Josef Stalin oldu? Tro\u00e7ki neden s\u00fcrg\u00fcn edildi ve bir suikast sonucu \u00f6ld\u00fcr\u00fcld\u00fc? Naz\u0131m Hikmet Stalin\u2019e hangi \u015fiiri yazd\u0131? SSCB, \u00c7ekoslovakya&#8217;y\u0131 neden i\u015fgal etti? Kore Sava\u015f\u0131\u2019nda 38. paralel neden a\u015f\u0131lamad\u0131? Almanya neden Do\u011fu ve Bat\u0131 olarak ayr\u0131l\u0131p So\u011fuk Sava\u015f d\u00f6neminin sembol\u00fc oldu? Filistin meselesi ve Holokost\u2019un arkas\u0131nda yatan ger\u00e7ekler neler? K\u0131yamet Sava\u015f\u0131\u2019nda insanlar yok olduktan sonra yery\u00fcz\u00fcne \u00e7\u0131kacak olan bu \u2018Efendiler\u2019 i\u00e7in tohumlar hangi s\u0131\u011f\u0131nakta saklan\u0131yor? Bu s\u0131\u011f\u0131na\u011fa Nuh\u2019un Gemisi demelerinin nedeni nedir? Bill Gates ve Elon Musk\u2019\u0131n anla\u015famad\u0131\u011f\u0131 nokta hangisidir? Sizleri hayrete, hatta deh\u015fete d\u00fc\u015f\u00fcrecek bir\u00e7ok sorunun cevab\u0131 bu kitapta\u2026<\/p>\n","protected":false},"excerpt":{"rendered":"<p>Konsey nedir? D\u00fcnya siyasi, ekonomik, k\u00fclt\u00fcrel ve co\u011frafi tarihindeki rol\u00fc nedir? Armagedon\u2019a inanan Joe Biden\u2019\u0131n inanc\u0131 ve k\u00f6keni neler? Yeni D\u00fcnya D\u00fczeni\u2019nin \u015feytanlar\u0131 kim? Rahip okulu<span class=\"excerpt-hellip\"> [\u2026]<\/span><\/p>\n","protected":false},"featured_media":0,"template":"","meta":{"_monsterinsights_skip_tracking":false,"_monsterinsights_sitenote_active":false,"_monsterinsights_sitenote_note":"","_monsterinsights_sitenote_category":0},"product_brand":[],"product_cat":[12965,12337],"product_tag":[],"class_list":{"0":"post-731825","1":"product","2":"type-product","3":"status-publish","5":"product_cat-genel-politika","6":"product_cat-politika-siyaset","7":"pa_cilt-ciltsiz","8":"pa_tur-kitap","9":"pa_yayinevi-cinaralti-yayinlari","10":"pa_yazar-muslum-ince","12":"first","13":"instock","14":"sale","15":"shipping-taxable","16":"purchasable","17":"product-type-simple"},"_links":{"self":[{"href":"https:\/\/roveyayinevi.com.tr\/index.php\/wp-json\/wp\/v2\/product\/731825","targetHints":{"allow":["GET"]}}],"collection":[{"href":"https:\/\/roveyayinevi.com.tr\/index.php\/wp-json\/wp\/v2\/product"}],"about":[{"href":"https:\/\/roveyayinevi.com.tr\/index.php\/wp-json\/wp\/v2\/types\/product"}],"wp:attachment":[{"href":"https:\/\/roveyayinevi.com.tr\/index.php\/wp-json\/wp\/v2\/media?parent=731825"}],"wp:term":[{"taxonomy":"product_brand","embeddable":true,"href":"https:\/\/roveyayinevi.com.tr\/index.php\/wp-json\/wp\/v2\/product_brand?post=731825"},{"taxonomy":"product_cat","embeddable":true,"href":"https:\/\/roveyayinevi.com.tr\/index.php\/wp-json\/wp\/v2\/product_cat?post=731825"},{"taxonomy":"product_tag","embeddable":true,"href":"https:\/\/roveyayinevi.com.tr\/index.php\/wp-json\/wp\/v2\/product_tag?post=731825"}],"curies":[{"name":"wp","href":"https:\/\/api.w.org\/{rel}","templated":true}]}}