{"id":731802,"date":"2025-08-27T21:38:39","date_gmt":"2025-08-27T18:38:39","guid":{"rendered":"https:\/\/roveyayinevi.com.tr\/index.php\/urun\/kilo\/"},"modified":"2026-04-16T02:39:47","modified_gmt":"2026-04-15T23:39:47","slug":"kilo","status":"publish","type":"product","link":"https:\/\/roveyayinevi.com.tr\/index.php\/urun\/kilo\/","title":{"rendered":"Kilo"},"content":{"rendered":"<p>Kilo, ger\u00e7ek su\u00e7 merakl\u0131lar\u0131n\u0131n ilgisini \u00e7ekecek bir hik\u00e2yeyi anlat\u0131yor.Kolombiya ormanlar\u0131ndan b\u00fct\u00fcn d\u00fcnyaya yay\u0131lan yozla\u015ft\u0131r\u0131c\u0131, ba\u015ftan \u00e7\u0131kar\u0131c\u0131 ve yok edici kokainin k\u0131rsalda ba\u015flayan ve \u015fehirlere ula\u015fan ser\u00fcveni okura aktar\u0131l\u0131yor.Toby Muse bu karanl\u0131k yolculuk boyunca ba\u011flant\u0131lar\u0131n\u0131 kullanarak hik\u00e2yenin oyuncular\u0131yla konu\u015fuyor: \u0130\u015f\u00e7iler, \u00e7ift\u00e7iler, k\u00fc\u00e7\u00fck \u00e7ete liderleri, ka\u00e7ak\u00e7\u0131lar, suikast\u00e7\u0131lar, sevkiyat\u00e7\u0131lar ve tabii ki multimilyarl\u0131k \u00f6rg\u00fctleri kontrol eden patronlar ve onlar\u0131n sevgilileri&#8230;Kilo, kokainin cazibesinde ve delili\u011finde kendini kaybetmi\u015f bir \u00fclkenin ve hen\u00fcz ba\u015f edilememi\u015f bir sava\u015f\u0131n portresi.\u201cNe yap\u0131yorsan ara ver ve derin bir nefes al. \u015eu an g\u00f6zlerinin \u00f6n\u00fcnde bir tarih yaz\u0131l\u0131yor\u201d<\/p>\n","protected":false},"excerpt":{"rendered":"<p>Kilo, ger\u00e7ek su\u00e7 merakl\u0131lar\u0131n\u0131n ilgisini \u00e7ekecek bir hik\u00e2yeyi anlat\u0131yor.Kolombiya ormanlar\u0131ndan b\u00fct\u00fcn d\u00fcnyaya yay\u0131lan yozla\u015ft\u0131r\u0131c\u0131, ba\u015ftan \u00e7\u0131kar\u0131c\u0131 ve yok edici kokainin k\u0131rsalda ba\u015flayan ve \u015fehirlere ula\u015fan ser\u00fcveni<span class=\"excerpt-hellip\"> [\u2026]<\/span><\/p>\n","protected":false},"featured_media":0,"template":"","meta":{"_monsterinsights_skip_tracking":false,"_monsterinsights_sitenote_active":false,"_monsterinsights_sitenote_note":"","_monsterinsights_sitenote_category":0},"product_brand":[],"product_cat":[14009,12291],"product_tag":[],"class_list":{"0":"post-731802","1":"product","2":"type-product","3":"status-publish","5":"product_cat-biyografi-otobiyografi-edebiyat","6":"product_cat-edebiyat","7":"pa_cilt-ciltsiz","8":"pa_tur-kitap","9":"pa_yayinevi-nemesis-kitap","10":"pa_yazar-toby-muse","12":"first","13":"instock","14":"sale","15":"shipping-taxable","16":"purchasable","17":"product-type-simple"},"_links":{"self":[{"href":"https:\/\/roveyayinevi.com.tr\/index.php\/wp-json\/wp\/v2\/product\/731802","targetHints":{"allow":["GET"]}}],"collection":[{"href":"https:\/\/roveyayinevi.com.tr\/index.php\/wp-json\/wp\/v2\/product"}],"about":[{"href":"https:\/\/roveyayinevi.com.tr\/index.php\/wp-json\/wp\/v2\/types\/product"}],"wp:attachment":[{"href":"https:\/\/roveyayinevi.com.tr\/index.php\/wp-json\/wp\/v2\/media?parent=731802"}],"wp:term":[{"taxonomy":"product_brand","embeddable":true,"href":"https:\/\/roveyayinevi.com.tr\/index.php\/wp-json\/wp\/v2\/product_brand?post=731802"},{"taxonomy":"product_cat","embeddable":true,"href":"https:\/\/roveyayinevi.com.tr\/index.php\/wp-json\/wp\/v2\/product_cat?post=731802"},{"taxonomy":"product_tag","embeddable":true,"href":"https:\/\/roveyayinevi.com.tr\/index.php\/wp-json\/wp\/v2\/product_tag?post=731802"}],"curies":[{"name":"wp","href":"https:\/\/api.w.org\/{rel}","templated":true}]}}