{"id":731798,"date":"2025-08-27T21:38:36","date_gmt":"2025-08-27T18:38:36","guid":{"rendered":"https:\/\/roveyayinevi.com.tr\/index.php\/urun\/calismamak-daha-ciddi-bir-mesai\/"},"modified":"2026-04-16T02:39:47","modified_gmt":"2026-04-15T23:39:47","slug":"calismamak-daha-ciddi-bir-mesai","status":"publish","type":"product","link":"https:\/\/roveyayinevi.com.tr\/index.php\/urun\/calismamak-daha-ciddi-bir-mesai\/","title":{"rendered":"\u00c7al\u0131\u015f(ma)mak: Daha Ciddi Bir Mesai"},"content":{"rendered":"<p>Durmaya tahamm\u00fcl\u00fc olmayan, \u00e7al\u0131\u015fmay\u0131 ya\u015fam\u0131n birincil anlam ve amac\u0131 olarak kutsayan ve her t\u00fcrden me\u015fguliyeti k\u00f6r\u00fckleyen bir k\u00fclt\u00fcre tabiyiz bug\u00fcn; her \u00e2n\u0131, \u00fcretmek ya da t\u00fcketmek i\u00e7in bir f\u0131rsat olarak g\u00f6rmemiz gerekiyor. Ge\u00e7im kayg\u0131s\u0131n\u0131n s\u0131n\u0131rlar\u0131n\u0131 \u00e7oktan a\u015fan ve rekabetten beslenen i\u015fkolik bilin\u00e7, milyonlarca insan\u0131n ya\u015fam\u0131n\u0131 i\u015fte ge\u00e7irmesini garantiliyor. Durmaya, doldurulmam\u0131\u015f ve bir \u015fey i\u00e7in ayr\u0131lmam\u0131\u015f zamana ili\u015fkin kayg\u0131lar\u0131m\u0131z, bizi s\u00fcre\u011fen bir dikkat da\u011f\u0131n\u0131kl\u0131\u011f\u0131na itiyor.Psikanalist ve edebiyat kuramc\u0131s\u0131 Josh Cohen&#8217;e g\u00f6re, kendimizi daima \u00e7ok fazla \u015fey yapma d\u00fcrt\u00fcs\u00fc ve hi\u00e7bir \u015fey yapmama arzusu aras\u0131nda s\u0131k\u0131\u015fm\u0131\u015f buluruz. Su\u00e7luluk duyar\u0131z; arzular\u0131m\u0131z\u0131 b\u00fcnyemizin utan\u00e7 verici ya da fuzuli bir ar\u0131zas\u0131 olarak g\u00f6rmeye meylederiz.\u00c7al\u0131\u015f(ma)mak: Daha Bir Ciddi Bir Mesai, Orson Welles, Emily Dickinson, David Foster Wallace, Andy Warhol&#8217;dan yola \u00e7\u0131karak ve edebiyat, k\u00fclt\u00fcrel \u00e7al\u0131\u015fmalar ile psikanaliz \u0131\u015f\u0131\u011f\u0131nda hi\u00e7bir \u015fey yapmama sanat\u0131n\u0131n inceliklerine \u0131\u015f\u0131k tutarak; alternatif bir bak\u0131\u015f a\u00e7\u0131s\u0131n\u0131n yarat\u0131c\u0131 olanaklar\u0131na dair k\u0131\u015fk\u0131rt\u0131c\u0131 fikirler sunuyor.<\/p>\n","protected":false},"excerpt":{"rendered":"<p>Durmaya tahamm\u00fcl\u00fc olmayan, \u00e7al\u0131\u015fmay\u0131 ya\u015fam\u0131n birincil anlam ve amac\u0131 olarak kutsayan ve her t\u00fcrden me\u015fguliyeti k\u00f6r\u00fckleyen bir k\u00fclt\u00fcre tabiyiz bug\u00fcn; her \u00e2n\u0131, \u00fcretmek ya da t\u00fcketmek<span class=\"excerpt-hellip\"> [\u2026]<\/span><\/p>\n","protected":false},"featured_media":0,"template":"","meta":{"_monsterinsights_skip_tracking":false,"_monsterinsights_sitenote_active":false,"_monsterinsights_sitenote_note":"","_monsterinsights_sitenote_category":0},"product_brand":[],"product_cat":[12358,12357],"product_tag":[],"class_list":{"0":"post-731798","1":"product","2":"type-product","3":"status-publish","5":"product_cat-genel-psikoloji","6":"product_cat-psikoloji","7":"pa_cilt-ciltsiz","8":"pa_tur-kitap","9":"pa_yayinevi-sel-yayincilik","10":"pa_yazar-josh-cohen","12":"first","13":"instock","14":"sale","15":"shipping-taxable","16":"purchasable","17":"product-type-simple"},"_links":{"self":[{"href":"https:\/\/roveyayinevi.com.tr\/index.php\/wp-json\/wp\/v2\/product\/731798","targetHints":{"allow":["GET"]}}],"collection":[{"href":"https:\/\/roveyayinevi.com.tr\/index.php\/wp-json\/wp\/v2\/product"}],"about":[{"href":"https:\/\/roveyayinevi.com.tr\/index.php\/wp-json\/wp\/v2\/types\/product"}],"wp:attachment":[{"href":"https:\/\/roveyayinevi.com.tr\/index.php\/wp-json\/wp\/v2\/media?parent=731798"}],"wp:term":[{"taxonomy":"product_brand","embeddable":true,"href":"https:\/\/roveyayinevi.com.tr\/index.php\/wp-json\/wp\/v2\/product_brand?post=731798"},{"taxonomy":"product_cat","embeddable":true,"href":"https:\/\/roveyayinevi.com.tr\/index.php\/wp-json\/wp\/v2\/product_cat?post=731798"},{"taxonomy":"product_tag","embeddable":true,"href":"https:\/\/roveyayinevi.com.tr\/index.php\/wp-json\/wp\/v2\/product_tag?post=731798"}],"curies":[{"name":"wp","href":"https:\/\/api.w.org\/{rel}","templated":true}]}}