{"id":731788,"date":"2025-08-27T21:38:26","date_gmt":"2025-08-27T18:38:26","guid":{"rendered":"https:\/\/roveyayinevi.com.tr\/index.php\/urun\/insanin-anlam-arayisi-ciltli\/"},"modified":"2026-04-16T02:39:47","modified_gmt":"2026-04-15T23:39:47","slug":"insanin-anlam-arayisi-ciltli","status":"publish","type":"product","link":"https:\/\/roveyayinevi.com.tr\/index.php\/urun\/insanin-anlam-arayisi-ciltli\/","title":{"rendered":"\u0130nsan\u0131n Anlam Aray\u0131\u015f\u0131  (Ciltli)"},"content":{"rendered":"<p>30\u2019un \u00fczerinde dile \u00e7evrilen ve d\u00fcnya genelinde 12 milyondan fazla satan \u0130nsan\u0131n Anlam Aray\u0131\u015f\u0131 ciltli \u00f6zel bask\u0131s\u0131yla okurlarla bulu\u015fuyor!   \u0130nsan\u0131n en derin arzusu nedir? Ac\u0131y\u0131 a\u015fmak ve varolu\u015fun \u00e7etin ko\u015fullar\u0131nda anlam aramak m\u00fcmk\u00fcn m\u00fcd\u00fcr? Ya\u015fam\u0131n bizden ne bekledi\u011fini ke\u015ffettikten sonra bunu umutsuz insanlarla payla\u015fmak m\u00fccadeleyi g\u00fc\u00e7lendirir mi? Peki insan\u0131 insan yapan nedir?   Yirminci y\u00fczy\u0131l\u0131n \u00f6nde gelen psikiyatrlar\u0131ndan Viktor E. Frankl, 30\u2019un \u00fczerinde yabanc\u0131 dile \u00e7evrilen ve b\u00fct\u00fcn d\u00fcnyada 12 milyondan fazla satan \u0130nsan\u0131n Anlam Aray\u0131\u015f\u0131\u2019nda, kurucusu oldu\u011fu logoterapinin ilkelerini, \u0130kinci D\u00fcnya Sava\u015f\u0131 s\u0131ras\u0131nda bir toplama kamp\u0131ndaki deneyimleri e\u015fli\u011finde anlat\u0131yor. A\u00e7l\u0131\u011f\u0131n yan\u0131 s\u0131ra hastal\u0131k ve gardiyanlar\u0131n \u00e7e\u015fitli eziyetleriyle adeta \u00f6l\u00fcme hapsedilen toplama kamp\u0131 sakinlerinin t\u00fcm bu zorluklar\u0131n \u00fcstesinden gelebilmek i\u00e7in yapmalar\u0131 gerekenleri kendi tecr\u00fcbeleriyle aktaran Frankl, hayattan ne bekledi\u011fimizden ziyade hayat\u0131n bizden ne bekledi\u011fini ke\u015ffetmenin \u00f6nemini hat\u0131rlat\u0131yor.   \u0130nsan\u0131n Anlam Aray\u0131\u015f\u0131 ile insanl\u0131k tarihinin g\u00f6rd\u00fc\u011f\u00fc en b\u00fcy\u00fck ac\u0131lara tan\u0131k olacak, merhametsizli\u011fin boyutlar\u0131n\u0131 kavrayacak ve zulm\u00fcn h\u00fck\u00fcm s\u00fcrd\u00fc\u011f\u00fc zamanlarda umudun pe\u015finden s\u00fcr\u00fcklenmenin ne anlama geldi\u011fini toplama kamplar\u0131n\u0131n buz gibi ger\u00e7ekli\u011fiyle g\u00f6receksiniz.   \u201cBa\u015far\u0131 ve mutluluk bir yan \u00fcr\u00fcnd\u00fcr, as\u0131l olan yolculuktur.&#8221; <\/p>\n","protected":false},"excerpt":{"rendered":"<p>30\u2019un \u00fczerinde dile \u00e7evrilen ve d\u00fcnya genelinde 12 milyondan fazla satan \u0130nsan\u0131n Anlam Aray\u0131\u015f\u0131 ciltli \u00f6zel bask\u0131s\u0131yla okurlarla bulu\u015fuyor! \u0130nsan\u0131n en derin arzusu nedir? Ac\u0131y\u0131 a\u015fmak<span class=\"excerpt-hellip\"> [\u2026]<\/span><\/p>\n","protected":false},"featured_media":0,"template":"","meta":{"_monsterinsights_skip_tracking":false,"_monsterinsights_sitenote_active":false,"_monsterinsights_sitenote_note":"","_monsterinsights_sitenote_category":0},"product_brand":[],"product_cat":[12755,12357],"product_tag":[],"class_list":{"0":"post-731788","1":"product","2":"type-product","3":"status-publish","5":"product_cat-gelisim-psikolojisi","6":"product_cat-psikoloji","7":"pa_cilt-ciltli","8":"pa_tur-kitap","9":"pa_yayinevi-okuyan-us-yayin","10":"pa_yazar-viktor-e-frankl","12":"first","13":"instock","14":"sale","15":"shipping-taxable","16":"purchasable","17":"product-type-simple"},"_links":{"self":[{"href":"https:\/\/roveyayinevi.com.tr\/index.php\/wp-json\/wp\/v2\/product\/731788","targetHints":{"allow":["GET"]}}],"collection":[{"href":"https:\/\/roveyayinevi.com.tr\/index.php\/wp-json\/wp\/v2\/product"}],"about":[{"href":"https:\/\/roveyayinevi.com.tr\/index.php\/wp-json\/wp\/v2\/types\/product"}],"wp:attachment":[{"href":"https:\/\/roveyayinevi.com.tr\/index.php\/wp-json\/wp\/v2\/media?parent=731788"}],"wp:term":[{"taxonomy":"product_brand","embeddable":true,"href":"https:\/\/roveyayinevi.com.tr\/index.php\/wp-json\/wp\/v2\/product_brand?post=731788"},{"taxonomy":"product_cat","embeddable":true,"href":"https:\/\/roveyayinevi.com.tr\/index.php\/wp-json\/wp\/v2\/product_cat?post=731788"},{"taxonomy":"product_tag","embeddable":true,"href":"https:\/\/roveyayinevi.com.tr\/index.php\/wp-json\/wp\/v2\/product_tag?post=731788"}],"curies":[{"name":"wp","href":"https:\/\/api.w.org\/{rel}","templated":true}]}}