{"id":731784,"date":"2025-08-27T21:38:23","date_gmt":"2025-08-27T18:38:23","guid":{"rendered":"https:\/\/roveyayinevi.com.tr\/index.php\/urun\/efil-ekonomi-arastirmalari-dergisi-cilt-4-sayi-13\/"},"modified":"2026-04-16T02:39:46","modified_gmt":"2026-04-15T23:39:46","slug":"efil-ekonomi-arastirmalari-dergisi-cilt-4-sayi-13","status":"publish","type":"product","link":"https:\/\/roveyayinevi.com.tr\/index.php\/urun\/efil-ekonomi-arastirmalari-dergisi-cilt-4-sayi-13\/","title":{"rendered":"Efil Ekonomi Ara\u015ft\u0131rmalar\u0131 Dergisi; Cilt: 4 Say\u0131: 13"},"content":{"rendered":"<p>Bu say\u0131m\u0131zda:   Professional and General Education in Turkish Higher Education O\u011fuz Esen Yeni Anla\u015fmalar: Ye\u015fil D\u00f6n\u00fc\u015f\u00fcm\u00fc Ger\u00e7ekle\u015ftirebilir mi? R. Funda Barbaros T\u00fcrkiye\u2019de Vergi ve B\u00fcy\u00fcme Etkile\u015fiminde Dolayl\u0131-Dolays\u0131z Vergi Ayr\u0131m\u0131 Mehmet Mert T\u00fcrk, Salih Bar\u0131\u015f\u0131k \u0130\u015f Birli\u011finin Ahlaka Evrilmesi: \u0130ktisat ve Ahlak \u0130li\u015fkisi Ezgi Aydo\u011fan, Ercan Eren Artan Ekonomik Belirsizlik Ortam\u0131nda, Keynesyen Likidite Tuza\u011f\u0131\u2019nda \u0130htiyati Programlar\u0131n De\u011ferlendirilmesi \u00d6m\u00fcr Salt\u0131k, S\u00fcleyman De\u011firmen<\/p>\n","protected":false},"excerpt":{"rendered":"<p>Bu say\u0131m\u0131zda: Professional and General Education in Turkish Higher Education O\u011fuz Esen Yeni Anla\u015fmalar: Ye\u015fil D\u00f6n\u00fc\u015f\u00fcm\u00fc Ger\u00e7ekle\u015ftirebilir mi? R. Funda Barbaros T\u00fcrkiye\u2019de Vergi ve B\u00fcy\u00fcme Etkile\u015fiminde<span class=\"excerpt-hellip\"> [\u2026]<\/span><\/p>\n","protected":false},"featured_media":0,"template":"","meta":{"_monsterinsights_skip_tracking":false,"_monsterinsights_sitenote_active":false,"_monsterinsights_sitenote_note":"","_monsterinsights_sitenote_category":0},"product_brand":[],"product_cat":[13527],"product_tag":[],"class_list":{"0":"post-731784","1":"product","2":"type-product","3":"status-publish","5":"product_cat-sureli-yayinlar","6":"pa_cilt-ciltsiz","7":"pa_tur-dergi","8":"pa_yayinevi-efil-yayinevi-dergi","9":"pa_yazar-efil-yayinevi-kolektif","11":"first","12":"instock","13":"sale","14":"shipping-taxable","15":"purchasable","16":"product-type-simple"},"_links":{"self":[{"href":"https:\/\/roveyayinevi.com.tr\/index.php\/wp-json\/wp\/v2\/product\/731784","targetHints":{"allow":["GET"]}}],"collection":[{"href":"https:\/\/roveyayinevi.com.tr\/index.php\/wp-json\/wp\/v2\/product"}],"about":[{"href":"https:\/\/roveyayinevi.com.tr\/index.php\/wp-json\/wp\/v2\/types\/product"}],"wp:attachment":[{"href":"https:\/\/roveyayinevi.com.tr\/index.php\/wp-json\/wp\/v2\/media?parent=731784"}],"wp:term":[{"taxonomy":"product_brand","embeddable":true,"href":"https:\/\/roveyayinevi.com.tr\/index.php\/wp-json\/wp\/v2\/product_brand?post=731784"},{"taxonomy":"product_cat","embeddable":true,"href":"https:\/\/roveyayinevi.com.tr\/index.php\/wp-json\/wp\/v2\/product_cat?post=731784"},{"taxonomy":"product_tag","embeddable":true,"href":"https:\/\/roveyayinevi.com.tr\/index.php\/wp-json\/wp\/v2\/product_tag?post=731784"}],"curies":[{"name":"wp","href":"https:\/\/api.w.org\/{rel}","templated":true}]}}

Efil Ekonomi Araştırmaları Dergisi; Cilt: 4 Sayı: 13

<p>Bu sayımızda:   Professional and General Education in Turkish Higher Education Oğuz Esen Yeni Anlaşmalar: Yeşil Dönüşümü Gerçekleştirebilir mi? R. Funda Barbaros Türkiye’de Vergi ve Büyüme Etkileşiminde Dolaylı-Dolaysız Vergi Ayrımı Mehmet Mert Türk, Salih Barışık İş Birliğinin Ahlaka Evrilmesi: İktisat ve Ahlak İlişkisi Ezgi Aydoğan, Ercan Eren Artan Ekonomik Belirsizlik Ortamında, Keynesyen Likidite Tuzağı’nda İhtiyati Programların Değerlendirilmesi Ömür Saltık, Süleyman Değirmen</p>

<p>Bu sayımızda: Professional and General Education in Turkish Higher Education Oğuz Esen Yeni Anlaşmalar: Yeşil Dönüşümü Gerçekleştirebilir mi? R. Funda Barbaros Türkiye’de Vergi ve Büyüme Etkileşiminde<span class="excerpt-hellip"> […]</span></p>
