{"id":731780,"date":"2025-08-27T21:38:18","date_gmt":"2025-08-27T18:38:18","guid":{"rendered":"https:\/\/roveyayinevi.com.tr\/index.php\/urun\/perilerin-dili\/"},"modified":"2026-04-16T02:39:46","modified_gmt":"2026-04-15T23:39:46","slug":"perilerin-dili","status":"publish","type":"product","link":"https:\/\/roveyayinevi.com.tr\/index.php\/urun\/perilerin-dili\/","title":{"rendered":"Perilerin Dili"},"content":{"rendered":"<p>Edebiyatla m\u00fczi\u011fin, kalemle han\u00e7erenin ve kelimelerle notalar\u0131n mezcedildi\u011fi bu kitab\u0131 kalbindeki o b\u00fcy\u00fck g\u00fcr\u00fclt\u00fcy\u00fc susturabilenlere adam\u0131\u015ft\u0131m, ithaf\u0131m\u0131n muhataplar\u0131 de\u011fi\u015fmedi. Ama k\u00e2inat\u0131n as\u0131l m\u00fczi\u011fi bizden uzakla\u015f\u0131yor galiba. \u0130\u00e7imizdeki \u015fark\u0131n\u0131n sesi azald\u0131. Yine de m\u00fczik; inatla, inan\u00e7la, umutla yoluna devam ediyor. Nas\u0131l diyelim o halde; Perilerin Dili bu umudu k\u00f6p\u00fcrten sessiz bir \u0131rmak olsun! \u015eark\u0131 bitse de m\u00fczik devam edecektir&#8230;<\/p>\n","protected":false},"excerpt":{"rendered":"<p>Edebiyatla m\u00fczi\u011fin, kalemle han\u00e7erenin ve kelimelerle notalar\u0131n mezcedildi\u011fi bu kitab\u0131 kalbindeki o b\u00fcy\u00fck g\u00fcr\u00fclt\u00fcy\u00fc susturabilenlere adam\u0131\u015ft\u0131m, ithaf\u0131m\u0131n muhataplar\u0131 de\u011fi\u015fmedi. Ama k\u00e2inat\u0131n as\u0131l m\u00fczi\u011fi bizden uzakla\u015f\u0131yor galiba.<span class=\"excerpt-hellip\"> [\u2026]<\/span><\/p>\n","protected":false},"featured_media":0,"template":"","meta":{"_monsterinsights_skip_tracking":false,"_monsterinsights_sitenote_active":false,"_monsterinsights_sitenote_note":"","_monsterinsights_sitenote_category":0},"product_brand":[],"product_cat":[12777,12291],"product_tag":[],"class_list":{"0":"post-731780","1":"product","2":"type-product","3":"status-publish","5":"product_cat-deneme","6":"product_cat-edebiyat","7":"pa_cilt-ciltsiz","8":"pa_tur-kitap","9":"pa_yayinevi-profil-kitap","10":"pa_yazar-guven-adiguzel","12":"first","13":"instock","14":"sale","15":"shipping-taxable","16":"purchasable","17":"product-type-simple"},"_links":{"self":[{"href":"https:\/\/roveyayinevi.com.tr\/index.php\/wp-json\/wp\/v2\/product\/731780","targetHints":{"allow":["GET"]}}],"collection":[{"href":"https:\/\/roveyayinevi.com.tr\/index.php\/wp-json\/wp\/v2\/product"}],"about":[{"href":"https:\/\/roveyayinevi.com.tr\/index.php\/wp-json\/wp\/v2\/types\/product"}],"wp:attachment":[{"href":"https:\/\/roveyayinevi.com.tr\/index.php\/wp-json\/wp\/v2\/media?parent=731780"}],"wp:term":[{"taxonomy":"product_brand","embeddable":true,"href":"https:\/\/roveyayinevi.com.tr\/index.php\/wp-json\/wp\/v2\/product_brand?post=731780"},{"taxonomy":"product_cat","embeddable":true,"href":"https:\/\/roveyayinevi.com.tr\/index.php\/wp-json\/wp\/v2\/product_cat?post=731780"},{"taxonomy":"product_tag","embeddable":true,"href":"https:\/\/roveyayinevi.com.tr\/index.php\/wp-json\/wp\/v2\/product_tag?post=731780"}],"curies":[{"name":"wp","href":"https:\/\/api.w.org\/{rel}","templated":true}]}}