{"id":731777,"date":"2025-08-27T21:38:16","date_gmt":"2025-08-27T18:38:16","guid":{"rendered":"https:\/\/roveyayinevi.com.tr\/index.php\/urun\/kurdistan-u-pirsgireka-kurdan-1923-1945\/"},"modified":"2026-04-16T02:39:46","modified_gmt":"2026-04-15T23:39:46","slug":"kurdistan-u-pirsgireka-kurdan-1923-1945","status":"publish","type":"product","link":"https:\/\/roveyayinevi.com.tr\/index.php\/urun\/kurdistan-u-pirsgireka-kurdan-1923-1945\/","title":{"rendered":"Kurdistan u  Pirsgireka Kurdan (1923-1945)"},"content":{"rendered":"<p>Kurdistan \u00fb Pirsgir\u00eaka Kurdan (1923-1945) Prof. M. S. Lazarev, d\u00eerokzaneki R\u00fbs\u00ee bi nav \u00fb deng e, ji 30 sal\u00ee z\u00eadetir, di Akadamiya Sowy\u00eat ya Moskoway\u00ea da, di Enst\u00eet\u00fbya Rohilatzaniy\u00ea da Serokatiya Be\u015fa Kurdzaniy\u00ea kiriye. Pirt\u00fbk ji R\u00fbs\u00ee bi aliy\u00ea niv\u00eeskar\u00ea Kurd T\u00eamur\u00ea Xel\u00eel hatiye wergerandin. K\u00fcrdistan ve K\u00fcrt Sorunu (1923-1945) Prof. M.S. Lazarev tan\u0131nm\u0131\u015f Sovyet bilim insanlar\u0131ndand\u0131r. 30 y\u0131l\u0131 a\u015fk\u0131n s\u00fcre boyunca Sovyetler Birli\u011fi Moskova Do\u011fu Bilimleri Enstit\u00fcs\u00fc K\u00fcrdoloji B\u00f6l\u00fcm\u00fc\u2019n\u00fcn Ba\u015fkanl\u0131\u011f\u0131n\u0131 yapm\u0131\u015ft\u0131r. Eserleri aras\u0131nda 3 ciltlik \u201cK\u00fcrdistan ve K\u00fcrt Sorunu\u201d adl\u0131 tarihi incelemesi de vard\u0131r. K\u00fcrt yazar T\u00eamur\u00ea Xelil taraf\u0131ndan Rus\u00e7adan K\u00fcrt\u00e7eye \u00e7evrilen bu incelemenin ilk iki cildi ge\u00e7ti\u011fimiz y\u0131llarda Stockholm\u2019de Roja N\u00fb Yay\u0131nlar\u0131 aras\u0131nda bas\u0131lm\u0131\u015ft\u0131r. 1923-1945 d\u00f6nemini anlatan 3. Cildi ise \u00d6zg\u00fcrl\u00fck Yolu Vakf\u0131m\u0131z\u0131n Yay\u0131nlar\u0131 aras\u0131nda okura sunulmaktad\u0131r. Kitab\u0131n dili K\u00fcrt\u00e7edir. <\/p>\n","protected":false},"excerpt":{"rendered":"<p>Kurdistan \u00fb Pirsgir\u00eaka Kurdan (1923-1945) Prof. M. S. Lazarev, d\u00eerokzaneki R\u00fbs\u00ee bi nav \u00fb deng e, ji 30 sal\u00ee z\u00eadetir, di Akadamiya Sowy\u00eat ya Moskoway\u00ea da,<span class=\"excerpt-hellip\"> [\u2026]<\/span><\/p>\n","protected":false},"featured_media":0,"template":"","meta":{"_monsterinsights_skip_tracking":false,"_monsterinsights_sitenote_active":false,"_monsterinsights_sitenote_note":"","_monsterinsights_sitenote_category":0},"product_brand":[],"product_cat":[12472],"product_tag":[],"class_list":{"0":"post-731777","1":"product","2":"type-product","3":"status-publish","5":"product_cat-yabanci-dilde-kitaplar","6":"pa_cilt-ciltsiz","7":"pa_tur-kitap","8":"pa_yayinevi-ozgurluk-yolu-vakfi-yayinlari","9":"pa_yazar-m-s-lazarev","11":"first","12":"instock","13":"sale","14":"shipping-taxable","15":"purchasable","16":"product-type-simple"},"_links":{"self":[{"href":"https:\/\/roveyayinevi.com.tr\/index.php\/wp-json\/wp\/v2\/product\/731777","targetHints":{"allow":["GET"]}}],"collection":[{"href":"https:\/\/roveyayinevi.com.tr\/index.php\/wp-json\/wp\/v2\/product"}],"about":[{"href":"https:\/\/roveyayinevi.com.tr\/index.php\/wp-json\/wp\/v2\/types\/product"}],"wp:attachment":[{"href":"https:\/\/roveyayinevi.com.tr\/index.php\/wp-json\/wp\/v2\/media?parent=731777"}],"wp:term":[{"taxonomy":"product_brand","embeddable":true,"href":"https:\/\/roveyayinevi.com.tr\/index.php\/wp-json\/wp\/v2\/product_brand?post=731777"},{"taxonomy":"product_cat","embeddable":true,"href":"https:\/\/roveyayinevi.com.tr\/index.php\/wp-json\/wp\/v2\/product_cat?post=731777"},{"taxonomy":"product_tag","embeddable":true,"href":"https:\/\/roveyayinevi.com.tr\/index.php\/wp-json\/wp\/v2\/product_tag?post=731777"}],"curies":[{"name":"wp","href":"https:\/\/api.w.org\/{rel}","templated":true}]}}