{"id":731776,"date":"2025-08-27T21:38:15","date_gmt":"2025-08-27T18:38:15","guid":{"rendered":"https:\/\/roveyayinevi.com.tr\/index.php\/urun\/anilar-belgeler-5-cilt-ciltli\/"},"modified":"2026-04-16T02:39:46","modified_gmt":"2026-04-15T23:39:46","slug":"anilar-belgeler-5-cilt-ciltli","status":"publish","type":"product","link":"https:\/\/roveyayinevi.com.tr\/index.php\/urun\/anilar-belgeler-5-cilt-ciltli\/","title":{"rendered":"An\u0131lar Belgeler 5.Cilt (Ciltli)"},"content":{"rendered":"<p>ANILAR BELGELER, C\u0130LT-5 Kemal BURKAY&#8217;IN An\u0131lar-Belgeler adl\u0131 5 ciltlik  eserinin ilk iki cildi ge\u00e7ti\u011fimiz y\u0131llarda Deng Yay\u0131nlar\u0131 aras\u0131nda bas\u0131lm\u0131\u015ft\u0131. 3. Cilt 2019 Ekiminde, 4. Cilt ise 2020 Ekiminde Vakf\u0131m\u0131z\u0131n yay\u0131nlar\u0131 aras\u0131nda bas\u0131l\u0131p okuyucuya sunulmu\u015flard\u0131. 5. ve son cilt de Vakf\u0131m\u0131z\u0131n Yay\u0131nlar\u0131 aras\u0131nda okura sunulmaktad\u0131r. T\u00fcm\u00fc de b\u00fcy\u00fck boy ve kal\u0131n kapak olan bu be\u015f cilt, ek belgeler ve ku\u015fe ka\u011f\u0131da bas\u0131lm\u0131\u015f resimlerle birlikte 3000 sayfaya ula\u015f\u0131yor ve Burkay\u2019\u0131n hayat \u00f6yk\u00fcs\u00fcn\u00fcn yan\u0131 s\u0131ra, son 80 y\u0131l\u0131n \u00f6nemli i\u00e7 ve d\u0131\u015f ve olaylar\u0131n\u0131 i\u00e7eriyor. Kitaptan al\u0131nt\u0131lar; \u00dclkeden 1980 y\u0131l\u0131 Nisan ba\u015f\u0131nda, Suriye s\u0131n\u0131r\u0131ndan ka\u00e7ak ge\u00e7erek ayr\u0131lm\u0131\u015ft\u0131m. Aradan tam 31 y\u0131l 4 ay ge\u00e7mi\u015fti. \u015eimdi bir T\u00fcrk Hava Yollar\u0131 u\u00e7a\u011f\u0131yla d\u00f6n\u00fcyordum ve cebimde bir \u0130sve\u00e7 pasaportu vard\u0131. Garip duygular i\u00e7indeydim. * * * Y\u0131llard\u0131r kararl\u0131ca izledi\u011fimiz politik \u00e7izginin ve verdi\u011fimiz mesajlar\u0131n bo\u015fa gitmedi\u011fini, t\u00fcm engellere ra\u011fmen topluma ula\u015ft\u0131\u011f\u0131n\u0131 ve onay buldu\u011funu g\u00f6rd\u00fcm. * * * Biraz soluk ald\u0131ktan sonra arkada\u015flarla birlikte, \u00e7ocuklu\u011fumun ge\u00e7ti\u011fi bu bah\u00e7eye dald\u0131m. Bah\u00e7e \u00f6ylesine de\u011fi\u015fmi\u015fti ki e\u011fer bir sabah, nerede oldu\u011fumu bilmeden ans\u0131z\u0131n orada uyansam buran\u0131n eski evimiz ve bah\u00e7emiz oldu\u011funu bilemezdim&#8230; * * * Parlamentoda bana, bug\u00fcne kadar K\u00fcrt halk\u0131n\u0131n \u00f6zg\u00fcrl\u00fck m\u00fccadelesine ve K\u00fcrt k\u00fclt\u00fcr\u00fcne yapt\u0131\u011f\u0131m hizmetlerden dolay\u0131 bir plaket arma\u011fan edildi. Bu da benim i\u00e7in de\u011ferli bir arma\u011fan * * *. Dersim&#8217;in kay\u0131p k\u0131z\u0131 Elif. An\u0131lar\u0131nda ge\u00e7mi\u015ften sadece silik baz\u0131 izler kalm\u0131\u015f: K\u00f6y\u00fc, makine tak\u0131rt\u0131lar\u0131, can \u00e7eki\u015fen anne-babas\u0131, kanlar i\u00e7inde d\u00fc\u015f\u00fcp \u00f6len karde\u015fi&#8230; * * * 12 Eyl\u00fcl darbecileri hakk\u0131ndaki bu karar tarihin yaln\u0131z garip de\u011fil, g\u00fczel bir cilvesi idi * * * Nisan ba\u015f\u0131nda hayat\u0131m\u0131n en ac\u0131 olay\u0131n\u0131 ya\u015fad\u0131m, K\u0131z\u0131m H\u00e9lin, 3 Nisan g\u00fcn\u00fc, Stokholm&#8217;da bir motosiklet \u00e7arpmas\u0131 sonucu hayat\u0131n\u0131 kaybetti. * * * Ge\u00e7mi\u015fte oldu\u011fu gibi inan\u0131yorum ki, e\u015fitlik temelinde bir \u00e7\u00f6z\u00fcm\u00fc ve \u00e7a\u011fda\u015f bir demokrasiyi ger\u00e7ekle\u015ftirebilirsek, bu \u00fclkede K\u00fcrt halk\u0131 ve T\u00fcrk halk\u0131 bar\u0131\u015f i\u00e7inde bir arada ya\u015fayabilir. Bence \u00fclkemize ve t\u00fcm Ortado\u011fu&#8217;ya sunaca\u011f\u0131m\u0131z gelecek budur, bu olmal\u0131d\u0131r; s\u00fcregiden bir kavga, kin ve d\u00fc\u015fmanl\u0131k de\u011fil.   <\/p>\n","protected":false},"excerpt":{"rendered":"<p>ANILAR BELGELER, C\u0130LT-5 Kemal BURKAY&#8217;IN An\u0131lar-Belgeler adl\u0131 5 ciltlik eserinin ilk iki cildi ge\u00e7ti\u011fimiz y\u0131llarda Deng Yay\u0131nlar\u0131 aras\u0131nda bas\u0131lm\u0131\u015ft\u0131. 3. Cilt 2019 Ekiminde, 4. Cilt ise<span class=\"excerpt-hellip\"> [\u2026]<\/span><\/p>\n","protected":false},"featured_media":0,"template":"","meta":{"_monsterinsights_skip_tracking":false,"_monsterinsights_sitenote_active":false,"_monsterinsights_sitenote_note":"","_monsterinsights_sitenote_category":0},"product_brand":[],"product_cat":[13701,12291],"product_tag":[],"class_list":{"0":"post-731776","1":"product","2":"type-product","3":"status-publish","5":"product_cat-ani-mektup-gunluk","6":"product_cat-edebiyat","7":"pa_cilt-ciltli","8":"pa_tur-kitap","9":"pa_yayinevi-ozgurluk-yolu-vakfi-yayinlari","10":"pa_yazar-kemal-burkay","12":"first","13":"instock","14":"sale","15":"shipping-taxable","16":"purchasable","17":"product-type-simple"},"_links":{"self":[{"href":"https:\/\/roveyayinevi.com.tr\/index.php\/wp-json\/wp\/v2\/product\/731776","targetHints":{"allow":["GET"]}}],"collection":[{"href":"https:\/\/roveyayinevi.com.tr\/index.php\/wp-json\/wp\/v2\/product"}],"about":[{"href":"https:\/\/roveyayinevi.com.tr\/index.php\/wp-json\/wp\/v2\/types\/product"}],"wp:attachment":[{"href":"https:\/\/roveyayinevi.com.tr\/index.php\/wp-json\/wp\/v2\/media?parent=731776"}],"wp:term":[{"taxonomy":"product_brand","embeddable":true,"href":"https:\/\/roveyayinevi.com.tr\/index.php\/wp-json\/wp\/v2\/product_brand?post=731776"},{"taxonomy":"product_cat","embeddable":true,"href":"https:\/\/roveyayinevi.com.tr\/index.php\/wp-json\/wp\/v2\/product_cat?post=731776"},{"taxonomy":"product_tag","embeddable":true,"href":"https:\/\/roveyayinevi.com.tr\/index.php\/wp-json\/wp\/v2\/product_tag?post=731776"}],"curies":[{"name":"wp","href":"https:\/\/api.w.org\/{rel}","templated":true}]}}

Anılar Belgeler 5.Cilt (Ciltli)

<p>ANILAR BELGELER, CİLT-5 Kemal BURKAY&#8217;IN Anılar-Belgeler adlı 5 ciltlik  eserinin ilk iki cildi geçtiğimiz yıllarda Deng Yayınları arasında basılmıştı. 3. Cilt 2019 Ekiminde, 4. Cilt ise 2020 Ekiminde Vakfımızın yayınları arasında basılıp okuyucuya sunulmuşlardı. 5. ve son cilt de Vakfımızın Yayınları arasında okura sunulmaktadır. Tümü de büyük boy ve kalın kapak olan bu beş cilt, ek belgeler ve kuşe kağıda basılmış resimlerle birlikte 3000 sayfaya ulaşıyor ve Burkay’ın hayat öyküsünün yanı sıra, son 80 yılın önemli iç ve dış ve olaylarını içeriyor. Kitaptan alıntılar; Ülkeden 1980 yılı Nisan başında, Suriye sınırından kaçak geçerek ayrılmıştım. Aradan tam 31 yıl 4 ay geçmişti. Şimdi bir Türk Hava Yolları uçağıyla dönüyordum ve cebimde bir İsveç pasaportu vardı. Garip duygular içindeydim. * * * Yıllardır kararlıca izlediğimiz politik çizginin ve verdiğimiz mesajların boşa gitmediğini, tüm engellere rağmen topluma ulaştığını ve onay bulduğunu gördüm. * * * Biraz soluk aldıktan sonra arkadaşlarla birlikte, çocukluğumun geçtiği bu bahçeye daldım. Bahçe öylesine değişmişti ki eğer bir sabah, nerede olduğumu bilmeden ansızın orada uyansam buranın eski evimiz ve bahçemiz olduğunu bilemezdim&#8230; * * * Parlamentoda bana, bugüne kadar Kürt halkının özgürlük mücadelesine ve Kürt kültürüne yaptığım hizmetlerden dolayı bir plaket armağan edildi. Bu da benim için değerli bir armağan * * *. Dersim&#8217;in kayıp kızı Elif. Anılarında geçmişten sadece silik bazı izler kalmış: Köyü, makine takırtıları, can çekişen anne-babası, kanlar içinde düşüp ölen kardeşi&#8230; * * * 12 Eylül darbecileri hakkındaki bu karar tarihin yalnız garip değil, güzel bir cilvesi idi * * * Nisan başında hayatımın en acı olayını yaşadım, Kızım Hélin, 3 Nisan günü, Stokholm&#8217;da bir motosiklet çarpması sonucu hayatını kaybetti. * * * Geçmişte olduğu gibi inanıyorum ki, eşitlik temelinde bir çözümü ve çağdaş bir demokrasiyi gerçekleştirebilirsek, bu ülkede Kürt halkı ve Türk halkı barış içinde bir arada yaşayabilir. Bence ülkemize ve tüm Ortadoğu&#8217;ya sunacağımız gelecek budur, bu olmalıdır; süregiden bir kavga, kin ve düşmanlık değil.   </p>

<p>ANILAR BELGELER, CİLT-5 Kemal BURKAY&#8217;IN Anılar-Belgeler adlı 5 ciltlik eserinin ilk iki cildi geçtiğimiz yıllarda Deng Yayınları arasında basılmıştı. 3. Cilt 2019 Ekiminde, 4. Cilt ise<span class="excerpt-hellip"> […]</span></p>
