{"id":731754,"date":"2025-08-27T21:37:53","date_gmt":"2025-08-27T18:37:53","guid":{"rendered":"https:\/\/roveyayinevi.com.tr\/index.php\/urun\/kral-hammurabi-ve-babil-gunlugu\/"},"modified":"2026-04-16T02:39:46","modified_gmt":"2026-04-15T23:39:46","slug":"kral-hammurabi-ve-babil-gunlugu","status":"publish","type":"product","link":"https:\/\/roveyayinevi.com.tr\/index.php\/urun\/kral-hammurabi-ve-babil-gunlugu\/","title":{"rendered":"Kral Hammurabi ve Babil G\u00fcnl\u00fc\u011f\u00fc"},"content":{"rendered":"<p>Hammurabi, kral, yetkin ki\u015fiyim ben. Y\u00fcce tanr\u0131lar beni g\u00f6revlendirdi: Yani ben s\u00fcr\u00fcs\u00fcn\u00fc iyi g\u00fcden, asas\u0131 do\u011fru \u00e7oban\u0131m. Yararl\u0131 g\u00f6lgem kentimin \u00fczerine yay\u0131lm\u0131\u015f duruyor. Kuca\u011f\u0131ma S\u00fcmer ve Akad \u00fclkesinin insanlar\u0131n\u0131 ald\u0131m. \u00dclkenin dostu olan koruyucu tanr\u0131mla birlikte bar\u0131\u015f i\u00e7inde onlara bak\u0131yorum; onlar\u0131 bilgimin derinli\u011fiyle ku\u015fat\u0131yorum. \u201cBabil\u2019de ba\u015f\u0131n\u0131 Tanr\u0131 Anu ve Tanr\u0131 Enlil\u2019in y\u00fckseklere dikti\u011fi kentte, Asangila\u2019da, temelleri g\u00f6k ve yer gibi sonsuza dek duracak olan evde, \u00fclkenin hukukunu d\u00fczenlemek, kararlar\u0131n\u0131 belirlemek, haklar\u0131ndan yoksun b\u0131rak\u0131lm\u0131\u015flara adalet da\u011f\u0131tmak i\u00e7in kusursuz s\u00f6zlerimi dikme ta\u015f\u0131ma yazd\u0131m ve adaletin kral\u0131 olarak resmimin kat\u0131nda kuralla\u015ft\u0131rd\u0131m. Krallar aras\u0131nda se\u00e7kin kral\u0131m ben.\u201d Babilli Hammurabi, Eski Mezopotamya\u2019n\u0131n yeti\u015ftirdi\u011fi en \u00f6nemli, ayn\u0131 zamanda da en tan\u0131nm\u0131\u015f h\u00fck\u00fcmdarlar\u0131 aras\u0131nda say\u0131labilir. Fransa\u2019da arkeologlar taraf\u0131ndan Sus\u2019da bulunmu\u015f ve o g\u00fcnden beri tekrar tekrar ilgi oda\u011f\u0131 olmu\u015f olan o \u00fcnl\u00fc Dikme Ta\u015f Yasalar\u0131 onun ismi ve resmiyle ba\u011flant\u0131l\u0131d\u0131r. Elinizdeki bu kitab\u0131n amac\u0131, Hammurabi ve ard\u0131llar\u0131n\u0131n krall\u0131\u011f\u0131ndaki Babilonya ve ba\u015fkent Babil\u2019in ekonomik, toplumsal ko\u015fullar\u0131 hakk\u0131nda bir fikir vermektir. \u00d6ncelikle Babilonya\u2019n\u0131n tablet ar\u015fivlerden ele ge\u00e7en kapsaml\u0131 \u00e7ivi yaz\u0131s\u0131 malzemelerden ve bu arada da Kral Hammurabi\u2019nin kendi belgelerinden yararlan\u0131ld\u0131. Ba\u015fka kaynaklar \u00f6zellikle Orta F\u0131rat ve Mari\u2019den \u00e7\u0131kar\u0131lan yeni tablet mektuplar, Hammurabi\u2019nin politikalar\u0131na ili\u015fkin baz\u0131 yeni bilgiler vererek kral\u0131n ki\u015fili\u011fini de belirgin bi\u00e7imde ortaya \u00e7\u0131karm\u0131\u015ft\u0131r. Ancak Kral Hammurabi ve Babil G\u00fcnl\u00fc\u011f\u00fc eski Babil\u2019in toplumsal ya\u015fam\u0131n\u0131 betimleme yolundaki as\u0131l amac\u0131n\u0131 etkilememi\u015ftir. \u2013Horst Klengel Prof. Horst Klengel bu \u00e7al\u0131\u015fmas\u0131nda, Babil kentinde devasa bir imparatorlu\u011fun ve hukuk sistemi geli\u015ftiren bir uygarl\u0131\u011f\u0131n izlerini s\u00fcr\u00fcyor. Son derece titizlikle haz\u0131rlanan bu eserin tarihe ayna tutarak yeni bir boyut kazand\u0131raca\u011f\u0131n\u0131 umuyoruz.<\/p>\n","protected":false},"excerpt":{"rendered":"<p>Hammurabi, kral, yetkin ki\u015fiyim ben. Y\u00fcce tanr\u0131lar beni g\u00f6revlendirdi: Yani ben s\u00fcr\u00fcs\u00fcn\u00fc iyi g\u00fcden, asas\u0131 do\u011fru \u00e7oban\u0131m. Yararl\u0131 g\u00f6lgem kentimin \u00fczerine yay\u0131lm\u0131\u015f duruyor. Kuca\u011f\u0131ma S\u00fcmer ve<span class=\"excerpt-hellip\"> [\u2026]<\/span><\/p>\n","protected":false},"featured_media":0,"template":"","meta":{"_monsterinsights_skip_tracking":false,"_monsterinsights_sitenote_active":false,"_monsterinsights_sitenote_note":"","_monsterinsights_sitenote_category":0},"product_brand":[],"product_cat":[12291,12711],"product_tag":[],"class_list":{"0":"post-731754","1":"product","2":"type-product","3":"status-publish","5":"product_cat-edebiyat","6":"product_cat-roman-oyku","7":"pa_cilt-ciltsiz","8":"pa_tur-kitap","9":"pa_yayinevi-totem-yayinlari","10":"pa_yazar-horst-klengel","12":"first","13":"instock","14":"sale","15":"shipping-taxable","16":"purchasable","17":"product-type-simple"},"_links":{"self":[{"href":"https:\/\/roveyayinevi.com.tr\/index.php\/wp-json\/wp\/v2\/product\/731754","targetHints":{"allow":["GET"]}}],"collection":[{"href":"https:\/\/roveyayinevi.com.tr\/index.php\/wp-json\/wp\/v2\/product"}],"about":[{"href":"https:\/\/roveyayinevi.com.tr\/index.php\/wp-json\/wp\/v2\/types\/product"}],"wp:attachment":[{"href":"https:\/\/roveyayinevi.com.tr\/index.php\/wp-json\/wp\/v2\/media?parent=731754"}],"wp:term":[{"taxonomy":"product_brand","embeddable":true,"href":"https:\/\/roveyayinevi.com.tr\/index.php\/wp-json\/wp\/v2\/product_brand?post=731754"},{"taxonomy":"product_cat","embeddable":true,"href":"https:\/\/roveyayinevi.com.tr\/index.php\/wp-json\/wp\/v2\/product_cat?post=731754"},{"taxonomy":"product_tag","embeddable":true,"href":"https:\/\/roveyayinevi.com.tr\/index.php\/wp-json\/wp\/v2\/product_tag?post=731754"}],"curies":[{"name":"wp","href":"https:\/\/api.w.org\/{rel}","templated":true}]}}