{"id":731748,"date":"2025-08-27T21:37:49","date_gmt":"2025-08-27T18:37:49","guid":{"rendered":"https:\/\/roveyayinevi.com.tr\/index.php\/urun\/gulendam-nenem-rumi-annem-ve-ben-mesneviden-masal-fabl-ve-oykuler\/"},"modified":"2025-10-20T06:39:57","modified_gmt":"2025-10-20T03:39:57","slug":"gulendam-nenem-rumi-annem-ve-ben-mesneviden-masal-fabl-ve-oykuler","status":"publish","type":"product","link":"https:\/\/roveyayinevi.com.tr\/index.php\/urun\/gulendam-nenem-rumi-annem-ve-ben-mesneviden-masal-fabl-ve-oykuler\/","title":{"rendered":"G\u00fclendam Nenem, Rumi Annem ve Ben Mesnevi\u2019den Masal, Fabl ve \u00d6yk\u00fcler"},"content":{"rendered":"<p>Kaptan Sinek\u2019ten Filler Padi\u015fah\u0131\u2019na, Gelece\u011fi G\u00f6ren Horoz\u2019dan Esrik Deve\u2019ye!   \u00c7ocuk ve gen\u00e7lik edebiyat\u0131m\u0131z\u0131n \u00fcretken kalemi Yalva\u00e7 Ural, okurlar\u0131n\u0131 bu kez b\u00fcy\u00fck ozan Mevl\u00e2na\u2019yla bulu\u015fturuyor: 1945\u2019te, Konya-Karatay\u2019da, bir Mevl\u00e2na torunu olan G\u00fclendam nenesinin ve annesinin do\u011fdu\u011fu evde d\u00fcnyaya gelen Ural, \u00e7ocuklu\u011funu anneannesinin dilinden d\u00f6k\u00fclen bu \u00f6ncesiz k\u00fclt\u00fcr\u00fcn masal, \u00f6yk\u00fc, fabl, f\u0131kra, \u015fiir ve tekerlemelerini dinleyerek ge\u00e7irdi.   Mevl\u00e2na\u2019n\u0131n Mesnevi\u2019sinden s\u00fcz\u00fclen bu masal\u00f6yk\u00fcleri, \u00f6zg\u00fcn yap\u0131s\u0131 i\u00e7inde, \u00e7a\u011fc\u0131l bir yorum ve anlat\u0131mla okurlar\u0131na sunan Ural, aile tarihini de besleyen k\u00fclt\u00fcrel birikimin bir par\u00e7as\u0131 olan bu kitapla, neredeyse 750 y\u0131ld\u0131r onlarca dilde okunan bir ba\u015fyap\u0131t\u0131n en \u00e7arp\u0131c\u0131 \u00f6rneklerini sunuyor. <\/p>\n","protected":false},"excerpt":{"rendered":"<p>Kaptan Sinek\u2019ten Filler Padi\u015fah\u0131\u2019na, Gelece\u011fi G\u00f6ren Horoz\u2019dan Esrik Deve\u2019ye! \u00c7ocuk ve gen\u00e7lik edebiyat\u0131m\u0131z\u0131n \u00fcretken kalemi Yalva\u00e7 Ural, okurlar\u0131n\u0131 bu kez b\u00fcy\u00fck ozan Mevl\u00e2na\u2019yla bulu\u015fturuyor: 1945\u2019te, Konya-Karatay\u2019da,<span class=\"excerpt-hellip\"> [\u2026]<\/span><\/p>\n","protected":false},"featured_media":0,"template":"","meta":{"_monsterinsights_skip_tracking":false,"_monsterinsights_sitenote_active":false,"_monsterinsights_sitenote_note":"","_monsterinsights_sitenote_category":0},"product_brand":[],"product_cat":[12274,12523],"product_tag":[],"class_list":{"0":"post-731748","1":"product","2":"type-product","3":"status-publish","5":"product_cat-cocuk-ve-genclik-kitaplari","6":"product_cat-masallar","7":"pa_cilt-ciltsiz","8":"pa_tur-kitap","9":"pa_yayinevi-yapi-kredi-yayinlari","10":"pa_yazar-yalvac-ural","12":"first","13":"instock","14":"sale","15":"shipping-taxable","16":"purchasable","17":"product-type-simple"},"_links":{"self":[{"href":"https:\/\/roveyayinevi.com.tr\/index.php\/wp-json\/wp\/v2\/product\/731748","targetHints":{"allow":["GET"]}}],"collection":[{"href":"https:\/\/roveyayinevi.com.tr\/index.php\/wp-json\/wp\/v2\/product"}],"about":[{"href":"https:\/\/roveyayinevi.com.tr\/index.php\/wp-json\/wp\/v2\/types\/product"}],"wp:attachment":[{"href":"https:\/\/roveyayinevi.com.tr\/index.php\/wp-json\/wp\/v2\/media?parent=731748"}],"wp:term":[{"taxonomy":"product_brand","embeddable":true,"href":"https:\/\/roveyayinevi.com.tr\/index.php\/wp-json\/wp\/v2\/product_brand?post=731748"},{"taxonomy":"product_cat","embeddable":true,"href":"https:\/\/roveyayinevi.com.tr\/index.php\/wp-json\/wp\/v2\/product_cat?post=731748"},{"taxonomy":"product_tag","embeddable":true,"href":"https:\/\/roveyayinevi.com.tr\/index.php\/wp-json\/wp\/v2\/product_tag?post=731748"}],"curies":[{"name":"wp","href":"https:\/\/api.w.org\/{rel}","templated":true}]}}