{"id":731746,"date":"2025-08-27T21:37:46","date_gmt":"2025-08-27T18:37:46","guid":{"rendered":"https:\/\/roveyayinevi.com.tr\/index.php\/urun\/gazi-mustafa-kemal-1881-1958\/"},"modified":"2026-04-16T02:39:46","modified_gmt":"2026-04-15T23:39:46","slug":"gazi-mustafa-kemal-1881-1958","status":"publish","type":"product","link":"https:\/\/roveyayinevi.com.tr\/index.php\/urun\/gazi-mustafa-kemal-1881-1958\/","title":{"rendered":"Gazi Mustafa Kemal 1881-1958"},"content":{"rendered":"<p>Mustafa Kemal Atat\u00fcrk\u2019\u00fcn 1881\u2019de ba\u015flayan hayat yolculu\u011fu sayesinde, \u201cHasta Adam\u201d yata\u011f\u0131ndan kalkt\u0131, bezgin bir ulus k\u00fcllerinden do\u011fdu. Onun kurdu\u011fu gen\u00e7 cumhuriyet bir\u00e7ok alanda yenili\u011fe sahne olurken kendisi 1938\u2019de aram\u0131zdan ayr\u0131ld\u0131.  Ertu\u011frul Uluerkan, Gazi Mustafa Kemal 1881-1958 adl\u0131 roman\u0131nda Halask\u00e2r Gazi 1958\u2019e kadar ya\u015fasayd\u0131 T\u00fcrkiye\u2019nin yol haritas\u0131 nas\u0131l de\u011fi\u015firdi, Gazi\u2019nin \u0130kinci D\u00fcnya Sava\u015f\u0131\u2019nda tavr\u0131 ne olurdu, sava\u015f sonras\u0131ndaki kutupla\u015fmada Stalin\u2019in, Churchill\u2019in, Roosevelt\u2019in kar\u015f\u0131s\u0131nda daha g\u00fc\u00e7l\u00fc duran bir T\u00fcrkiye ile olaylar nas\u0131l geli\u015firdi sorular\u0131na yan\u0131tlar ar\u0131yor. Peki ya e\u011fitim reformu, toprak reformu, ekonomi, sanayile\u015fme hamleleri nas\u0131l ilerlerdi? D\u00f6nemin ger\u00e7ek ki\u015filerini ve ger\u00e7ek olaylar\u0131n\u0131 ele almas\u0131yla okura bir d\u00f6nem belgeseli sunan roman, ayn\u0131 zamanda g\u00fc\u00e7l\u00fc bilim kad\u0131n\u0131 Doktor Melek Nur Gali\u00e7, Atat\u00fcrk\u2019e muhalif politikac\u0131 Ahsen Y\u0131lmaz, Ankara\u2019daki Gestapo ajanlar\u0131 gibi kurmaca karakterlerle de heyecanl\u0131 bir okuma ser\u00fcveni ya\u015fat\u0131yor.   <\/p>\n","protected":false},"excerpt":{"rendered":"<p>Mustafa Kemal Atat\u00fcrk\u2019\u00fcn 1881\u2019de ba\u015flayan hayat yolculu\u011fu sayesinde, \u201cHasta Adam\u201d yata\u011f\u0131ndan kalkt\u0131, bezgin bir ulus k\u00fcllerinden do\u011fdu. Onun kurdu\u011fu gen\u00e7 cumhuriyet bir\u00e7ok alanda yenili\u011fe sahne olurken<span class=\"excerpt-hellip\"> [\u2026]<\/span><\/p>\n","protected":false},"featured_media":0,"template":"","meta":{"_monsterinsights_skip_tracking":false,"_monsterinsights_sitenote_active":false,"_monsterinsights_sitenote_note":"","_monsterinsights_sitenote_category":0},"product_brand":[],"product_cat":[12291,12711],"product_tag":[],"class_list":{"0":"post-731746","1":"product","2":"type-product","3":"status-publish","5":"product_cat-edebiyat","6":"product_cat-roman-oyku","7":"pa_cilt-ciltsiz","8":"pa_tur-kitap","9":"pa_yayinevi-kirmizi-kedi-yayinevi","10":"pa_yazar-ertugrul-uluerkan","12":"first","13":"instock","14":"sale","15":"shipping-taxable","16":"purchasable","17":"product-type-simple"},"_links":{"self":[{"href":"https:\/\/roveyayinevi.com.tr\/index.php\/wp-json\/wp\/v2\/product\/731746","targetHints":{"allow":["GET"]}}],"collection":[{"href":"https:\/\/roveyayinevi.com.tr\/index.php\/wp-json\/wp\/v2\/product"}],"about":[{"href":"https:\/\/roveyayinevi.com.tr\/index.php\/wp-json\/wp\/v2\/types\/product"}],"wp:attachment":[{"href":"https:\/\/roveyayinevi.com.tr\/index.php\/wp-json\/wp\/v2\/media?parent=731746"}],"wp:term":[{"taxonomy":"product_brand","embeddable":true,"href":"https:\/\/roveyayinevi.com.tr\/index.php\/wp-json\/wp\/v2\/product_brand?post=731746"},{"taxonomy":"product_cat","embeddable":true,"href":"https:\/\/roveyayinevi.com.tr\/index.php\/wp-json\/wp\/v2\/product_cat?post=731746"},{"taxonomy":"product_tag","embeddable":true,"href":"https:\/\/roveyayinevi.com.tr\/index.php\/wp-json\/wp\/v2\/product_tag?post=731746"}],"curies":[{"name":"wp","href":"https:\/\/api.w.org\/{rel}","templated":true}]}}

<p>Mustafa Kemal Atatürk’ün 1881’de başlayan hayat yolculuğu sayesinde, “Hasta Adam” yatağından kalktı, bezgin bir ulus küllerinden doğdu. Onun kurduğu genç cumhuriyet birçok alanda yeniliğe sahne olurken kendisi 1938’de aramızdan ayrıldı.  Ertuğrul Uluerkan, Gazi Mustafa Kemal 1881-1958 adlı romanında Halaskâr Gazi 1958’e kadar yaşasaydı Türkiye’nin yol haritası nasıl değişirdi, Gazi’nin İkinci Dünya Savaşı’nda tavrı ne olurdu, savaş sonrasındaki kutuplaşmada Stalin’in, Churchill’in, Roosevelt’in karşısında daha güçlü duran bir Türkiye ile olaylar nasıl gelişirdi sorularına yanıtlar arıyor. Peki ya eğitim reformu, toprak reformu, ekonomi, sanayileşme hamleleri nasıl ilerlerdi? Dönemin gerçek kişilerini ve gerçek olaylarını ele almasıyla okura bir dönem belgeseli sunan roman, aynı zamanda güçlü bilim kadını Doktor Melek Nur Galiç, Atatürk’e muhalif politikacı Ahsen Yılmaz, Ankara’daki Gestapo ajanları gibi kurmaca karakterlerle de heyecanlı bir okuma serüveni yaşatıyor.   </p>

<p>Mustafa Kemal Atatürk’ün 1881’de başlayan hayat yolculuğu sayesinde, “Hasta Adam” yatağından kalktı, bezgin bir ulus küllerinden doğdu. Onun kurduğu genç cumhuriyet birçok alanda yeniliğe sahne olurken<span class="excerpt-hellip"> […]</span></p>
