{"id":731745,"date":"2025-08-27T21:37:46","date_gmt":"2025-08-27T18:37:46","guid":{"rendered":"https:\/\/roveyayinevi.com.tr\/index.php\/urun\/turkiyede-cok-partili-politikanin-aciklamali-kronolojisi-1945-1971\/"},"modified":"2026-04-16T02:39:46","modified_gmt":"2026-04-15T23:39:46","slug":"turkiyede-cok-partili-politikanin-aciklamali-kronolojisi-1945-1971","status":"publish","type":"product","link":"https:\/\/roveyayinevi.com.tr\/index.php\/urun\/turkiyede-cok-partili-politikanin-aciklamali-kronolojisi-1945-1971\/","title":{"rendered":"T\u00fcrkiye\u2019de \u00c7ok Partili Politikan\u0131n A\u00e7\u0131klamal\u0131 Kronolojisi (1945-1971)"},"content":{"rendered":"<p>\u00d6nemli toplumsal ve ekonomik olaylarla dolu ge\u00e7mi\u015f bir d\u00f6nemin, tarihin bir par\u00e7as\u0131n\u0131 olu\u015fturacak bir zaman diliminin tutarl\u0131 bir de\u011ferlendirmesini yapabilmek i\u00e7in, olaylar\u0131n zaman i\u00e7indeki s\u0131ralan\u0131\u015f\u0131n\u0131 bilmek, nas\u0131l bir s\u0131ra ile birbirlerini izlediklerini saptamak \u00f6nemlidir. Tarih\u00e7i Feroz Ahmad ve Bedia Turgay Ahmad\u2019\u0131n y\u00fczlerce dergi, gazete ve kitab\u0131 tarayarak haz\u0131rlad\u0131klar\u0131 \u201c\u00e7ok partili demokrasi d\u00f6nemi kronolojisi\u201dnde, II. D\u00fcnya Sava\u015f\u0131\u2019n\u0131n ard\u0131ndan 71 Muht\u0131ras\u0131\u2019na kadarki 26 y\u0131ll\u0131k s\u00fcre\u00e7te T\u00fcrkiye\u2019nin siyasal atmosferinde ger\u00e7ekle\u015fen olaylar yer al\u0131yor. T\u00fcrkiye\u2019de \u00c7ok Partili Politikan\u0131n A\u00e7\u0131klamal\u0131 Kronolojisi 1945-1971 ba\u015fl\u0131kl\u0131 \u00e7al\u0131\u015fmada, se\u00e7imler, kurulan kabineler, darbeler, idamlar, \u00f6\u011frenci hareketleri, ekonomik sorunlar, grevler, uluslararas\u0131 politikalar\u0131n yans\u0131malar\u0131, tek tek ve olu\u015f s\u0131ralar\u0131yla aktar\u0131l\u0131yor. Bu kronolojide d\u00f6nemin \u00f6nde gelen ve sonu\u00e7lar\u0131 itibariyle demokrasi tarihimizi k\u00f6k\u00fcnden \u015fekillendirmi\u015f, bug\u00fcne bile etkisi olan t\u00fcm hadiseleri bulacaks\u0131n\u0131z. Yak\u0131n tarihimizi \u00f6\u011frenmek ve anlamak isteyenlerin kitapl\u0131klar\u0131ndan eksik etmemeleri gereken e\u015fsiz bir ba\u015fvuru kitab\u0131. <\/p>\n","protected":false},"excerpt":{"rendered":"<p>\u00d6nemli toplumsal ve ekonomik olaylarla dolu ge\u00e7mi\u015f bir d\u00f6nemin, tarihin bir par\u00e7as\u0131n\u0131 olu\u015fturacak bir zaman diliminin tutarl\u0131 bir de\u011ferlendirmesini yapabilmek i\u00e7in, olaylar\u0131n zaman i\u00e7indeki s\u0131ralan\u0131\u015f\u0131n\u0131 bilmek,<span class=\"excerpt-hellip\"> [\u2026]<\/span><\/p>\n","protected":false},"featured_media":0,"template":"","meta":{"_monsterinsights_skip_tracking":false,"_monsterinsights_sitenote_active":false,"_monsterinsights_sitenote_note":"","_monsterinsights_sitenote_category":0},"product_brand":[],"product_cat":[13590,12337],"product_tag":[],"class_list":{"0":"post-731745","1":"product","2":"type-product","3":"status-publish","5":"product_cat-arastirma-inceleme-politika-siyaset","6":"product_cat-politika-siyaset","7":"pa_cilt-ciltsiz","8":"pa_tur-kitap","9":"pa_yayinevi-kirmizi-kedi-yayinevi","10":"pa_yazar-feroz-ahmad-bedia-turgay-ahmad","12":"first","13":"instock","14":"sale","15":"shipping-taxable","16":"purchasable","17":"product-type-simple"},"_links":{"self":[{"href":"https:\/\/roveyayinevi.com.tr\/index.php\/wp-json\/wp\/v2\/product\/731745","targetHints":{"allow":["GET"]}}],"collection":[{"href":"https:\/\/roveyayinevi.com.tr\/index.php\/wp-json\/wp\/v2\/product"}],"about":[{"href":"https:\/\/roveyayinevi.com.tr\/index.php\/wp-json\/wp\/v2\/types\/product"}],"wp:attachment":[{"href":"https:\/\/roveyayinevi.com.tr\/index.php\/wp-json\/wp\/v2\/media?parent=731745"}],"wp:term":[{"taxonomy":"product_brand","embeddable":true,"href":"https:\/\/roveyayinevi.com.tr\/index.php\/wp-json\/wp\/v2\/product_brand?post=731745"},{"taxonomy":"product_cat","embeddable":true,"href":"https:\/\/roveyayinevi.com.tr\/index.php\/wp-json\/wp\/v2\/product_cat?post=731745"},{"taxonomy":"product_tag","embeddable":true,"href":"https:\/\/roveyayinevi.com.tr\/index.php\/wp-json\/wp\/v2\/product_tag?post=731745"}],"curies":[{"name":"wp","href":"https:\/\/api.w.org\/{rel}","templated":true}]}}