{"id":731744,"date":"2025-08-27T21:37:45","date_gmt":"2025-08-27T18:37:45","guid":{"rendered":"https:\/\/roveyayinevi.com.tr\/index.php\/urun\/askin-tarihi\/"},"modified":"2026-04-16T02:39:46","modified_gmt":"2026-04-15T23:39:46","slug":"askin-tarihi","status":"publish","type":"product","link":"https:\/\/roveyayinevi.com.tr\/index.php\/urun\/askin-tarihi\/","title":{"rendered":"A\u015fk\u0131n Tarihi"},"content":{"rendered":"<p>Derler ki, ba\u015flang\u0131\u00e7ta insanlar\u0131n d\u00f6rt eli, d\u00f6rt aya\u011f\u0131 ve tek bir ba\u015f \u00fczerinde z\u0131t y\u00f6nlere bakan iki y\u00fcz\u00fc varm\u0131\u015f. Bu iki y\u00fcz, insanlara e\u015fi benzeri g\u00f6r\u00fclmemi\u015f bir kibir veriyormu\u015f. Olimpos\u2019un kudretli tanr\u0131s\u0131 Zeus, insanlar\u0131n bu kibrini dindirmek i\u00e7in onlar\u0131 tam ortalar\u0131ndan ikiye ay\u0131rm\u0131\u015f. \u0130nsan\u0131n kibri dinmi\u015f dinmesine; ama bu sefer de kendisinden kopar\u0131l\u0131p al\u0131nan di\u011fer yar\u0131s\u0131n\u0131 \u00f6zlemeye, hayat\u0131 boyunca onu aray\u0131p tekrar bir olmak i\u00e7in u\u011fra\u015fmaya ba\u015flam\u0131\u015f. Bu hale a\u015fk denilmi\u015f. Zeus\u2019un insanlar\u0131 ay\u0131r\u0131p onlar\u0131 a\u015fka d\u00fc\u015f\u00fcrmesinin \u00fczerinden y\u00fczy\u0131llar ge\u00e7ti; bu s\u0131rada sanatta, felsefede, dinde ve bilimde; yerde ve g\u00f6kte, k\u0131sacas\u0131 elinin uzand\u0131\u011f\u0131 her yerde a\u015fk\u0131, k\u00f6klerini ve mant\u0131\u011f\u0131n\u0131 arad\u0131 insan. A\u015fk\u0131n Tarihi, insanl\u0131\u011f\u0131n i\u015fte bu bitmek bilmez aray\u0131\u015f\u0131n\u0131n \u00f6yk\u00fcs\u00fc. Tarih\u00f6ncesi zamanlar\u0131n b\u00fcy\u00fcl\u00fc mitolojisinden orta\u00e7a\u011f \u015f\u00f6valyelerinin hik\u00e2yelerine, \u201cg\u00fcnahk\u00e2rlar\u0131n azizlerden daha \u00e7ekici g\u00f6r\u00fcnd\u00fc\u011f\u00fc\u201d Romantik d\u00f6nemden yirminci y\u00fczy\u0131l\u0131n psikiyatrik bak\u0131\u015f a\u00e7\u0131s\u0131 ve kad\u0131n hareketinin temellerine; felsefi bir \u015f\u00f6len, eksiksiz bir a\u015fk anlat\u0131s\u0131<\/p>\n","protected":false},"excerpt":{"rendered":"<p>Derler ki, ba\u015flang\u0131\u00e7ta insanlar\u0131n d\u00f6rt eli, d\u00f6rt aya\u011f\u0131 ve tek bir ba\u015f \u00fczerinde z\u0131t y\u00f6nlere bakan iki y\u00fcz\u00fc varm\u0131\u015f. Bu iki y\u00fcz, insanlara e\u015fi benzeri g\u00f6r\u00fclmemi\u015f<span class=\"excerpt-hellip\"> [\u2026]<\/span><\/p>\n","protected":false},"featured_media":0,"template":"","meta":{"_monsterinsights_skip_tracking":false,"_monsterinsights_sitenote_active":false,"_monsterinsights_sitenote_note":"","_monsterinsights_sitenote_category":0},"product_brand":[],"product_cat":[13072,12291],"product_tag":[],"class_list":{"0":"post-731744","1":"product","2":"type-product","3":"status-publish","5":"product_cat-arastirma-inceleme-referans","6":"product_cat-edebiyat","7":"pa_cilt-ciltsiz","8":"pa_tur-kitap","9":"pa_yayinevi-kirmizi-kedi-yayinevi","10":"pa_yazar-ali-murat-irat","12":"first","13":"instock","14":"sale","15":"shipping-taxable","16":"purchasable","17":"product-type-simple"},"_links":{"self":[{"href":"https:\/\/roveyayinevi.com.tr\/index.php\/wp-json\/wp\/v2\/product\/731744","targetHints":{"allow":["GET"]}}],"collection":[{"href":"https:\/\/roveyayinevi.com.tr\/index.php\/wp-json\/wp\/v2\/product"}],"about":[{"href":"https:\/\/roveyayinevi.com.tr\/index.php\/wp-json\/wp\/v2\/types\/product"}],"wp:attachment":[{"href":"https:\/\/roveyayinevi.com.tr\/index.php\/wp-json\/wp\/v2\/media?parent=731744"}],"wp:term":[{"taxonomy":"product_brand","embeddable":true,"href":"https:\/\/roveyayinevi.com.tr\/index.php\/wp-json\/wp\/v2\/product_brand?post=731744"},{"taxonomy":"product_cat","embeddable":true,"href":"https:\/\/roveyayinevi.com.tr\/index.php\/wp-json\/wp\/v2\/product_cat?post=731744"},{"taxonomy":"product_tag","embeddable":true,"href":"https:\/\/roveyayinevi.com.tr\/index.php\/wp-json\/wp\/v2\/product_tag?post=731744"}],"curies":[{"name":"wp","href":"https:\/\/api.w.org\/{rel}","templated":true}]}}