{"id":731730,"date":"2025-08-27T21:37:32","date_gmt":"2025-08-27T18:37:32","guid":{"rendered":"https:\/\/roveyayinevi.com.tr\/index.php\/urun\/kadin-dunyasi-uzerine-arastirmalar\/"},"modified":"2026-04-16T02:39:45","modified_gmt":"2026-04-15T23:39:45","slug":"kadin-dunyasi-uzerine-arastirmalar","status":"publish","type":"product","link":"https:\/\/roveyayinevi.com.tr\/index.php\/urun\/kadin-dunyasi-uzerine-arastirmalar\/","title":{"rendered":"Kad\u0131n D\u00fcnyas\u0131 \u00dczerine Ara\u015ft\u0131rmalar"},"content":{"rendered":"<p>\u0130\u00e7indekilerG\u00f6\u00e7, Dayan\u0131\u015fma ve Uyum Ba\u011flam\u0131nda Rozana Penceresinden G\u00fcn\u00fcm\u00fcze Antakya\u2019da Ya\u015fayan Suriyeli Kad\u0131nlar\u0131n Sosyalle\u015fme Alanlar\u0131: S\u0131bhiyyi ve Jam\u2019iyya (\u0130stikbal)Antik D\u00f6nemde Kad\u0131n: Prehistorik Kad\u0131n\u2019dan Havva\u2019ya KadarKi\u015fisel Markala\u015fma Fenomeni: Kad\u0131n Ceo\u2019lar \u00d6rne\u011fiEmperyalizm ve Sava\u015f: Anadolu K\u00f6kenli Yunan Edebiyat\u00e7\u0131 Dido Sotiriou\u2019nun Yaz\u0131lar\u0131nda K\u00fc\u00e7\u00fck Asya Seferi Ya Da T\u00fcrk Kurtulu\u015f Sava\u015f\u0131Kad\u0131n ve Tak\u0131: Antik D\u00f6nem Kuyumculu\u011funa Genel Bir Bak\u0131\u015fKad\u0131na Kar\u015f\u0131 \u015eiddet ve Kad\u0131n OlmakYabanc\u0131 Mahkemelerin Ortak Velayet Kararlar\u0131n\u0131n T\u00fcrkiye\u2019de Tenfiz SorunuAsri Hayat Asri Kad\u0131n: Cumhuriyet D\u00f6neminde \u0130stanbul\u2019da Ev Modas\u0131S\u00fcryani Hagiografisinde Kad\u0131n AzizelerOsmanl\u0131 Devleti\u2019nde M\u00fcsl\u00fcman Kad\u0131nlara Uygulanan Yasaklar ve K\u0131s\u0131tlamalarTarihte T\u00fcrk Kad\u0131n\u0131n\u0131n Ser\u00fcveni ve Mustafa Kemal\u2019in T\u00fcrk Kad\u0131n\u0131na Bak\u0131\u015f\u0131T\u00fcrkiye\u2019de Kad\u0131n\u0131n Sosyo-Ekonomik Yap\u0131s\u0131: Kahramanmara\u015f \u00d6rne\u011fiKurtulu\u015f Sava\u015f\u0131 Y\u0131llar\u0131 G\u00fcney Cephesinde \u0130stiklal Kahraman\u0131 Bir Kad\u0131n: Tayyar Rahime Hatun<\/p>\n","protected":false},"excerpt":{"rendered":"<p>\u0130\u00e7indekilerG\u00f6\u00e7, Dayan\u0131\u015fma ve Uyum Ba\u011flam\u0131nda Rozana Penceresinden G\u00fcn\u00fcm\u00fcze Antakya\u2019da Ya\u015fayan Suriyeli Kad\u0131nlar\u0131n Sosyalle\u015fme Alanlar\u0131: S\u0131bhiyyi ve Jam\u2019iyya (\u0130stikbal)Antik D\u00f6nemde Kad\u0131n: Prehistorik Kad\u0131n\u2019dan Havva\u2019ya KadarKi\u015fisel Markala\u015fma Fenomeni:<span class=\"excerpt-hellip\"> [\u2026]<\/span><\/p>\n","protected":false},"featured_media":0,"template":"","meta":{"_monsterinsights_skip_tracking":false,"_monsterinsights_sitenote_active":false,"_monsterinsights_sitenote_note":"","_monsterinsights_sitenote_category":0},"product_brand":[],"product_cat":[13252,12324],"product_tag":[],"class_list":{"0":"post-731730","1":"product","2":"type-product","3":"status-publish","5":"product_cat-kadin-calismalari","6":"product_cat-sosyoloji","7":"pa_cilt-ciltsiz","8":"pa_tur-kitap","9":"pa_yayinevi-gazi-kitabevi","10":"pa_yazar-olcay-ozkaya-aylin-eraslan","12":"first","13":"instock","14":"sale","15":"shipping-taxable","16":"purchasable","17":"product-type-simple"},"_links":{"self":[{"href":"https:\/\/roveyayinevi.com.tr\/index.php\/wp-json\/wp\/v2\/product\/731730","targetHints":{"allow":["GET"]}}],"collection":[{"href":"https:\/\/roveyayinevi.com.tr\/index.php\/wp-json\/wp\/v2\/product"}],"about":[{"href":"https:\/\/roveyayinevi.com.tr\/index.php\/wp-json\/wp\/v2\/types\/product"}],"wp:attachment":[{"href":"https:\/\/roveyayinevi.com.tr\/index.php\/wp-json\/wp\/v2\/media?parent=731730"}],"wp:term":[{"taxonomy":"product_brand","embeddable":true,"href":"https:\/\/roveyayinevi.com.tr\/index.php\/wp-json\/wp\/v2\/product_brand?post=731730"},{"taxonomy":"product_cat","embeddable":true,"href":"https:\/\/roveyayinevi.com.tr\/index.php\/wp-json\/wp\/v2\/product_cat?post=731730"},{"taxonomy":"product_tag","embeddable":true,"href":"https:\/\/roveyayinevi.com.tr\/index.php\/wp-json\/wp\/v2\/product_tag?post=731730"}],"curies":[{"name":"wp","href":"https:\/\/api.w.org\/{rel}","templated":true}]}}

Kadın Dünyası Üzerine Araştırmalar

<p>İçindekilerGöç, Dayanışma ve Uyum Bağlamında Rozana Penceresinden Günümüze Antakya’da Yaşayan Suriyeli Kadınların Sosyalleşme Alanları: Sıbhiyyi ve Jam’iyya (İstikbal)Antik Dönemde Kadın: Prehistorik Kadın’dan Havva’ya KadarKişisel Markalaşma Fenomeni: Kadın Ceo’lar ÖrneğiEmperyalizm ve Savaş: Anadolu Kökenli Yunan Edebiyatçı Dido Sotiriou’nun Yazılarında Küçük Asya Seferi Ya Da Türk Kurtuluş SavaşıKadın ve Takı: Antik Dönem Kuyumculuğuna Genel Bir BakışKadına Karşı Şiddet ve Kadın OlmakYabancı Mahkemelerin Ortak Velayet Kararlarının Türkiye’de Tenfiz SorunuAsri Hayat Asri Kadın: Cumhuriyet Döneminde İstanbul’da Ev ModasıSüryani Hagiografisinde Kadın AzizelerOsmanlı Devleti’nde Müslüman Kadınlara Uygulanan Yasaklar ve KısıtlamalarTarihte Türk Kadınının Serüveni ve Mustafa Kemal’in Türk Kadınına BakışıTürkiye’de Kadının Sosyo-Ekonomik Yapısı: Kahramanmaraş ÖrneğiKurtuluş Savaşı Yılları Güney Cephesinde İstiklal Kahramanı Bir Kadın: Tayyar Rahime Hatun</p>

<p>İçindekilerGöç, Dayanışma ve Uyum Bağlamında Rozana Penceresinden Günümüze Antakya’da Yaşayan Suriyeli Kadınların Sosyalleşme Alanları: Sıbhiyyi ve Jam’iyya (İstikbal)Antik Dönemde Kadın: Prehistorik Kadın’dan Havva’ya KadarKişisel Markalaşma Fenomeni:<span class="excerpt-hellip"> […]</span></p>
