{"id":731707,"date":"2025-08-27T21:37:08","date_gmt":"2025-08-27T18:37:08","guid":{"rendered":"https:\/\/roveyayinevi.com.tr\/index.php\/urun\/spider-man-ofkeli-kanatlar\/"},"modified":"2026-04-16T02:39:45","modified_gmt":"2026-04-15T23:39:45","slug":"spider-man-ofkeli-kanatlar","status":"publish","type":"product","link":"https:\/\/roveyayinevi.com.tr\/index.php\/urun\/spider-man-ofkeli-kanatlar\/","title":{"rendered":"Spider-Man: \u00d6fkeli Kanatlar"},"content":{"rendered":"<p>AKS\u0130YON DOLU V\u0130DEO OYUNUNUN \u00d6N H\u0130K\u00c2YES\u0130!Miles Morales\u2019in yeni bir mahalleye ta\u015f\u0131nmas\u0131, babas\u0131n\u0131n vefat\u0131 ve t\u00fcm bu s\u00fcper g\u00fc\u00e7leri kazanmas\u0131 gibi olaylarla i\u015fi ba\u015f\u0131ndan fazlas\u0131yla a\u015fk\u0131nd\u0131. Kanun ile ters d\u00fc\u015ft\u00fckten sonra, insanlar\u0131n i\u00e7inizdeki en k\u00f6t\u00fcy\u00fc g\u00f6rmeye meyilli oldu\u011fu bir hayatta ger\u00e7ek bir s\u00fcperkahraman olman\u0131n anlam\u0131n\u0131 sorgulamaktayd\u0131. Yeni yeteneklerinin getirdi\u011fi g\u00fc\u00e7 ve \u00f6zg\u00fcrl\u00fc\u011fe kendini kapt\u0131ran Miles, nas\u0131l bir \u00d6r\u00fcmcek-Adam olmak istedi\u011fine karar vermeliydi.   Vulture, yeni su\u00e7 orta\u011f\u0131 Starling ile t\u00fcm \u015fehri darmaduman ederken Miles tabii ki arkas\u0131na yaslan\u0131p olanlar\u0131 \u00f6ylece izlemeyecekti. Peter Parker\u2019la bir araya gelip iki \u00d6r\u00fcmcek-Adam olarak bu kanatl\u0131 ikiliyi, \u015fehre deneysel teknoloji felaketini yaymadan \u00f6nce durdurmalar\u0131 gerekmekteydi. Onlarca hayat tehlike alt\u0131ndayken Miles bir ad\u0131m \u00f6ne \u00e7\u0131k\u0131p da kahramanl\u0131\u011f\u0131n\u0131 ispatlayabilecek miydi? <\/p>\n","protected":false},"excerpt":{"rendered":"<p>AKS\u0130YON DOLU V\u0130DEO OYUNUNUN \u00d6N H\u0130K\u00c2YES\u0130!Miles Morales\u2019in yeni bir mahalleye ta\u015f\u0131nmas\u0131, babas\u0131n\u0131n vefat\u0131 ve t\u00fcm bu s\u00fcper g\u00fc\u00e7leri kazanmas\u0131 gibi olaylarla i\u015fi ba\u015f\u0131ndan fazlas\u0131yla a\u015fk\u0131nd\u0131. Kanun<span class=\"excerpt-hellip\"> [\u2026]<\/span><\/p>\n","protected":false},"featured_media":0,"template":"","meta":{"_monsterinsights_skip_tracking":false,"_monsterinsights_sitenote_active":false,"_monsterinsights_sitenote_note":"","_monsterinsights_sitenote_category":0},"product_brand":[],"product_cat":[12291,14777],"product_tag":[],"class_list":{"0":"post-731707","1":"product","2":"type-product","3":"status-publish","5":"product_cat-edebiyat","6":"product_cat-fantastik","7":"pa_cilt-ciltsiz","8":"pa_tur-kitap","9":"pa_yayinevi-ithaki-yayinlari","10":"pa_yazar-brittney-morris","12":"first","13":"instock","14":"sale","15":"shipping-taxable","16":"purchasable","17":"product-type-simple"},"_links":{"self":[{"href":"https:\/\/roveyayinevi.com.tr\/index.php\/wp-json\/wp\/v2\/product\/731707","targetHints":{"allow":["GET"]}}],"collection":[{"href":"https:\/\/roveyayinevi.com.tr\/index.php\/wp-json\/wp\/v2\/product"}],"about":[{"href":"https:\/\/roveyayinevi.com.tr\/index.php\/wp-json\/wp\/v2\/types\/product"}],"wp:attachment":[{"href":"https:\/\/roveyayinevi.com.tr\/index.php\/wp-json\/wp\/v2\/media?parent=731707"}],"wp:term":[{"taxonomy":"product_brand","embeddable":true,"href":"https:\/\/roveyayinevi.com.tr\/index.php\/wp-json\/wp\/v2\/product_brand?post=731707"},{"taxonomy":"product_cat","embeddable":true,"href":"https:\/\/roveyayinevi.com.tr\/index.php\/wp-json\/wp\/v2\/product_cat?post=731707"},{"taxonomy":"product_tag","embeddable":true,"href":"https:\/\/roveyayinevi.com.tr\/index.php\/wp-json\/wp\/v2\/product_tag?post=731707"}],"curies":[{"name":"wp","href":"https:\/\/api.w.org\/{rel}","templated":true}]}}