{"id":731704,"date":"2025-08-27T21:37:06","date_gmt":"2025-08-27T18:37:06","guid":{"rendered":"https:\/\/roveyayinevi.com.tr\/index.php\/urun\/mustafa-necati-bey\/"},"modified":"2026-04-16T02:39:45","modified_gmt":"2026-04-15T23:39:45","slug":"mustafa-necati-bey","status":"publish","type":"product","link":"https:\/\/roveyayinevi.com.tr\/index.php\/urun\/mustafa-necati-bey\/","title":{"rendered":"Mustafa Necati Bey"},"content":{"rendered":"<p>\u201c\u2026Hangi y\u00f6n\u00fcn\u00fc anlatmal\u0131 ki. \u00d6\u011fretmenli\u011fini mi? Kurdu\u011fu ve ba\u015fkanl\u0131k etti\u011fi dernekleri mi? Hukuk\u00e7ulu\u011funu mu? Altay Futbol Tak\u0131m\u0131n\u0131n Kurucu Ba\u015fkanl\u0131\u011f\u0131n\u0131 m\u0131? Gazete yazarl\u0131\u011f\u0131n\u0131 m\u0131? Kuvay\u0131 Milliyecili\u011fini mi? \u0130stiklal Mahkemeleri yarg\u0131\u00e7l\u0131\u011f\u0131n\u0131 m\u0131? Muallimler Derne\u011fi Ba\u015fkanl\u0131\u011f\u0131n\u0131 m\u0131? M\u00fcbadele, \u0130mar ve \u0130sk\u00e2n Bakanl\u0131\u011f\u0131n\u0131 m\u0131? Adalet Bakanl\u0131\u011f\u0131n\u0131 m\u0131?.. Yoksa Mill\u00ee E\u011fitim Bakanl\u0131\u011f\u0131n\u0131 m\u0131? Vatanseverli\u011fini mi? E\u011fitimcili\u011fini, m\u00fccadeleci\u011fini, hukuk\u00e7ulu\u011funu mu? Ayd\u0131n, ilerici, \u00f6rg\u00fct\u00e7\u00fc, yard\u0131msever, yenilik\u00e7i, at\u0131l\u0131mc\u0131, d\u00fcr\u00fcst, sayg\u0131n, sevecen, \u00f6zverili ki\u015fili\u011fini mi? \u00d6d\u00fcns\u00fcz \u00fclk\u00fcc\u00fcl\u00fc\u011f\u00fcn\u00fc, devrimcili\u011fini mi? 35 y\u0131ll\u0131k \u00f6mr\u00fcne s\u0131\u011fd\u0131rd\u0131\u011f\u0131 bunca eylemli ya\u015fam\u0131n hangi par\u00e7as\u0131n\u0131 anlatmal\u0131 ki? Mustafa Necati Bey dendi mi, benim akl\u0131ma ilk olarak; Kurtulu\u015f Sava\u015f\u0131 y\u0131llar\u0131ndaki Kastamonu y\u00f6resi \u0130stiklal Mahkemesi yarg\u0131c\u0131n\u0131n sesi geliyor kula\u011f\u0131ma:     &#8220;Bundan sonra memleketin casuslara, e\u015fk\u0131yaya, r\u00fc\u015fvet alana, zalime, asker ka\u00e7a\u011f\u0131na, bunlar\u0131 saklayanlara, zenginleri fukaraya tercih edenlere her kim ve ne mevkide ve r\u00fctbede ne kadar b\u00fcy\u00fck olursa olsun, aman yoktur!..\u201d Ya\u015far ALADA\u011e <\/p>\n","protected":false},"excerpt":{"rendered":"<p>\u201c\u2026Hangi y\u00f6n\u00fcn\u00fc anlatmal\u0131 ki. \u00d6\u011fretmenli\u011fini mi? Kurdu\u011fu ve ba\u015fkanl\u0131k etti\u011fi dernekleri mi? Hukuk\u00e7ulu\u011funu mu? Altay Futbol Tak\u0131m\u0131n\u0131n Kurucu Ba\u015fkanl\u0131\u011f\u0131n\u0131 m\u0131? Gazete yazarl\u0131\u011f\u0131n\u0131 m\u0131? Kuvay\u0131 Milliyecili\u011fini mi?<span class=\"excerpt-hellip\"> [\u2026]<\/span><\/p>\n","protected":false},"featured_media":0,"template":"","meta":{"_monsterinsights_skip_tracking":false,"_monsterinsights_sitenote_active":false,"_monsterinsights_sitenote_note":"","_monsterinsights_sitenote_category":0},"product_brand":[],"product_cat":[12370,12304],"product_tag":[],"class_list":{"0":"post-731704","1":"product","2":"type-product","3":"status-publish","5":"product_cat-arastirma-inceleme","6":"product_cat-tarih","7":"pa_cilt-ciltsiz","8":"pa_tur-kitap","9":"pa_yayinevi-galeati-yayincilik","10":"pa_yazar-yasar-aladag","12":"first","13":"instock","14":"sale","15":"shipping-taxable","16":"purchasable","17":"product-type-simple"},"_links":{"self":[{"href":"https:\/\/roveyayinevi.com.tr\/index.php\/wp-json\/wp\/v2\/product\/731704","targetHints":{"allow":["GET"]}}],"collection":[{"href":"https:\/\/roveyayinevi.com.tr\/index.php\/wp-json\/wp\/v2\/product"}],"about":[{"href":"https:\/\/roveyayinevi.com.tr\/index.php\/wp-json\/wp\/v2\/types\/product"}],"wp:attachment":[{"href":"https:\/\/roveyayinevi.com.tr\/index.php\/wp-json\/wp\/v2\/media?parent=731704"}],"wp:term":[{"taxonomy":"product_brand","embeddable":true,"href":"https:\/\/roveyayinevi.com.tr\/index.php\/wp-json\/wp\/v2\/product_brand?post=731704"},{"taxonomy":"product_cat","embeddable":true,"href":"https:\/\/roveyayinevi.com.tr\/index.php\/wp-json\/wp\/v2\/product_cat?post=731704"},{"taxonomy":"product_tag","embeddable":true,"href":"https:\/\/roveyayinevi.com.tr\/index.php\/wp-json\/wp\/v2\/product_tag?post=731704"}],"curies":[{"name":"wp","href":"https:\/\/api.w.org\/{rel}","templated":true}]}}