{"id":731701,"date":"2025-08-27T21:37:03","date_gmt":"2025-08-27T18:37:03","guid":{"rendered":"https:\/\/roveyayinevi.com.tr\/index.php\/urun\/osmanli-devletinde-maden-hukuku-ve-imtiyazlar\/"},"modified":"2026-04-16T02:39:45","modified_gmt":"2026-04-15T23:39:45","slug":"osmanli-devletinde-maden-hukuku-ve-imtiyazlar","status":"publish","type":"product","link":"https:\/\/roveyayinevi.com.tr\/index.php\/urun\/osmanli-devletinde-maden-hukuku-ve-imtiyazlar\/","title":{"rendered":"Osmanl\u0131 Devleti&#8217;nde Maden Hukuku Ve \u0130mtiyazlar"},"content":{"rendered":"<p>D\u00fcnya kapitalist ekonomisiyle etkile\u015fim i\u00e7erisinde h\u0131zla de\u011fi\u015fen idari,mali vb yap\u0131 sal g\u00f6n\u00fc\u015f\u00fcm ve yap\u0131lanmada Osmanl\u0131 \u0130mparatorlu\u011fu d\u0131\u015f bor\u00e7lar\u0131n etkisiyle yabanc\u0131 sermayenin etkili oldu\u011fu madencilik sekt\u00f6r\u00fcnde d\u00fczenlemeler yapmak zorunda kald\u0131 Maden nizamnamelerinin haz\u0131rland\u0131\u011f\u0131 d\u00f6nemde Osmanl\u0131 \u0130mparatorlu\u011fu\u2019nun d\u00fcnya kapitalist ekonomisiyle b\u00fct\u00fcnle\u015fmesinin anlam\u0131, d\u00fcnya pazar\u0131 i\u00e7in hammadde kayna\u011f\u0131 olmas\u0131 ile s\u0131n\u0131rl\u0131yd\u0131.Bu s\u00fcre\u00e7te,madencilik sekt\u00f6r\u00fcnde \u0130ngiliz sermayesi hammaddde teminini ve ihrac\u0131n\u0131 zorla\u015ft\u0131ran engelleri h\u0131zla ortadan kald\u0131rd\u0131lar.Bu ba\u011flamda,Maden Nizamnameleri \u0130ngiliz emperyalizminin sermaye \u0130hrac\u0131\u2019n\u0131 kolayla\u015ft\u0131rmas\u0131na y\u00f6nelik d\u00fczenlemeler haline geldi.Ta\u015ftekin\u2019in kitab\u0131n\u0131n 1861,1869,1887 ve 1906 maden nizamnamelerinin d\u00fczenlemesinin imtiyazlar a\u00e7\u0131s\u0131ndan ele almas\u0131 bu bak\u0131mdan \u00f6nemlidir.Nitekim yabanc\u0131lara tek ba\u015f\u0131na maden i\u015fletme hakk\u0131n\u0131n verilmedi\u011fi 1861 Maden Nizamnamesi\u2019nin ard\u0131ndan 1869 Maden Nizamnamesi\u2019nde bu sn\u0131rlama  kald\u0131r\u0131lmas\u0131 da bu kapsamda daha anlaml\u0131 bir hal almaktad\u0131r.Ta\u015ftekin\u2019in kitab\u0131 maden hukukunuun niteli\u011fi ve hukuki rejiminin tart\u0131\u015f\u0131ld\u0131\u011f\u0131 ilk b\u00f6l\u00fcmden sonra ikinci b\u00f6l\u00fcmde  Osmanl\u0131 Maden Hukuku\u2019nun imtiyazlar a\u00e7\u0131s\u0131ndan de\u011fi\u015fimini irdelemektedir.Kitapta,maden nizamnamelerinin,empreyalizmin sermaye ihrac\u0131na y\u00f6nelik ara\u00e7 olarak kullan\u0131mas\u0131 \u00f6rnek vakalarla anlamland\u0131r\u0131lmaktad\u0131r.Bahsi ge\u00e7en maden nizamnamelerin ekler b\u00f6l\u00fcm\u00fcnde bir araya getirilerek \u00e7eviriyaz\u0131s\u0131n\u0131n eklenmesi ile kitap alana belgesel bir katk\u0131 da sa\u011flamaktad\u0131r.<\/p>\n","protected":false},"excerpt":{"rendered":"<p>D\u00fcnya kapitalist ekonomisiyle etkile\u015fim i\u00e7erisinde h\u0131zla de\u011fi\u015fen idari,mali vb yap\u0131 sal g\u00f6n\u00fc\u015f\u00fcm ve yap\u0131lanmada Osmanl\u0131 \u0130mparatorlu\u011fu d\u0131\u015f bor\u00e7lar\u0131n etkisiyle yabanc\u0131 sermayenin etkili oldu\u011fu madencilik sekt\u00f6r\u00fcnde d\u00fczenlemeler<span class=\"excerpt-hellip\"> [\u2026]<\/span><\/p>\n","protected":false},"featured_media":0,"template":"","meta":{"_monsterinsights_skip_tracking":false,"_monsterinsights_sitenote_active":false,"_monsterinsights_sitenote_note":"","_monsterinsights_sitenote_category":0},"product_brand":[],"product_cat":[13517,12304],"product_tag":[],"class_list":{"0":"post-731701","1":"product","2":"type-product","3":"status-publish","5":"product_cat-osmanli-tarihi","6":"product_cat-tarih","7":"pa_cilt-ciltsiz","8":"pa_tur-kitap","9":"pa_yayinevi-bilgin-kultur-sanat","10":"pa_yazar-serap-tastekin","12":"first","13":"instock","14":"sale","15":"shipping-taxable","16":"purchasable","17":"product-type-simple"},"_links":{"self":[{"href":"https:\/\/roveyayinevi.com.tr\/index.php\/wp-json\/wp\/v2\/product\/731701","targetHints":{"allow":["GET"]}}],"collection":[{"href":"https:\/\/roveyayinevi.com.tr\/index.php\/wp-json\/wp\/v2\/product"}],"about":[{"href":"https:\/\/roveyayinevi.com.tr\/index.php\/wp-json\/wp\/v2\/types\/product"}],"wp:attachment":[{"href":"https:\/\/roveyayinevi.com.tr\/index.php\/wp-json\/wp\/v2\/media?parent=731701"}],"wp:term":[{"taxonomy":"product_brand","embeddable":true,"href":"https:\/\/roveyayinevi.com.tr\/index.php\/wp-json\/wp\/v2\/product_brand?post=731701"},{"taxonomy":"product_cat","embeddable":true,"href":"https:\/\/roveyayinevi.com.tr\/index.php\/wp-json\/wp\/v2\/product_cat?post=731701"},{"taxonomy":"product_tag","embeddable":true,"href":"https:\/\/roveyayinevi.com.tr\/index.php\/wp-json\/wp\/v2\/product_tag?post=731701"}],"curies":[{"name":"wp","href":"https:\/\/api.w.org\/{rel}","templated":true}]}}