{"id":731685,"date":"2025-08-27T21:36:49","date_gmt":"2025-08-27T18:36:49","guid":{"rendered":"https:\/\/roveyayinevi.com.tr\/index.php\/urun\/esyanin-resimli-tarihi\/"},"modified":"2026-04-16T02:39:44","modified_gmt":"2026-04-15T23:39:44","slug":"esyanin-resimli-tarihi","status":"publish","type":"product","link":"https:\/\/roveyayinevi.com.tr\/index.php\/urun\/esyanin-resimli-tarihi\/","title":{"rendered":"E\u015fyan\u0131n Resimli Tarihi"},"content":{"rendered":"<p>Frederick Litchfield\u2019in ilk kez 1892 y\u0131l\u0131nda yay\u0131mlanan ikonik kitab\u0131 nihayet T\u00fcrk\u00e7ede.   E\u015fyan\u0131n Resimli Tarihi kutsal kitaplardan, medeniyetin en eski zamanlar\u0131ndan Roma\u2019ya, oradan Asya ve Uzak Do\u011fu\u2019ya, R\u00f6nesans\u2019a ve Frans\u0131z Devrimi\u2019ne kadar uzanan ba\u015f d\u00f6nd\u00fcr\u00fcc\u00fc bir \u201ctarih boyunca mobilyalar\u201d yolculu\u011funa \u00e7\u0131kar\u0131yor. Yeni ba\u015flayanlar ve merakl\u0131lar\u0131 i\u00e7in bug\u00fcn evlerimizde kulland\u0131\u011f\u0131m\u0131z ev e\u015fyalar\u0131n\u0131n; koltu\u011fun, yemek ya da \u00e7al\u0131\u015fma masas\u0131n\u0131n, d\u00f6\u015femelerin ve s\u00fcslemelerin tarih i\u00e7indeki de\u011fi\u015fimine dair tatmin edici bir panorama sunuyor.   \u0130\u00e7indeki 400\u2019den fazla \u00e7izimle E\u015fyan\u0131n Resimli Tarihi, konuyla ilgisi olsun olmas\u0131n her iyi okurun kitapl\u0131\u011f\u0131nda bulundurmaktan b\u00fcy\u00fck keyif alaca\u011f\u0131 bir kaynak kitap. Mobilyan\u0131n tarih i\u00e7indeki de\u011fi\u015fimi ve her d\u00f6nemin h\u00e2kim trendleri, dekorasyon modas\u0131na y\u00f6n veren isimler ve ak\u0131mlar, Litchfield\u2019in kendine \u00f6zg\u00fc \u00fcslubuyla bir as\u0131rdan fazla bir zaman sonra g\u00fcn\u00fcm\u00fcze Seda Ate\u015f\u2019in \u00f6zenli \u00e7evirisiyle ula\u015f\u0131yor. Yazar\u0131n didaktik olmaktan uzak \u00fcslubu ve s\u00f6zkonusu d\u00f6nemlerin politik, k\u00fclt\u00fcrel ve sosyal hayat\u0131ndaki de\u011fi\u015fimleri aktarmaktaki yetkinli\u011fi E\u015fyan\u0131n Resimli Tarihi\u2019nin bug\u00fcn de konunun merakl\u0131lar\u0131 i\u00e7in bir ba\u015fucu kitab\u0131 olmas\u0131n\u0131n en \u00f6nemli nedeni. <\/p>\n","protected":false},"excerpt":{"rendered":"<p>Frederick Litchfield\u2019in ilk kez 1892 y\u0131l\u0131nda yay\u0131mlanan ikonik kitab\u0131 nihayet T\u00fcrk\u00e7ede. E\u015fyan\u0131n Resimli Tarihi kutsal kitaplardan, medeniyetin en eski zamanlar\u0131ndan Roma\u2019ya, oradan Asya ve Uzak Do\u011fu\u2019ya,<span class=\"excerpt-hellip\"> [\u2026]<\/span><\/p>\n","protected":false},"featured_media":0,"template":"","meta":{"_monsterinsights_skip_tracking":false,"_monsterinsights_sitenote_active":false,"_monsterinsights_sitenote_note":"","_monsterinsights_sitenote_category":0},"product_brand":[],"product_cat":[12370,12304],"product_tag":[],"class_list":{"0":"post-731685","1":"product","2":"type-product","3":"status-publish","5":"product_cat-arastirma-inceleme","6":"product_cat-tarih","7":"pa_cilt-ciltsiz","8":"pa_tur-kitap","9":"pa_yayinevi-kara-karga-yayinlari","10":"pa_yazar-frederick-litchfield","12":"first","13":"instock","14":"sale","15":"shipping-taxable","16":"purchasable","17":"product-type-simple"},"_links":{"self":[{"href":"https:\/\/roveyayinevi.com.tr\/index.php\/wp-json\/wp\/v2\/product\/731685","targetHints":{"allow":["GET"]}}],"collection":[{"href":"https:\/\/roveyayinevi.com.tr\/index.php\/wp-json\/wp\/v2\/product"}],"about":[{"href":"https:\/\/roveyayinevi.com.tr\/index.php\/wp-json\/wp\/v2\/types\/product"}],"wp:attachment":[{"href":"https:\/\/roveyayinevi.com.tr\/index.php\/wp-json\/wp\/v2\/media?parent=731685"}],"wp:term":[{"taxonomy":"product_brand","embeddable":true,"href":"https:\/\/roveyayinevi.com.tr\/index.php\/wp-json\/wp\/v2\/product_brand?post=731685"},{"taxonomy":"product_cat","embeddable":true,"href":"https:\/\/roveyayinevi.com.tr\/index.php\/wp-json\/wp\/v2\/product_cat?post=731685"},{"taxonomy":"product_tag","embeddable":true,"href":"https:\/\/roveyayinevi.com.tr\/index.php\/wp-json\/wp\/v2\/product_tag?post=731685"}],"curies":[{"name":"wp","href":"https:\/\/api.w.org\/{rel}","templated":true}]}}