{"id":731683,"date":"2025-08-27T21:36:47","date_gmt":"2025-08-27T18:36:47","guid":{"rendered":"https:\/\/roveyayinevi.com.tr\/index.php\/urun\/kendi-masalimin-kahramaniyim\/"},"modified":"2026-04-16T02:39:44","modified_gmt":"2026-04-15T23:39:44","slug":"kendi-masalimin-kahramaniyim","status":"publish","type":"product","link":"https:\/\/roveyayinevi.com.tr\/index.php\/urun\/kendi-masalimin-kahramaniyim\/","title":{"rendered":"Kendi Masal\u0131m\u0131n Kahraman\u0131y\u0131m"},"content":{"rendered":"<p>\u201cG\u00fcc\u00fcm\u00fcn kayna\u011f\u0131 ba\u015far\u0131lar\u0131m de\u011fil, her d\u00fc\u015ft\u00fc\u011f\u00fcmde tekrar aya\u011fa kalkabilece\u011fime olan mutlak inanc\u0131md\u0131r.\u201d   \u00c7ocuklu\u011fundan beri t\u00fcrl\u00fc kronik hastal\u0131klarla m\u00fccadele eden ve hayat\u0131 hastane odalar\u0131n\u0131n penceresinden yakalamaya \u00e7al\u0131\u015fan bir kad\u0131n\u0131n g\u00fc\u00e7, cesaret ve umut dolu ya\u015fam\u0131&#8230; TO\u00c7EV\u2019in kurucusu Ebru Uygun\u2019dan pes etmemeye, \u015fartlar ne olursa olsun \u00fcretmenin \u00f6nemine ve karabulutlar\u0131n \u00fcst\u00fcm\u00fczde doland\u0131\u011f\u0131 zamanlarda elimizi tutacak bir ailenin bize kataca\u011f\u0131 g\u00fcce dair fark\u0131ndal\u0131k yaratacak ruh ve zek\u00e2 dolu bir kitap. *** \u201cHastane odalar\u0131 beni iyile\u015ftirdi, o odalar beni b\u00fcy\u00fctt\u00fc ve bu hi\u00e7 de kolay bir s\u00fcre\u00e7 olmad\u0131. Dahas\u0131 bu odalar hi\u00e7 bitmedi, bitecek gibi de de\u011fil&#8230;\u201d <\/p>\n","protected":false},"excerpt":{"rendered":"<p>\u201cG\u00fcc\u00fcm\u00fcn kayna\u011f\u0131 ba\u015far\u0131lar\u0131m de\u011fil, her d\u00fc\u015ft\u00fc\u011f\u00fcmde tekrar aya\u011fa kalkabilece\u011fime olan mutlak inanc\u0131md\u0131r.\u201d \u00c7ocuklu\u011fundan beri t\u00fcrl\u00fc kronik hastal\u0131klarla m\u00fccadele eden ve hayat\u0131 hastane odalar\u0131n\u0131n penceresinden yakalamaya \u00e7al\u0131\u015fan<span class=\"excerpt-hellip\"> [\u2026]<\/span><\/p>\n","protected":false},"featured_media":0,"template":"","meta":{"_monsterinsights_skip_tracking":false,"_monsterinsights_sitenote_active":false,"_monsterinsights_sitenote_note":"","_monsterinsights_sitenote_category":0},"product_brand":[],"product_cat":[12291,12711],"product_tag":[],"class_list":{"0":"post-731683","1":"product","2":"type-product","3":"status-publish","5":"product_cat-edebiyat","6":"product_cat-roman-oyku","7":"pa_cilt-ciltsiz","8":"pa_tur-kitap","9":"pa_yayinevi-destek-yayinlari","10":"pa_yazar-ebru-uygun","12":"first","13":"instock","14":"sale","15":"shipping-taxable","16":"purchasable","17":"product-type-simple"},"_links":{"self":[{"href":"https:\/\/roveyayinevi.com.tr\/index.php\/wp-json\/wp\/v2\/product\/731683","targetHints":{"allow":["GET"]}}],"collection":[{"href":"https:\/\/roveyayinevi.com.tr\/index.php\/wp-json\/wp\/v2\/product"}],"about":[{"href":"https:\/\/roveyayinevi.com.tr\/index.php\/wp-json\/wp\/v2\/types\/product"}],"wp:attachment":[{"href":"https:\/\/roveyayinevi.com.tr\/index.php\/wp-json\/wp\/v2\/media?parent=731683"}],"wp:term":[{"taxonomy":"product_brand","embeddable":true,"href":"https:\/\/roveyayinevi.com.tr\/index.php\/wp-json\/wp\/v2\/product_brand?post=731683"},{"taxonomy":"product_cat","embeddable":true,"href":"https:\/\/roveyayinevi.com.tr\/index.php\/wp-json\/wp\/v2\/product_cat?post=731683"},{"taxonomy":"product_tag","embeddable":true,"href":"https:\/\/roveyayinevi.com.tr\/index.php\/wp-json\/wp\/v2\/product_tag?post=731683"}],"curies":[{"name":"wp","href":"https:\/\/api.w.org\/{rel}","templated":true}]}}