{"id":731678,"date":"2025-08-27T21:36:42","date_gmt":"2025-08-27T18:36:42","guid":{"rendered":"https:\/\/roveyayinevi.com.tr\/index.php\/urun\/alacakaranlikta-hegeli-dusunmek\/"},"modified":"2025-11-21T06:55:35","modified_gmt":"2025-11-21T03:55:35","slug":"alacakaranlikta-hegeli-dusunmek","status":"publish","type":"product","link":"https:\/\/roveyayinevi.com.tr\/index.php\/urun\/alacakaranlikta-hegeli-dusunmek\/","title":{"rendered":"Alacakaranl\u0131kta Hegel\u2019i D\u00fc\u015f\u00fcnmek"},"content":{"rendered":"<p>Hegel\u2019in felsefesi son iki yu\u0308zy\u0131lda bir\u00e7ok kez .\u00f6lu\u0308 ilan edilmi\u015f, gericili\u011fe ve hatta totalitarizme zemin haz\u0131rlamakla su\u00e7lanm\u0131\u015f olsa da, bu felsefenin gu\u0308cu\u0308 ve etkisi azalmad\u0131. Tam aksine: 1960\u2019lardan beri hem K\u0131ta Avrupas\u0131 felsefesinde hem de mant\u0131ksal-pozitivizmi takip eden Analitik felsefe gelene\u011finde bir Hegel R\u00f6nesans\u2019\u0131 ya\u015fand\u0131. Birbirinden ba\u015far\u0131l\u0131 denemelerden olu\u015fan bu kitap, Hegel felsefesinin kal\u0131c\u0131 gu\u0308cu\u0308ne tan\u0131kl\u0131k etmektedir. Ayn\u0131 zamanda bu \u00e7al\u0131\u015fma, son on y\u0131l\u0131n olduk\u00e7a olumsuz politik ko\u015fullar\u0131 alt\u0131nda \u00e7al\u0131\u015fan, fakat yine de uluslararas\u0131 bir bilim ve analiz du\u0308zeyine ula\u015fmay\u0131 ba\u015faran Tu\u0308rkiyeli bilim insanlar\u0131n\u0131n olu\u015fturdu\u011fu bir felsefi toplulu\u011fun filizlenmesini belgeliyor. Tu\u0308rkiye\u2019deki okurlara Hegel felsefesi ve onun zengin ve \u00e7e\u015fitlenmi\u015f miras\u0131 u\u0308zerine bu parlak derlemeyi sunmak benim i\u00e7in bu\u0308yu\u0308k bir mutluluk kayna\u011f\u0131&#8230;\u015eeyla Benhabib<\/p>\n","protected":false},"excerpt":{"rendered":"<p>Hegel\u2019in felsefesi son iki yu\u0308zy\u0131lda bir\u00e7ok kez .\u00f6lu\u0308 ilan edilmi\u015f, gericili\u011fe ve hatta totalitarizme zemin haz\u0131rlamakla su\u00e7lanm\u0131\u015f olsa da, bu felsefenin gu\u0308cu\u0308 ve etkisi azalmad\u0131. Tam<span class=\"excerpt-hellip\"> [\u2026]<\/span><\/p>\n","protected":false},"featured_media":0,"template":"","meta":{"_monsterinsights_skip_tracking":false,"_monsterinsights_sitenote_active":false,"_monsterinsights_sitenote_note":"","_monsterinsights_sitenote_category":0},"product_brand":[],"product_cat":[20351,12388],"product_tag":[],"class_list":{"0":"post-731678","1":"product","2":"type-product","3":"status-publish","5":"product_cat-dusunce","6":"product_cat-felsefe","7":"pa_cilt-ciltsiz","8":"pa_tur-kitap","9":"pa_yayinevi-ayrinti-yayinlari","10":"pa_yazar-kurtul-gulenc-ozgur-emrah-gurel","12":"first","13":"instock","14":"sale","15":"shipping-taxable","16":"purchasable","17":"product-type-simple"},"_links":{"self":[{"href":"https:\/\/roveyayinevi.com.tr\/index.php\/wp-json\/wp\/v2\/product\/731678","targetHints":{"allow":["GET"]}}],"collection":[{"href":"https:\/\/roveyayinevi.com.tr\/index.php\/wp-json\/wp\/v2\/product"}],"about":[{"href":"https:\/\/roveyayinevi.com.tr\/index.php\/wp-json\/wp\/v2\/types\/product"}],"wp:attachment":[{"href":"https:\/\/roveyayinevi.com.tr\/index.php\/wp-json\/wp\/v2\/media?parent=731678"}],"wp:term":[{"taxonomy":"product_brand","embeddable":true,"href":"https:\/\/roveyayinevi.com.tr\/index.php\/wp-json\/wp\/v2\/product_brand?post=731678"},{"taxonomy":"product_cat","embeddable":true,"href":"https:\/\/roveyayinevi.com.tr\/index.php\/wp-json\/wp\/v2\/product_cat?post=731678"},{"taxonomy":"product_tag","embeddable":true,"href":"https:\/\/roveyayinevi.com.tr\/index.php\/wp-json\/wp\/v2\/product_tag?post=731678"}],"curies":[{"name":"wp","href":"https:\/\/api.w.org\/{rel}","templated":true}]}}