{"id":731661,"date":"2025-08-27T21:36:27","date_gmt":"2025-08-27T18:36:27","guid":{"rendered":"https:\/\/roveyayinevi.com.tr\/index.php\/urun\/kedi-degil-kiti-kiralik-bekci-kopegi\/"},"modified":"2026-04-16T02:39:44","modified_gmt":"2026-04-15T23:39:44","slug":"kedi-degil-kiti-kiralik-bekci-kopegi","status":"publish","type":"product","link":"https:\/\/roveyayinevi.com.tr\/index.php\/urun\/kedi-degil-kiti-kiralik-bekci-kopegi\/","title":{"rendered":"Kedi De\u011fil Kiti \u2013 Kiral\u0131k Bek\u00e7i K\u00f6pe\u011fi"},"content":{"rendered":"<p>M\u00fczik tutkunu kedilerle dolu bir ev, ama bu kediler SESSIZ DURMAK ZORUNDA! Kedilerin orkestras\u0131ndan rahats\u0131z olan kom\u015fular\u0131, onlar\u0131n art\u0131k g\u00fcr\u00fclt\u00fc yapmamas\u0131n\u0131, en ufak ses bile \u00e7\u0131karmamas\u0131n\u0131 sa\u011flamak \u00fczere bu konuda uzman bir bek\u00e7i k\u00f6pe\u011fi kiralad\u0131lar. Kedilerin ba\u015f\u0131 dertte. DERHAL bir \u00e7\u00f6z\u00fcm bulmak zorundalar. \u00c7\u00f6z\u00fcm her zamanki gibi turuncu kedi giysili k\u00fc\u00e7\u00fck k\u0131zdan geliyor. <\/p>\n","protected":false},"excerpt":{"rendered":"<p>M\u00fczik tutkunu kedilerle dolu bir ev, ama bu kediler SESSIZ DURMAK ZORUNDA! Kedilerin orkestras\u0131ndan rahats\u0131z olan kom\u015fular\u0131, onlar\u0131n art\u0131k g\u00fcr\u00fclt\u00fc yapmamas\u0131n\u0131, en ufak ses bile \u00e7\u0131karmamas\u0131n\u0131<span class=\"excerpt-hellip\"> [\u2026]<\/span><\/p>\n","protected":false},"featured_media":0,"template":"","meta":{"_monsterinsights_skip_tracking":false,"_monsterinsights_sitenote_active":false,"_monsterinsights_sitenote_note":"","_monsterinsights_sitenote_category":0},"product_brand":[],"product_cat":[12274,12518],"product_tag":[],"class_list":{"0":"post-731661","1":"product","2":"type-product","3":"status-publish","5":"product_cat-cocuk-ve-genclik-kitaplari","6":"product_cat-okul-oncesi-kitaplar","7":"pa_cilt-ciltsiz","8":"pa_tur-kitap","9":"pa_yayinevi-is-bankasi-kultur-yayinlari","10":"pa_yazar-jess-black","12":"first","13":"instock","14":"sale","15":"shipping-taxable","16":"purchasable","17":"product-type-simple"},"_links":{"self":[{"href":"https:\/\/roveyayinevi.com.tr\/index.php\/wp-json\/wp\/v2\/product\/731661","targetHints":{"allow":["GET"]}}],"collection":[{"href":"https:\/\/roveyayinevi.com.tr\/index.php\/wp-json\/wp\/v2\/product"}],"about":[{"href":"https:\/\/roveyayinevi.com.tr\/index.php\/wp-json\/wp\/v2\/types\/product"}],"wp:attachment":[{"href":"https:\/\/roveyayinevi.com.tr\/index.php\/wp-json\/wp\/v2\/media?parent=731661"}],"wp:term":[{"taxonomy":"product_brand","embeddable":true,"href":"https:\/\/roveyayinevi.com.tr\/index.php\/wp-json\/wp\/v2\/product_brand?post=731661"},{"taxonomy":"product_cat","embeddable":true,"href":"https:\/\/roveyayinevi.com.tr\/index.php\/wp-json\/wp\/v2\/product_cat?post=731661"},{"taxonomy":"product_tag","embeddable":true,"href":"https:\/\/roveyayinevi.com.tr\/index.php\/wp-json\/wp\/v2\/product_tag?post=731661"}],"curies":[{"name":"wp","href":"https:\/\/api.w.org\/{rel}","templated":true}]}}