{"id":731645,"date":"2025-08-27T21:36:12","date_gmt":"2025-08-27T18:36:12","guid":{"rendered":"https:\/\/roveyayinevi.com.tr\/index.php\/urun\/aklin-yolu\/"},"modified":"2026-04-16T02:39:43","modified_gmt":"2026-04-15T23:39:43","slug":"aklin-yolu","status":"publish","type":"product","link":"https:\/\/roveyayinevi.com.tr\/index.php\/urun\/aklin-yolu\/","title":{"rendered":"Akl\u0131n Yolu"},"content":{"rendered":"<p>\u201cGayet zeki bir hayvan ile hayli s\u0131n\u0131rl\u0131 yeterlilikteki bir adam aras\u0131ndaki u\u00e7urum muhtemelen bir mankafa ile bir d\u00e2hi aras\u0131ndakinden daha b\u00fcy\u00fck de\u011fildir. Bu y\u00fczden, (&#8230;) onlar aras\u0131ndaki bir ba\u015fka bak\u0131mdan, e\u011filim ve duygular\u0131n\u0131n benzerli\u011finden kaynaklanan ve yine her ikisini birbirine mezceden benzerlik zaman zaman \u015fa\u015f\u0131rt\u0131c\u0131 \u015fekilde bariz hale gelir ve hayreti mucip olur. Bu m\u00fclahaza b\u00fct\u00fcn hayvanlarda iradenin asli ve esasi \u015fey oldu\u011funu a\u00e7\u0131\u011fa kavu\u015fturur; buna mukabil zihin tali ve ilave bir \u015feydir, asl\u0131nda iradenin hizmetinde safi bir ara\u00e7t\u0131r.\u201d Kitapl\u0131\u011f\u0131n daha \u00f6nceki kitaplar\u0131 Ak\u0131l Zay\u0131fl\u0131\u011f\u0131 ve Ak\u0131l Sa\u011fl\u0131\u011f\u0131 gibi, \u015fimdi Akl\u0131n Yolu ba\u015fl\u0131\u011f\u0131yla yay\u0131mlanan bu metin de akl\u0131n mahiyeti \u00fczerinde duruyor, isteme kar\u015f\u0131s\u0131ndaki vaziyetini, ona nazaran zay\u0131f ve onun kar\u015f\u0131s\u0131nda k\u0131r\u0131lgan yanlar\u0131n\u0131 ele al\u0131yor.<\/p>\n","protected":false},"excerpt":{"rendered":"<p>\u201cGayet zeki bir hayvan ile hayli s\u0131n\u0131rl\u0131 yeterlilikteki bir adam aras\u0131ndaki u\u00e7urum muhtemelen bir mankafa ile bir d\u00e2hi aras\u0131ndakinden daha b\u00fcy\u00fck de\u011fildir. Bu y\u00fczden, (&#8230;) onlar<span class=\"excerpt-hellip\"> [\u2026]<\/span><\/p>\n","protected":false},"featured_media":0,"template":"","meta":{"_monsterinsights_skip_tracking":false,"_monsterinsights_sitenote_active":false,"_monsterinsights_sitenote_note":"","_monsterinsights_sitenote_category":0},"product_brand":[],"product_cat":[12388,13555],"product_tag":[],"class_list":{"0":"post-731645","1":"product","2":"type-product","3":"status-publish","5":"product_cat-felsefe","6":"product_cat-genel-felsefe","7":"pa_cilt-ciltsiz","8":"pa_tur-kitap","9":"pa_yayinevi-say-yayinlari","10":"pa_yazar-arthur-schopenhauer","12":"first","13":"instock","14":"sale","15":"shipping-taxable","16":"purchasable","17":"product-type-simple"},"_links":{"self":[{"href":"https:\/\/roveyayinevi.com.tr\/index.php\/wp-json\/wp\/v2\/product\/731645","targetHints":{"allow":["GET"]}}],"collection":[{"href":"https:\/\/roveyayinevi.com.tr\/index.php\/wp-json\/wp\/v2\/product"}],"about":[{"href":"https:\/\/roveyayinevi.com.tr\/index.php\/wp-json\/wp\/v2\/types\/product"}],"wp:attachment":[{"href":"https:\/\/roveyayinevi.com.tr\/index.php\/wp-json\/wp\/v2\/media?parent=731645"}],"wp:term":[{"taxonomy":"product_brand","embeddable":true,"href":"https:\/\/roveyayinevi.com.tr\/index.php\/wp-json\/wp\/v2\/product_brand?post=731645"},{"taxonomy":"product_cat","embeddable":true,"href":"https:\/\/roveyayinevi.com.tr\/index.php\/wp-json\/wp\/v2\/product_cat?post=731645"},{"taxonomy":"product_tag","embeddable":true,"href":"https:\/\/roveyayinevi.com.tr\/index.php\/wp-json\/wp\/v2\/product_tag?post=731645"}],"curies":[{"name":"wp","href":"https:\/\/api.w.org\/{rel}","templated":true}]}}