{"id":731634,"date":"2025-08-27T21:36:01","date_gmt":"2025-08-27T18:36:01","guid":{"rendered":"https:\/\/roveyayinevi.com.tr\/index.php\/urun\/teen-titans-go-parti-parti\/"},"modified":"2026-04-16T02:39:43","modified_gmt":"2026-04-15T23:39:43","slug":"teen-titans-go-parti-parti","status":"publish","type":"product","link":"https:\/\/roveyayinevi.com.tr\/index.php\/urun\/teen-titans-go-parti-parti\/","title":{"rendered":"Teen Titans Go! Parti Parti!"},"content":{"rendered":"<p>Evrendeki en haval\u0131 gen\u00e7 su\u0308per kahraman tak\u0131m\u0131 Teen Titans ve tak\u0131m\u0131n u\u0308yeleri Robin, Y\u0131ld\u0131z Ate\u015fi, Cyborg, Kuzgun ve Canavar \u00c7ocuk! Onlar pizza canavar\u0131yla, canlanan oyun konsoluyla ve beceriksiz k\u00f6tu\u0308ler birli\u011fiyle sava\u015f\u0131rken onlara e\u015flik edin. Su\u0308per kahraman temal\u0131 mini golf sahas\u0131n\u0131 yok etmek, Silikon Vadisi\u2019nde \u015firketin ba\u015f\u0131na ge\u00e7mek, bal\u0131k git oyununu k\u0131yas\u0131ya mu\u0308cadeleyle oynamak, galaksileraras\u0131 telefon \u015fakalar\u0131 yapmak ya da yaln\u0131zca k\u0131zlar\u0131n kat\u0131labildi\u011fi pijama partileri du\u0308zenlemek ve \u00e7ok daha fazlas\u0131&#8230; Dostlar\u0131m\u0131z bu \u015famata ve macera aras\u0131ndan hep zaferle \u00e7\u0131kmay\u0131 ba\u015far\u0131yor (yani \u00e7o\u011fu zaman diyelim). Teen Titans bol e\u011flenceli hik\u00e2yelere imza atarken siz de e\u011flenin.<\/p>\n","protected":false},"excerpt":{"rendered":"<p>Evrendeki en haval\u0131 gen\u00e7 su\u0308per kahraman tak\u0131m\u0131 Teen Titans ve tak\u0131m\u0131n u\u0308yeleri Robin, Y\u0131ld\u0131z Ate\u015fi, Cyborg, Kuzgun ve Canavar \u00c7ocuk! Onlar pizza canavar\u0131yla, canlanan oyun konsoluyla<span class=\"excerpt-hellip\"> [\u2026]<\/span><\/p>\n","protected":false},"featured_media":0,"template":"","meta":{"_monsterinsights_skip_tracking":false,"_monsterinsights_sitenote_active":false,"_monsterinsights_sitenote_note":"","_monsterinsights_sitenote_category":0},"product_brand":[],"product_cat":[12275,12274],"product_tag":[],"class_list":{"0":"post-731634","1":"product","2":"type-product","3":"status-publish","5":"product_cat-6-12-yas-kitaplari","6":"product_cat-cocuk-ve-genclik-kitaplari","7":"pa_cilt-ciltsiz","8":"pa_tur-kitap","9":"pa_yayinevi-dinozor-cocuk","10":"pa_yazar-dinozor-cocuk-kolektif","12":"first","13":"instock","14":"sale","15":"shipping-taxable","16":"purchasable","17":"product-type-simple"},"_links":{"self":[{"href":"https:\/\/roveyayinevi.com.tr\/index.php\/wp-json\/wp\/v2\/product\/731634","targetHints":{"allow":["GET"]}}],"collection":[{"href":"https:\/\/roveyayinevi.com.tr\/index.php\/wp-json\/wp\/v2\/product"}],"about":[{"href":"https:\/\/roveyayinevi.com.tr\/index.php\/wp-json\/wp\/v2\/types\/product"}],"wp:attachment":[{"href":"https:\/\/roveyayinevi.com.tr\/index.php\/wp-json\/wp\/v2\/media?parent=731634"}],"wp:term":[{"taxonomy":"product_brand","embeddable":true,"href":"https:\/\/roveyayinevi.com.tr\/index.php\/wp-json\/wp\/v2\/product_brand?post=731634"},{"taxonomy":"product_cat","embeddable":true,"href":"https:\/\/roveyayinevi.com.tr\/index.php\/wp-json\/wp\/v2\/product_cat?post=731634"},{"taxonomy":"product_tag","embeddable":true,"href":"https:\/\/roveyayinevi.com.tr\/index.php\/wp-json\/wp\/v2\/product_tag?post=731634"}],"curies":[{"name":"wp","href":"https:\/\/api.w.org\/{rel}","templated":true}]}}