{"id":731633,"date":"2025-08-27T21:36:00","date_gmt":"2025-08-27T18:36:00","guid":{"rendered":"https:\/\/roveyayinevi.com.tr\/index.php\/urun\/canavar-doktoru\/"},"modified":"2026-04-13T02:47:54","modified_gmt":"2026-04-12T23:47:54","slug":"canavar-doktoru","status":"publish","type":"product","link":"https:\/\/roveyayinevi.com.tr\/index.php\/urun\/canavar-doktoru\/","title":{"rendered":"Canavar Doktoru"},"content":{"rendered":"<p>Haz\u0131m sorunlar\u0131 olan bir ejderhaysan\u0131z\u2026 Kolu su\u0308rekli diki\u015flerinden ayr\u0131lan bir zombiyseniz\u2026 Ayaklar\u0131 su\u0308rekli s\u0131zlayan bir yetiyseniz\u2026Sizin i\u00e7in do\u011fru adres Canavar Doktoru\u2019dur. Hemen aray\u0131p bir randevu al\u0131n \u00e7u\u0308nku\u0308 doktor i\u00e7in hi\u00e7bir \u015fey asla tedavi edilmeyecek kadar \u00e7ok ku\u0308\u00e7u\u0308k de\u011fildir ya da hi\u00e7bir yarat\u0131k \u00e7ok bu\u0308yu\u0308k de\u011fildir. Canavarlar\u0131n du\u0308nyas\u0131 hi\u00e7 bu kadar komik olmam\u0131\u015ft\u0131.John Kelly\u2019nin hem yaz\u0131p hem de \u00e7izdi\u011fi Canavar Doktoru ile sizler de s\u0131ra d\u0131\u015f\u0131 yarat\u0131klar\u0131n sevimli du\u0308nyas\u0131na girmeye haz\u0131r m\u0131s\u0131n\u0131z?<\/p>\n","protected":false},"excerpt":{"rendered":"<p>Haz\u0131m sorunlar\u0131 olan bir ejderhaysan\u0131z\u2026 Kolu su\u0308rekli diki\u015flerinden ayr\u0131lan bir zombiyseniz\u2026 Ayaklar\u0131 su\u0308rekli s\u0131zlayan bir yetiyseniz\u2026Sizin i\u00e7in do\u011fru adres Canavar Doktoru\u2019dur. Hemen aray\u0131p bir randevu al\u0131n<span class=\"excerpt-hellip\"> [\u2026]<\/span><\/p>\n","protected":false},"featured_media":0,"template":"","meta":{"_monsterinsights_skip_tracking":false,"_monsterinsights_sitenote_active":false,"_monsterinsights_sitenote_note":"","_monsterinsights_sitenote_category":0},"product_brand":[],"product_cat":[12275,12274],"product_tag":[],"class_list":{"0":"post-731633","1":"product","2":"type-product","3":"status-publish","5":"product_cat-6-12-yas-kitaplari","6":"product_cat-cocuk-ve-genclik-kitaplari","7":"pa_cilt-ciltsiz","8":"pa_tur-kitap","9":"pa_yayinevi-dinozor-cocuk","10":"pa_yazar-john-kelly","12":"first","13":"instock","14":"sale","15":"shipping-taxable","16":"purchasable","17":"product-type-simple"},"_links":{"self":[{"href":"https:\/\/roveyayinevi.com.tr\/index.php\/wp-json\/wp\/v2\/product\/731633","targetHints":{"allow":["GET"]}}],"collection":[{"href":"https:\/\/roveyayinevi.com.tr\/index.php\/wp-json\/wp\/v2\/product"}],"about":[{"href":"https:\/\/roveyayinevi.com.tr\/index.php\/wp-json\/wp\/v2\/types\/product"}],"wp:attachment":[{"href":"https:\/\/roveyayinevi.com.tr\/index.php\/wp-json\/wp\/v2\/media?parent=731633"}],"wp:term":[{"taxonomy":"product_brand","embeddable":true,"href":"https:\/\/roveyayinevi.com.tr\/index.php\/wp-json\/wp\/v2\/product_brand?post=731633"},{"taxonomy":"product_cat","embeddable":true,"href":"https:\/\/roveyayinevi.com.tr\/index.php\/wp-json\/wp\/v2\/product_cat?post=731633"},{"taxonomy":"product_tag","embeddable":true,"href":"https:\/\/roveyayinevi.com.tr\/index.php\/wp-json\/wp\/v2\/product_tag?post=731633"}],"curies":[{"name":"wp","href":"https:\/\/api.w.org\/{rel}","templated":true}]}}