{"id":731628,"date":"2025-08-27T21:35:09","date_gmt":"2025-08-27T18:35:09","guid":{"rendered":"https:\/\/roveyayinevi.com.tr\/index.php\/urun\/bir-ben-bir-yokus\/"},"modified":"2026-04-16T02:39:43","modified_gmt":"2026-04-15T23:39:43","slug":"bir-ben-bir-yokus","status":"publish","type":"product","link":"https:\/\/roveyayinevi.com.tr\/index.php\/urun\/bir-ben-bir-yokus\/","title":{"rendered":"Bir Ben Bir Yoku\u015f"},"content":{"rendered":"<p>\u201cAzizim Ta\u015fer\u2026 Bilmem Yelken dergisini bir s\u00fcredir benim y\u00f6netti\u011fimden haberin oldu mu? &#8230; Dinamo\u2019dan tut Da\u011flarca\u2019ya, Aziz Nesin\u2019den Tar\u0131k Dursun\u2019a ya da Ceyhun Atuf\u2019a kadar \u00e7e\u015fitli arkada\u015flar\u0131n yard\u0131m\u0131 ile tam bir amat\u00f6r dergisi ki\u015fili\u011fiyle yap\u0131yoruz bu i\u015fi\u2026 Senden \u00f6zellikle tiyatro konular\u0131nda yaz\u0131lar rica edecektim fakat Baki S\u00fcha\u2019n\u0131n Cumhuriyet\u2019te yay\u0131nlad\u0131\u011f\u0131 \u015fiirleri okuyunca utand\u0131m; ben ki daha bir bacakken 1943\u2019teki, H\u00fcrriyet (kitab\u0131ndaki) \u015fiirlerini okumu\u015f ezberlemi\u015fimdir, Suat Ta\u015fer\u2019in \u00f6yle bir kalemde silinmeyecek ozanlardan oldu\u011funu kestirebilmeliydim. Bu bak\u0131mdan \u015fimdi b\u00fcy\u00fck ricam, yeni \u015fiirlerinden \u015f\u00f6yle hi\u00e7 de\u011filse iki ya da \u00fc\u00e7 sahife kapsayacak kadar bir miktar\u0131 Yelken\u2019e vermek l\u00fctfunda bulunman. Ver ki iyice de\u011ferlendirelim onlar\u0131, dosta d\u00fc\u015fmana g\u00f6sterelim. Ayr\u0131ca tiyatro yaz\u0131lar\u0131n\u0131 da g\u00f6nderirsen bizi ihya edersin, aziz dostum.\u201d(Mart 1968, Attil\u00e2 \u0130lhan)<\/p>\n","protected":false},"excerpt":{"rendered":"<p>\u201cAzizim Ta\u015fer\u2026 Bilmem Yelken dergisini bir s\u00fcredir benim y\u00f6netti\u011fimden haberin oldu mu? &#8230; Dinamo\u2019dan tut Da\u011flarca\u2019ya, Aziz Nesin\u2019den Tar\u0131k Dursun\u2019a ya da Ceyhun Atuf\u2019a kadar \u00e7e\u015fitli<span class=\"excerpt-hellip\"> [\u2026]<\/span><\/p>\n","protected":false},"featured_media":0,"template":"","meta":{"_monsterinsights_skip_tracking":false,"_monsterinsights_sitenote_active":false,"_monsterinsights_sitenote_note":"","_monsterinsights_sitenote_category":0},"product_brand":[],"product_cat":[12291,12509],"product_tag":[],"class_list":{"0":"post-731628","1":"product","2":"type-product","3":"status-publish","5":"product_cat-edebiyat","6":"product_cat-siir","7":"pa_cilt-ciltsiz","8":"pa_tur-kitap","9":"pa_yayinevi-ayrinti-yayinlari","10":"pa_yazar-suat-taser","12":"first","13":"instock","14":"sale","15":"shipping-taxable","16":"purchasable","17":"product-type-simple"},"_links":{"self":[{"href":"https:\/\/roveyayinevi.com.tr\/index.php\/wp-json\/wp\/v2\/product\/731628","targetHints":{"allow":["GET"]}}],"collection":[{"href":"https:\/\/roveyayinevi.com.tr\/index.php\/wp-json\/wp\/v2\/product"}],"about":[{"href":"https:\/\/roveyayinevi.com.tr\/index.php\/wp-json\/wp\/v2\/types\/product"}],"wp:attachment":[{"href":"https:\/\/roveyayinevi.com.tr\/index.php\/wp-json\/wp\/v2\/media?parent=731628"}],"wp:term":[{"taxonomy":"product_brand","embeddable":true,"href":"https:\/\/roveyayinevi.com.tr\/index.php\/wp-json\/wp\/v2\/product_brand?post=731628"},{"taxonomy":"product_cat","embeddable":true,"href":"https:\/\/roveyayinevi.com.tr\/index.php\/wp-json\/wp\/v2\/product_cat?post=731628"},{"taxonomy":"product_tag","embeddable":true,"href":"https:\/\/roveyayinevi.com.tr\/index.php\/wp-json\/wp\/v2\/product_tag?post=731628"}],"curies":[{"name":"wp","href":"https:\/\/api.w.org\/{rel}","templated":true}]}}