{"id":731623,"date":"2025-08-27T21:35:04","date_gmt":"2025-08-27T18:35:04","guid":{"rendered":"https:\/\/roveyayinevi.com.tr\/index.php\/urun\/engelsiz-anarsi\/"},"modified":"2026-04-16T02:39:43","modified_gmt":"2026-04-15T23:39:43","slug":"engelsiz-anarsi","status":"publish","type":"product","link":"https:\/\/roveyayinevi.com.tr\/index.php\/urun\/engelsiz-anarsi\/","title":{"rendered":"Engelsiz Anar\u015fi"},"content":{"rendered":"<p>\u201cLeeson ikna edici argu\u0308manlarla ve \u00e7ok farkl\u0131 toplumlardan verdi\u011fi \u00f6rneklerle, tersyu\u0308z edilmi\u015f bir idarenin islevlerini ve bu gibi bir idarenin devlete k\u0131yasla nas\u0131l daha iyi sonu\u00e7lar ortaya \u00e7\u0131kard\u0131\u011f\u0131n\u0131 g\u00f6stermektedir. Tu\u0308m ekonomistler i\u00e7in etkileyici olan bu kitap, di\u011fer pek \u00e7ok ki\u015finin de ufkunun geni\u015flemesini sa\u011flayacak.\u201dAvinash Dixit, Princeton \u00dcniversitesiElinizdeki kitap \u00e7e\u015fitli makalelerden olu\u015fmaktad\u0131r. B\u00fct\u00fcn makalelerdeki ortak motifse engelsiz bir anar\u015fi fikridir. Ekonomi ve hukuk profes\u00f6r\u00fc olan Peter T. Leeson anar\u015finin akla gelmeyecek \u00f6rneklerini bulurken, \u00e7o\u011funlukla g\u00f6z ard\u0131 edilen bir etkeni de hesaba katar. Bu etken, bug\u00fcne kadar uzaktan incelenmi\u015f ko\u015fullar\u0131n i\u00e7inde varl\u0131klar\u0131n\u0131 s\u00fcrd\u00fcrmeye \u00e7al\u0131\u015fan insanlard\u0131r.Mevcut olas\u0131l\u0131klar\u0131n de\u011ferlendirilmesi sonucunda ap\u0131lan mant\u0131ksal bir se\u00e7im, Peter Leeson\u2019un di\u011fer eserlerinde de ba\u015fat bir unsur olarak kar\u015f\u0131m\u0131za \u00e7\u0131kar. Ancak Leeson mikroekonomik bir ba\u011flama sahip olan mant\u0131ksal se\u00e7imin 10. y\u00fczy\u0131lda Fransa topraklar\u0131ndan 13. y\u00fczy\u0131l Anglo-\u0130sko\u00e7 s\u0131n\u0131r\u0131na; 17. y\u00fczy\u0131lda denizlerden g\u00fcn\u00fcm\u00fcz Somali\u2019sine uzanan; ihtimal dahi vermeyece\u011fimiz tarih ve co\u011frafyalardaki tezah\u00fcrlerini \u00f6n\u00fcm\u00fcze koymaktad\u0131r.Leeson\u2019un ifade etti\u011fi gibi, normalde alay konusu olabilecek bir yakla\u015f\u0131m, yani sosyal bir d\u00fczenin merkezi bir idare olmadan da sa\u011flanabilece\u011fi d\u00fc\u015f\u00fcncesi, elinizdeki kitapta g\u00f6rmezden gelinemeyecek bir \u015fekilde \u00f6rneklendirilmi\u015ftir. Mant\u0131ksal se\u00e7im toplumsal bir s\u00f6zle\u015fmeyi gerektirir ancak toplumsal bir s\u00f6zle\u015fmenin sa\u011flanabilmesi, devletsiz de ba\u015far\u0131labilir.Zygmunt Bauman: 1925\u2019te Polonya\u2019da do\u011fan Bauman s\u0131ras\u0131yla fa\u015fizmi, sosyalizmi ve kapitalizmi ele\u015ftirel bir mesafeyi koruyarak ya\u015fam\u0131\u015f ve hi\u00e7bir zaman ba\u011f\u0131ms\u0131z entelekt\u00fcel ki\u015fili\u011finden taviz vermemi\u015ftir. 1968\u2019de Polonya\u2019dan s\u0131n\u0131r d\u0131\u015f\u0131 edilmesinin ard\u0131ndan \u0130srail\u2019e, oradan da Leeds \u00dcniversitesi Sosyoloji K\u00fcrs\u00fcs\u00fc\u2019n\u00fcn ba\u015f\u0131na ge\u00e7mek \u00fczere Britanya\u2019ya gitmi\u015ftir. Bu g\u00f6revini 1971-1990 aras\u0131 s\u00fcrd\u00fcren Bauman, ilk y\u0131llardan itibaren hemen her konuda sosyolojik bak\u0131\u015f\u0131n \u00e7er\u00e7evesini geni\u015fleten eserler vermi\u015ftir. Bauman genellemeleri seven bir yazard\u0131r; ama y\u00f6ntembilim ve kavram tart\u0131\u015fmalar\u0131 yerine do\u011frudan toplumla ilgilenir. Eserleri bir sorun ve te\u015fhis etraf\u0131nda d\u00f6ner. Bu anlamda Britanya gelene\u011finden kopar. G\u00f6\u00e7menli\u011fi, \u00f6ncelleri K. Mannheim, A. L\u00f6we, N. Elias gibi ona da, ampirik ve pragmatik bir gelene\u011fin \u015fekillendirdi\u011fi ada k\u00fclt\u00fcr\u00fcne d\u0131\u015far\u0131dan bakma imk\u00e2n\u0131 vermi\u015ftir. Ayr\u0131ca onlar gibi, hakikat ve ahlak\u0131 sosyolojiye ta\u015f\u0131r. Bauman k\u00fclt\u00fcr ve iktidar\u0131n \u00e7\u00f6z\u00fcmlemesine \u00f6zel \u00f6nem vermi\u015f ve bu \u00e7er\u00e7evede toplum, ideolojiler, milli kimlikler, devlet, ahlaki se\u00e7im, modernizm ve postmodernizm konular\u0131n\u0131 ele alarak sosyolojiye yeni bir soluk getirmi\u015ftir. Uzun ya\u015fam\u0131na pek \u00e7ok de\u011ferli \u00e7al\u0131\u015fmay\u0131 s\u0131\u011fd\u0131ran Bauman, 9 Ocak 2017\u2019de hayat\u0131n\u0131 kaybetti.<\/p>\n","protected":false},"excerpt":{"rendered":"<p>\u201cLeeson ikna edici argu\u0308manlarla ve \u00e7ok farkl\u0131 toplumlardan verdi\u011fi \u00f6rneklerle, tersyu\u0308z edilmi\u015f bir idarenin islevlerini ve bu gibi bir idarenin devlete k\u0131yasla nas\u0131l daha iyi sonu\u00e7lar<span class=\"excerpt-hellip\"> [\u2026]<\/span><\/p>\n","protected":false},"featured_media":0,"template":"","meta":{"_monsterinsights_skip_tracking":false,"_monsterinsights_sitenote_active":false,"_monsterinsights_sitenote_note":"","_monsterinsights_sitenote_category":0},"product_brand":[],"product_cat":[12388,13555],"product_tag":[],"class_list":{"0":"post-731623","1":"product","2":"type-product","3":"status-publish","5":"product_cat-felsefe","6":"product_cat-genel-felsefe","7":"pa_cilt-ciltsiz","8":"pa_tur-kitap","9":"pa_yayinevi-ayrinti-yayinlari","10":"pa_yazar-peter-t-leeson","12":"first","13":"instock","14":"sale","15":"shipping-taxable","16":"purchasable","17":"product-type-simple"},"_links":{"self":[{"href":"https:\/\/roveyayinevi.com.tr\/index.php\/wp-json\/wp\/v2\/product\/731623","targetHints":{"allow":["GET"]}}],"collection":[{"href":"https:\/\/roveyayinevi.com.tr\/index.php\/wp-json\/wp\/v2\/product"}],"about":[{"href":"https:\/\/roveyayinevi.com.tr\/index.php\/wp-json\/wp\/v2\/types\/product"}],"wp:attachment":[{"href":"https:\/\/roveyayinevi.com.tr\/index.php\/wp-json\/wp\/v2\/media?parent=731623"}],"wp:term":[{"taxonomy":"product_brand","embeddable":true,"href":"https:\/\/roveyayinevi.com.tr\/index.php\/wp-json\/wp\/v2\/product_brand?post=731623"},{"taxonomy":"product_cat","embeddable":true,"href":"https:\/\/roveyayinevi.com.tr\/index.php\/wp-json\/wp\/v2\/product_cat?post=731623"},{"taxonomy":"product_tag","embeddable":true,"href":"https:\/\/roveyayinevi.com.tr\/index.php\/wp-json\/wp\/v2\/product_tag?post=731623"}],"curies":[{"name":"wp","href":"https:\/\/api.w.org\/{rel}","templated":true}]}}