{"id":731618,"date":"2025-08-27T21:35:00","date_gmt":"2025-08-27T18:35:00","guid":{"rendered":"https:\/\/roveyayinevi.com.tr\/index.php\/urun\/bozuk-bir-turkceyim-ulkemde\/"},"modified":"2026-04-16T02:39:43","modified_gmt":"2026-04-15T23:39:43","slug":"bozuk-bir-turkceyim-ulkemde","status":"publish","type":"product","link":"https:\/\/roveyayinevi.com.tr\/index.php\/urun\/bozuk-bir-turkceyim-ulkemde\/","title":{"rendered":"Bozuk Bir T\u00fcrk\u00e7eyim \u00dclkemde"},"content":{"rendered":"<p>Bilmiyorsunuz, Kalbim, \u015fimdi k\u0131rlang\u0131\u00e7lara yol olan bir teklik Urbas\u0131nda d\u00fcnyan\u0131n \u00f6fkesini sakinleyen bir hi\u00e7lik Ve t\u00fcm s\u0131fatlar\u0131 d\u00fczensiz bulutlara \u00e7eviren bir \u00e7elimsizlik \u0130\u00e7inde k\u0131vran\u0131yor. Hangi h\u00e2kim yarg\u0131lasa bizi M\u00fcebbedin kral\u0131n\u0131 demirliyor denizlerimize \u0130dam kurtulu\u015ftur ama Asm\u0131yorlar y\u00fcz\u00fcm\u00fcz\u00fc \u00c2\u015f\u0131k bir kad\u0131n\u0131n g\u00f6\u011f\u00fcslerine. G\u00fclmek bir tesad\u00fcften ibaret Uzun s\u00fcre rastlan\u0131lmayan <\/p>\n","protected":false},"excerpt":{"rendered":"<p>Bilmiyorsunuz, Kalbim, \u015fimdi k\u0131rlang\u0131\u00e7lara yol olan bir teklik Urbas\u0131nda d\u00fcnyan\u0131n \u00f6fkesini sakinleyen bir hi\u00e7lik Ve t\u00fcm s\u0131fatlar\u0131 d\u00fczensiz bulutlara \u00e7eviren bir \u00e7elimsizlik \u0130\u00e7inde k\u0131vran\u0131yor. Hangi h\u00e2kim<span class=\"excerpt-hellip\"> [\u2026]<\/span><\/p>\n","protected":false},"featured_media":0,"template":"","meta":{"_monsterinsights_skip_tracking":false,"_monsterinsights_sitenote_active":false,"_monsterinsights_sitenote_note":"","_monsterinsights_sitenote_category":0},"product_brand":[],"product_cat":[12291,12509],"product_tag":[],"class_list":{"0":"post-731618","1":"product","2":"type-product","3":"status-publish","5":"product_cat-edebiyat","6":"product_cat-siir","7":"pa_cilt-ciltsiz","8":"pa_tur-kitap","9":"pa_yayinevi-luna-yayinlari","10":"pa_yazar-emrah-yener","12":"first","13":"instock","14":"sale","15":"shipping-taxable","16":"purchasable","17":"product-type-simple"},"_links":{"self":[{"href":"https:\/\/roveyayinevi.com.tr\/index.php\/wp-json\/wp\/v2\/product\/731618","targetHints":{"allow":["GET"]}}],"collection":[{"href":"https:\/\/roveyayinevi.com.tr\/index.php\/wp-json\/wp\/v2\/product"}],"about":[{"href":"https:\/\/roveyayinevi.com.tr\/index.php\/wp-json\/wp\/v2\/types\/product"}],"wp:attachment":[{"href":"https:\/\/roveyayinevi.com.tr\/index.php\/wp-json\/wp\/v2\/media?parent=731618"}],"wp:term":[{"taxonomy":"product_brand","embeddable":true,"href":"https:\/\/roveyayinevi.com.tr\/index.php\/wp-json\/wp\/v2\/product_brand?post=731618"},{"taxonomy":"product_cat","embeddable":true,"href":"https:\/\/roveyayinevi.com.tr\/index.php\/wp-json\/wp\/v2\/product_cat?post=731618"},{"taxonomy":"product_tag","embeddable":true,"href":"https:\/\/roveyayinevi.com.tr\/index.php\/wp-json\/wp\/v2\/product_tag?post=731618"}],"curies":[{"name":"wp","href":"https:\/\/api.w.org\/{rel}","templated":true}]}}