{"id":731617,"date":"2025-08-27T21:34:59","date_gmt":"2025-08-27T18:34:59","guid":{"rendered":"https:\/\/roveyayinevi.com.tr\/index.php\/urun\/yalniz-degilsin\/"},"modified":"2025-11-21T06:55:10","modified_gmt":"2025-11-21T03:55:10","slug":"yalniz-degilsin","status":"publish","type":"product","link":"https:\/\/roveyayinevi.com.tr\/index.php\/urun\/yalniz-degilsin\/","title":{"rendered":"Yaln\u0131z De\u011filsin"},"content":{"rendered":"<p>Verilen nimetlerle \u00f6rt\u00fcl\u00fcd\u00fcr hayat\u0131m\u0131z. G\u00f6rmezden geldi\u011fimiz nimetler, mucizeler\u2026 \u0130nsan kendi hayat\u0131n\u0131n katilidir. Kendi kendine yarat\u0131r t\u00fcm olumsuz \u015feyleri ve i\u00e7inde ta\u015f\u0131r bir organ gibi. B\u0131rakmak, \u00e7o\u011fu zaman olan \u015feyden vazge\u00e7mek ya da olmayan \u015feylerden ka\u00e7mak de\u011fildir. \u201cOlmayan \u015feyler,\u201d dedim evet, hayat\u0131m\u0131zda yeri olmayan olaylar ve insanlar var. Fazlaca anlam y\u00fckledi\u011fimiz\u2026   Zaman, sa\u011f olsun bize kendimizi yenilememize, yaralar\u0131m\u0131z\u0131 sarmam\u0131za yard\u0131mc\u0131 olurken o an gelen fark\u0131ndal\u0131\u011fa dalar\u0131z. Her \u015fey ge\u00e7ti\u011finde asl\u0131nda anlam bile y\u00fcklemedi\u011fimizi fark ederiz. Zamanla ac\u0131s\u0131 ge\u00e7ti\u011finden de\u011fil, zaten anlam\u0131 olmayan bir y\u00fck\u00fc heybemizde ta\u015f\u0131d\u0131\u011f\u0131m\u0131zdan\u2026 Bunlar\u0131 ele alarak ba\u015flayal\u0131m mesela\u2026 <\/p>\n","protected":false},"excerpt":{"rendered":"<p>Verilen nimetlerle \u00f6rt\u00fcl\u00fcd\u00fcr hayat\u0131m\u0131z. G\u00f6rmezden geldi\u011fimiz nimetler, mucizeler\u2026 \u0130nsan kendi hayat\u0131n\u0131n katilidir. Kendi kendine yarat\u0131r t\u00fcm olumsuz \u015feyleri ve i\u00e7inde ta\u015f\u0131r bir organ gibi. B\u0131rakmak, \u00e7o\u011fu<span class=\"excerpt-hellip\"> [\u2026]<\/span><\/p>\n","protected":false},"featured_media":0,"template":"","meta":{"_monsterinsights_skip_tracking":false,"_monsterinsights_sitenote_active":false,"_monsterinsights_sitenote_note":"","_monsterinsights_sitenote_category":0},"product_brand":[],"product_cat":[12364,12376],"product_tag":[],"class_list":{"0":"post-731617","1":"product","2":"type-product","3":"status-publish","5":"product_cat-genel-konular","6":"product_cat-kisisel-gelisim","7":"pa_cilt-ciltsiz","8":"pa_tur-kitap","9":"pa_yayinevi-luna-yayinlari","10":"pa_yazar-esengul-kaplan","12":"first","13":"instock","14":"sale","15":"shipping-taxable","16":"purchasable","17":"product-type-simple"},"_links":{"self":[{"href":"https:\/\/roveyayinevi.com.tr\/index.php\/wp-json\/wp\/v2\/product\/731617","targetHints":{"allow":["GET"]}}],"collection":[{"href":"https:\/\/roveyayinevi.com.tr\/index.php\/wp-json\/wp\/v2\/product"}],"about":[{"href":"https:\/\/roveyayinevi.com.tr\/index.php\/wp-json\/wp\/v2\/types\/product"}],"wp:attachment":[{"href":"https:\/\/roveyayinevi.com.tr\/index.php\/wp-json\/wp\/v2\/media?parent=731617"}],"wp:term":[{"taxonomy":"product_brand","embeddable":true,"href":"https:\/\/roveyayinevi.com.tr\/index.php\/wp-json\/wp\/v2\/product_brand?post=731617"},{"taxonomy":"product_cat","embeddable":true,"href":"https:\/\/roveyayinevi.com.tr\/index.php\/wp-json\/wp\/v2\/product_cat?post=731617"},{"taxonomy":"product_tag","embeddable":true,"href":"https:\/\/roveyayinevi.com.tr\/index.php\/wp-json\/wp\/v2\/product_tag?post=731617"}],"curies":[{"name":"wp","href":"https:\/\/api.w.org\/{rel}","templated":true}]}}