{"id":731610,"date":"2025-08-27T21:34:52","date_gmt":"2025-08-27T18:34:52","guid":{"rendered":"https:\/\/roveyayinevi.com.tr\/index.php\/urun\/hilal-ve-demir-hac\/"},"modified":"2026-04-16T02:39:43","modified_gmt":"2026-04-15T23:39:43","slug":"hilal-ve-demir-hac","status":"publish","type":"product","link":"https:\/\/roveyayinevi.com.tr\/index.php\/urun\/hilal-ve-demir-hac\/","title":{"rendered":"Hilal ve Demir Ha\u00e7"},"content":{"rendered":"<p>\u201cT\u00fcrkleri yok etmeyi planlad\u0131lar ama \u0130stiklal Sava\u015f\u0131\u2019nda destan yazabileceklerini hesaba katmad\u0131lar.\u201d Bu kitap I. D\u00fcnya Sava\u015f\u0131\u2019n\u0131n t\u00fcm h\u0131z\u0131yla devam etti\u011fi y\u0131llarda \u0130ngiliz yazar Edward F. Benson taraf\u0131ndan kaleme al\u0131nm\u0131\u015f ve Bat\u0131\u2019da b\u00fcy\u00fck yank\u0131lar uyand\u0131rm\u0131\u015ft\u0131r. Yazar, sarf etti\u011fi \u015fu \u00e7arp\u0131c\u0131 s\u00f6zleriyle \u00e7ok dikkat \u00e7ekmi\u015ftir: \u201cBir T\u00fcrk imparatorlu\u011fu olan Osmanl\u0131 Devleti hasta adam de\u011fildir ve hi\u00e7bir zaman da hasta olmam\u0131\u015ft\u0131r. \u00c7\u00fcnk\u00fc T\u00fcrkler hasta de\u011fildir, hastal\u0131\u011f\u0131n tam da kendisidirler. T\u00fcrkl\u00fck kanserin kendisidir ve bu canavar t\u00fcm\u00f6r, \u00fczerine \u00e7\u00f6kt\u00fc\u011f\u00fc canl\u0131 dokular\u0131 y\u00fczy\u0131llard\u0131r yiyip bitirmektedir.\u201d Elinizdeki kitap, buna ra\u011fmen, a\u015f\u0131r\u0131 u\u00e7tan bir \u0130ngiliz milliyet\u00e7isinin kaleme ald\u0131\u011f\u0131 bir eser de\u011fildir, \u00e7\u00fcnk\u00fc \u00f6zellikle kitab\u0131n son iki b\u00f6l\u00fcm\u00fcnde anlat\u0131lanlar Sevr Antla\u015fmas\u0131\u2019nda uygulanmaya konmu\u015ftur ve \u015fimdiki B\u00fcy\u00fck Ortado\u011fu Projesi\u2019yle b\u00fcy\u00fck benzerlik g\u00f6stermektedir. T\u00fcrklerin \u00c7anakkale Zaferi \u0130ngilizler \u00fczerinde b\u00fcy\u00fck bir travma yaratm\u0131\u015f ve \u201cHasta Adam\u201d d\u00fcnyay\u0131 korkutmaya ba\u015flam\u0131\u015ft\u0131r. M\u00fcttefiklerin T\u00fcrklerden yana ya\u015fad\u0131klar\u0131 b\u00fcy\u00fck korku, kitapta birka\u00e7 yerde ge\u00e7en \u201cBir T\u00fcrk her zaman cesur, disiplinli ve sava\u015f\u00e7\u0131d\u0131r. T\u00fcrkler bu \u00f6zelliklerini h\u00e2l\u00e2 korumaktad\u0131rlar!\u201d s\u00f6zlerinden de anla\u015f\u0131lmaktad\u0131r.<\/p>\n","protected":false},"excerpt":{"rendered":"<p>\u201cT\u00fcrkleri yok etmeyi planlad\u0131lar ama \u0130stiklal Sava\u015f\u0131\u2019nda destan yazabileceklerini hesaba katmad\u0131lar.\u201d Bu kitap I. D\u00fcnya Sava\u015f\u0131\u2019n\u0131n t\u00fcm h\u0131z\u0131yla devam etti\u011fi y\u0131llarda \u0130ngiliz yazar Edward F. Benson<span class=\"excerpt-hellip\"> [\u2026]<\/span><\/p>\n","protected":false},"featured_media":0,"template":"","meta":{"_monsterinsights_skip_tracking":false,"_monsterinsights_sitenote_active":false,"_monsterinsights_sitenote_note":"","_monsterinsights_sitenote_category":0},"product_brand":[],"product_cat":[12370,12304],"product_tag":[],"class_list":{"0":"post-731610","1":"product","2":"type-product","3":"status-publish","5":"product_cat-arastirma-inceleme","6":"product_cat-tarih","7":"pa_cilt-ciltsiz","8":"pa_tur-kitap","9":"pa_yayinevi-destek-yayinlari","10":"pa_yazar-edward-f-benson","12":"first","13":"instock","14":"sale","15":"shipping-taxable","16":"purchasable","17":"product-type-simple"},"_links":{"self":[{"href":"https:\/\/roveyayinevi.com.tr\/index.php\/wp-json\/wp\/v2\/product\/731610","targetHints":{"allow":["GET"]}}],"collection":[{"href":"https:\/\/roveyayinevi.com.tr\/index.php\/wp-json\/wp\/v2\/product"}],"about":[{"href":"https:\/\/roveyayinevi.com.tr\/index.php\/wp-json\/wp\/v2\/types\/product"}],"wp:attachment":[{"href":"https:\/\/roveyayinevi.com.tr\/index.php\/wp-json\/wp\/v2\/media?parent=731610"}],"wp:term":[{"taxonomy":"product_brand","embeddable":true,"href":"https:\/\/roveyayinevi.com.tr\/index.php\/wp-json\/wp\/v2\/product_brand?post=731610"},{"taxonomy":"product_cat","embeddable":true,"href":"https:\/\/roveyayinevi.com.tr\/index.php\/wp-json\/wp\/v2\/product_cat?post=731610"},{"taxonomy":"product_tag","embeddable":true,"href":"https:\/\/roveyayinevi.com.tr\/index.php\/wp-json\/wp\/v2\/product_tag?post=731610"}],"curies":[{"name":"wp","href":"https:\/\/api.w.org\/{rel}","templated":true}]}}