{"id":731608,"date":"2025-08-27T21:34:50","date_gmt":"2025-08-27T18:34:50","guid":{"rendered":"https:\/\/roveyayinevi.com.tr\/index.php\/urun\/geronimo\/"},"modified":"2026-04-16T02:39:43","modified_gmt":"2026-04-15T23:39:43","slug":"geronimo","status":"publish","type":"product","link":"https:\/\/roveyayinevi.com.tr\/index.php\/urun\/geronimo\/","title":{"rendered":"Geronimo"},"content":{"rendered":"<p>\u0130ntikam ate\u015fiyle dolu bir Apa\u00e7i\u2019nin \u00f6yk\u00fcs\u00fc&#8230; Apa\u00e7i K\u0131z\u0131lderililerinin ger\u00e7ek ya\u015famlar\u0131n\u0131 onlar\u0131n b\u00fcy\u00fck \u015feflerinin a\u011fz\u0131ndan dinleyeceksiniz bu kez! Geronimo! O K\u0131z\u0131lderili bir lider. Bir sava\u015f\u00e7\u0131&#8230; Beyazlara kar\u015f\u0131 m\u00fccadele veren kahraman son K\u0131z\u0131lderili&#8230; Apa\u00e7iler aras\u0131nda en sayg\u0131 duyulan ki\u015fi&#8230; 1858 y\u0131l\u0131nda bir g\u00fcn eve d\u00f6nd\u00fc\u011f\u00fcnde, e\u015fi, annesi ve \u00fc\u00e7 \u00e7ocu\u011funu \u0130spanyollar taraf\u0131ndan \u00f6ld\u00fcr\u00fclm\u00fc\u015f buldu. O g\u00fcnden sonra her beyaza d\u00fc\u015fman kesildi. \u0130\u00e7inde g\u00fcnden g\u00fcne b\u00fcy\u00fcyen intikam ate\u015fiyle pek \u00e7ok beyaz insan\u0131 \u00f6ld\u00fcrmeye \u00e7al\u0131\u015ft\u0131. \u0130ntikam ate\u015fiyle yan\u0131p tutu\u015fan bir \u015famand\u0131 o&#8230; \u0130yi bir \u015fifac\u0131yd\u0131. B\u00fcy\u00fcc\u00fcyd\u00fc. Bu onu ruhsal ve entelekt\u00fcel bir lider yap\u0131yordu. 1870\u2019te San Carlos\u2019a yerle\u015ftirilen Geronimo, buradan ka\u00e7may\u0131 ba\u015fard\u0131ysa da tutuklan\u0131p geri g\u00f6nderildi. D\u00f6rt kez daha ka\u00e7may\u0131 ba\u015far\u0131p tutuklanan Geronimo, be\u015finci ka\u00e7\u0131\u015f\u0131ndan sonra y\u0131llarca bulunamad\u0131. Geronimo\u2019yu yakalayamayan s\u00fcvariler k\u00f6ylere sald\u0131r\u0131p kad\u0131nlar\u0131 ve \u00e7ocuklar\u0131 katletmeye ba\u015flad\u0131\u011f\u0131nda ortaya \u00e7\u0131kt\u0131. Halk\u0131na zarar gelmemesi i\u00e7in teslim oldu. Bir sava\u015f mahk\u00fbmu olarak can vermeden \u00f6nce S. M. Barrett\u2019a hayat\u0131n\u0131 oldu\u011fu gibi aktard\u0131. \u0130\u015fte bu kitap \u00f6l\u00fcm\u00fcnden sonra naa\u015f\u0131n\u0131n g\u00f6m\u00fcld\u00fc\u011f\u00fc yerde bulunamayan \u015faman bir sava\u015f\u00e7\u0131n\u0131n \u00f6yk\u00fcs\u00fc&#8230; <\/p>\n","protected":false},"excerpt":{"rendered":"<p>\u0130ntikam ate\u015fiyle dolu bir Apa\u00e7i\u2019nin \u00f6yk\u00fcs\u00fc&#8230; Apa\u00e7i K\u0131z\u0131lderililerinin ger\u00e7ek ya\u015famlar\u0131n\u0131 onlar\u0131n b\u00fcy\u00fck \u015feflerinin a\u011fz\u0131ndan dinleyeceksiniz bu kez! Geronimo! O K\u0131z\u0131lderili bir lider. Bir sava\u015f\u00e7\u0131&#8230; Beyazlara kar\u015f\u0131<span class=\"excerpt-hellip\"> [\u2026]<\/span><\/p>\n","protected":false},"featured_media":0,"template":"","meta":{"_monsterinsights_skip_tracking":false,"_monsterinsights_sitenote_active":false,"_monsterinsights_sitenote_note":"","_monsterinsights_sitenote_category":0},"product_brand":[],"product_cat":[12291,12711],"product_tag":[],"class_list":{"0":"post-731608","1":"product","2":"type-product","3":"status-publish","5":"product_cat-edebiyat","6":"product_cat-roman-oyku","7":"pa_cilt-ciltsiz","8":"pa_tur-kitap","9":"pa_yayinevi-destek-yayinlari","10":"pa_yazar-s-m-barrett","12":"first","13":"instock","14":"sale","15":"shipping-taxable","16":"purchasable","17":"product-type-simple"},"_links":{"self":[{"href":"https:\/\/roveyayinevi.com.tr\/index.php\/wp-json\/wp\/v2\/product\/731608","targetHints":{"allow":["GET"]}}],"collection":[{"href":"https:\/\/roveyayinevi.com.tr\/index.php\/wp-json\/wp\/v2\/product"}],"about":[{"href":"https:\/\/roveyayinevi.com.tr\/index.php\/wp-json\/wp\/v2\/types\/product"}],"wp:attachment":[{"href":"https:\/\/roveyayinevi.com.tr\/index.php\/wp-json\/wp\/v2\/media?parent=731608"}],"wp:term":[{"taxonomy":"product_brand","embeddable":true,"href":"https:\/\/roveyayinevi.com.tr\/index.php\/wp-json\/wp\/v2\/product_brand?post=731608"},{"taxonomy":"product_cat","embeddable":true,"href":"https:\/\/roveyayinevi.com.tr\/index.php\/wp-json\/wp\/v2\/product_cat?post=731608"},{"taxonomy":"product_tag","embeddable":true,"href":"https:\/\/roveyayinevi.com.tr\/index.php\/wp-json\/wp\/v2\/product_tag?post=731608"}],"curies":[{"name":"wp","href":"https:\/\/api.w.org\/{rel}","templated":true}]}}