{"id":731607,"date":"2025-08-27T21:34:49","date_gmt":"2025-08-27T18:34:49","guid":{"rendered":"https:\/\/roveyayinevi.com.tr\/index.php\/urun\/kirli-para\/"},"modified":"2026-04-16T02:39:43","modified_gmt":"2026-04-15T23:39:43","slug":"kirli-para","status":"publish","type":"product","link":"https:\/\/roveyayinevi.com.tr\/index.php\/urun\/kirli-para\/","title":{"rendered":"Kirli Para"},"content":{"rendered":"<p>\u0130svi\u00e7re\u2019nin en \u00f6nemli offshore bankalar\u0131ndan Swiss United Bank ad\u0131na \u00e7al\u0131\u015fan ba\u015far\u0131l\u0131 bankac\u0131 Matthew Werner\u2019\u0131n bulundu\u011fu jet \u015f\u00fcpheli bir \u015fekilde d\u00fc\u015fer. Bu esrarengiz \u00f6l\u00fcm e\u015fi Annabel\u2019i bankac\u0131l\u0131k d\u00fcnyas\u0131n\u0131n s\u0131rlar\u0131n\u0131 ortaya \u00e7\u0131karmaya iter. Banka hakk\u0131nda d\u00fcnyay\u0131 sarsacak \u00e7ok \u00f6nemli bir haber \u00fczerinde \u00e7al\u0131\u015fan tutkulu gazeteci Marina ise finans d\u00fcnyas\u0131n\u0131n en g\u00fc\u00e7l\u00fc erkeklerinin hatta kendisine \u00e7ok yak\u0131n olan baz\u0131lar\u0131n\u0131n bile \u015faibeli i\u015flerin i\u00e7inde oldu\u011funu g\u00f6r\u00fcr. E\u011fer Marina haberi yay\u0131mlarsa bu ayn\u0131 zamanda Annabel\u2019i \u00fczen sorulara da cevap olacakt\u0131r.Finans d\u00fcnyas\u0131ndaki entrikalar\u0131n i\u015flendi\u011fi gerilimi y\u00fcksek ve s\u00fcr\u00fckleyici bir roman olan Kirli Para, The New York Times \u00e7ok satan yazarlar\u0131ndan Cristina Alger\u2019i bu t\u00fcrde ba\u015far\u0131l\u0131 bir yazar olarak g\u00f6steriyor.\u201cFinans sekt\u00f6r\u00fcn\u00fc konu alan s\u00fcr\u00fckleyici gerilim hik\u00e2yeleri okumaya al\u0131\u015f\u0131k de\u011filiz&#8230; Ancak Cristina Alger bu konuda t\u00fcm s\u0131navlar\u0131 ge\u00e7er&#8230; A\u015f\u0131r\u0131 zengin bankac\u0131l\u0131k d\u00fcnyas\u0131n\u0131n karanl\u0131\u011f\u0131na heyecan dolu bir yolculuk sizi bekliyor.\u201d \u2014The Times (UK)<\/p>\n","protected":false},"excerpt":{"rendered":"<p>\u0130svi\u00e7re\u2019nin en \u00f6nemli offshore bankalar\u0131ndan Swiss United Bank ad\u0131na \u00e7al\u0131\u015fan ba\u015far\u0131l\u0131 bankac\u0131 Matthew Werner\u2019\u0131n bulundu\u011fu jet \u015f\u00fcpheli bir \u015fekilde d\u00fc\u015fer. Bu esrarengiz \u00f6l\u00fcm e\u015fi Annabel\u2019i bankac\u0131l\u0131k<span class=\"excerpt-hellip\"> [\u2026]<\/span><\/p>\n","protected":false},"featured_media":0,"template":"","meta":{"_monsterinsights_skip_tracking":false,"_monsterinsights_sitenote_active":false,"_monsterinsights_sitenote_note":"","_monsterinsights_sitenote_category":0},"product_brand":[],"product_cat":[12291,17033],"product_tag":[],"class_list":{"0":"post-731607","1":"product","2":"type-product","3":"status-publish","5":"product_cat-edebiyat","6":"product_cat-korku-gerilim","7":"pa_cilt-ciltsiz","8":"pa_tur-kitap","9":"pa_yayinevi-the-roman","10":"pa_yazar-cristina-alger","12":"first","13":"instock","14":"sale","15":"shipping-taxable","16":"purchasable","17":"product-type-simple"},"_links":{"self":[{"href":"https:\/\/roveyayinevi.com.tr\/index.php\/wp-json\/wp\/v2\/product\/731607","targetHints":{"allow":["GET"]}}],"collection":[{"href":"https:\/\/roveyayinevi.com.tr\/index.php\/wp-json\/wp\/v2\/product"}],"about":[{"href":"https:\/\/roveyayinevi.com.tr\/index.php\/wp-json\/wp\/v2\/types\/product"}],"wp:attachment":[{"href":"https:\/\/roveyayinevi.com.tr\/index.php\/wp-json\/wp\/v2\/media?parent=731607"}],"wp:term":[{"taxonomy":"product_brand","embeddable":true,"href":"https:\/\/roveyayinevi.com.tr\/index.php\/wp-json\/wp\/v2\/product_brand?post=731607"},{"taxonomy":"product_cat","embeddable":true,"href":"https:\/\/roveyayinevi.com.tr\/index.php\/wp-json\/wp\/v2\/product_cat?post=731607"},{"taxonomy":"product_tag","embeddable":true,"href":"https:\/\/roveyayinevi.com.tr\/index.php\/wp-json\/wp\/v2\/product_tag?post=731607"}],"curies":[{"name":"wp","href":"https:\/\/api.w.org\/{rel}","templated":true}]}}