{"id":731602,"date":"2025-08-27T21:34:45","date_gmt":"2025-08-27T18:34:45","guid":{"rendered":"https:\/\/roveyayinevi.com.tr\/index.php\/urun\/buyulu-kehanet-kartlari-cep-boy\/"},"modified":"2026-04-16T02:39:42","modified_gmt":"2026-04-15T23:39:42","slug":"buyulu-kehanet-kartlari-cep-boy","status":"publish","type":"product","link":"https:\/\/roveyayinevi.com.tr\/index.php\/urun\/buyulu-kehanet-kartlari-cep-boy\/","title":{"rendered":"B\u00fcy\u00fcl\u00fc Kehanet Kartlar\u0131 (Cep Boy)"},"content":{"rendered":"<p>48 Kartl\u0131k Deste ve Rehber Kitap.Bu kitapta B\u00fcy\u00fcl\u00fc Kehanet Kartlar\u0131\u2019yla kendiniz ve ba\u015fkalar\u0131 i\u00e7in do\u011fru okumalar yapabilmenizi sa\u011flayacak talimatlar yer al\u0131yor. Kitap kartlarda resmedilen Yery\u00fcz\u00fc elementinden ilham alan tan\u0131mlar\u0131n yan\u0131 s\u0131ra, s\u00f6z konusu resme tekab\u00fcl eden temay\u0131 kapsayan bir mesaj da i\u00e7ermektedir. Bu kartlarla nas\u0131l \u00e7al\u0131\u015f\u0131laca\u011f\u0131n\u0131 \u00f6\u011frenmek \u00e7ok kolay. Bu sayede sezgisel benli\u011finiz ile Yery\u00fcz\u00fcn\u00fcn ruhunun i\u015fbirli\u011finden do\u011fan bilgeli\u011fe ula\u015facak ve tavsiyeler alacaks\u0131n\u0131z.<\/p>\n","protected":false},"excerpt":{"rendered":"<p>48 Kartl\u0131k Deste ve Rehber Kitap.Bu kitapta B\u00fcy\u00fcl\u00fc Kehanet Kartlar\u0131\u2019yla kendiniz ve ba\u015fkalar\u0131 i\u00e7in do\u011fru okumalar yapabilmenizi sa\u011flayacak talimatlar yer al\u0131yor. Kitap kartlarda resmedilen Yery\u00fcz\u00fc elementinden<span class=\"excerpt-hellip\"> [\u2026]<\/span><\/p>\n","protected":false},"featured_media":0,"template":"","meta":{"_monsterinsights_skip_tracking":false,"_monsterinsights_sitenote_active":false,"_monsterinsights_sitenote_note":"","_monsterinsights_sitenote_category":0},"product_brand":[],"product_cat":[28265,15563],"product_tag":[],"class_list":{"0":"post-731602","1":"product","2":"type-product","3":"status-publish","5":"product_cat-diger-hobi","6":"product_cat-hobi","7":"pa_cilt-ciltsiz","8":"pa_tur-kitap","9":"pa_yayinevi-butik-yayinlari","10":"pa_yazar-steven-d-farmer","12":"first","13":"instock","14":"sale","15":"shipping-taxable","16":"purchasable","17":"product-type-simple"},"_links":{"self":[{"href":"https:\/\/roveyayinevi.com.tr\/index.php\/wp-json\/wp\/v2\/product\/731602","targetHints":{"allow":["GET"]}}],"collection":[{"href":"https:\/\/roveyayinevi.com.tr\/index.php\/wp-json\/wp\/v2\/product"}],"about":[{"href":"https:\/\/roveyayinevi.com.tr\/index.php\/wp-json\/wp\/v2\/types\/product"}],"wp:attachment":[{"href":"https:\/\/roveyayinevi.com.tr\/index.php\/wp-json\/wp\/v2\/media?parent=731602"}],"wp:term":[{"taxonomy":"product_brand","embeddable":true,"href":"https:\/\/roveyayinevi.com.tr\/index.php\/wp-json\/wp\/v2\/product_brand?post=731602"},{"taxonomy":"product_cat","embeddable":true,"href":"https:\/\/roveyayinevi.com.tr\/index.php\/wp-json\/wp\/v2\/product_cat?post=731602"},{"taxonomy":"product_tag","embeddable":true,"href":"https:\/\/roveyayinevi.com.tr\/index.php\/wp-json\/wp\/v2\/product_tag?post=731602"}],"curies":[{"name":"wp","href":"https:\/\/api.w.org\/{rel}","templated":true}]}}