{"id":731595,"date":"2025-08-27T21:34:38","date_gmt":"2025-08-27T18:34:38","guid":{"rendered":"https:\/\/roveyayinevi.com.tr\/index.php\/urun\/hayli-duyarli-kisi\/"},"modified":"2026-04-16T02:39:42","modified_gmt":"2026-04-15T23:39:42","slug":"hayli-duyarli-kisi","status":"publish","type":"product","link":"https:\/\/roveyayinevi.com.tr\/index.php\/urun\/hayli-duyarli-kisi\/","title":{"rendered":"Hayli Duyarl\u0131 Ki\u015fi"},"content":{"rendered":"<p>\u201cBu kitapta kendimi apa\u00e7\u0131k bir \u015fekilde g\u00f6rd\u00fcm ve neredeyse her sayfas\u0131n\u0131 g\u00f6zya\u015flar\u0131 i\u00e7inde okudum. Hayat\u0131m\u0131 b\u00fct\u00fcn\u00fcyle de\u011fi\u015ftirdi\u011fini s\u00f6ylemek bile yetersiz kal\u0131r. Elaine Aron&#8217;a sonsuza dek minnettar\u0131m.\u201d\u2014 Alanis Morissette, m\u00fczisyen, s\u00f6z yazar\u0131, aktivist\u201c\u0130nsan do\u011fas\u0131n\u0131n temel boyutlar\u0131ndan birini \u00e7ok y\u00f6nl\u00fc bir \u015fekilde inceleyen Elaine Aron\u2019\u0131n analizi mutlaka okunmal\u0131. Dengeli yakla\u015f\u0131m\u0131, duyarl\u0131l\u0131\u011f\u0131n bir engel de\u011fil olanak h\u00e2line gelmesi i\u00e7in yeni \u00e7\u00f6z\u00fcmler \u00f6neriyor.\u201d\u2014 Philip G. Zimbardo, Shyness, Psikoloji ve Ya\u015fam \u201cUtanga\u00e7\u201d, \u201ckorkak\u201d, \u201casosyal\u201d, \u201ctuhaf\u201d&#8230; Bunlar, y\u0131llar boyu size uygun g\u00f6r\u00fclm\u00fc\u015f etiketlerden yaln\u0131zca birka\u00e7\u0131n\u0131 tan\u0131ml\u0131yorsa, Hayli Duyarl\u0131 Ki\u015fi size kendinizi bir kez daha tan\u0131ma \u015fans\u0131 veriyor.1990\u2019dan beri duyarl\u0131 ki\u015filer \u00fczerine \u00e7al\u0131\u015fmalar y\u00fcr\u00fctm\u00fc\u015f olan, klinik psikolog Elaine N. Aron\u2019\u0131n Hayli Duyarl\u0131 Ki\u015fi kitab\u0131, duyarl\u0131 olman\u0131n s\u0131kl\u0131kla yanl\u0131\u015f anla\u015f\u0131ld\u0131\u011f\u0131 ve yanl\u0131\u015f adland\u0131r\u0131ld\u0131\u011f\u0131 modern d\u00fcnyada, toplumdaki ve yak\u0131n \u00e7evrenizdeki rol\u00fcn\u00fcz\u00fc tekrar de\u011ferlendirmenize, bak\u0131\u015f a\u00e7\u0131n\u0131z\u0131 de\u011fi\u015ftirmenize yard\u0131mc\u0131 olacak.On d\u00f6rtten fazla dile \u00e7evrilmi\u015f ve d\u00fcnyan\u0131n d\u00f6rt bir yan\u0131nda bir milyondan fazla satm\u0131\u015f bu kitap, \u015fu sorular\u0131n\u0131za da yan\u0131t bulman\u0131z\u0131 sa\u011flayacak: \u2022 Yaln\u0131zca kad\u0131nlar m\u0131 hayli duyarl\u0131d\u0131r? Duyarl\u0131l\u0131\u011f\u0131n cinsiyeti olur mu?\u2022 Duyarl\u0131 ki\u015filerin hepsi birbirinin ayn\u0131s\u0131 m\u0131?\u2022 Duyarl\u0131 ki\u015filerin g\u00fc\u00e7l\u00fc yanlar\u0131 da var m\u0131?\u2022 Hayli Duyarl\u0131 Ki\u015fi\u2019yi duyarl\u0131 olmayandan ay\u0131ran \u00f6zellikler nelerdir?\u2022 Duyarl\u0131l\u0131\u011f\u0131n veya hassasiyetin dereceleri ve \u00e7e\u015fitlilik g\u00f6sterdi\u011fine dair \u00f6rnekler var m\u0131?\u2022 Uyaranlar\u0131 kontrol edip g\u00fcnl\u00fck hayatla ba\u015f etmek m\u00fcmk\u00fcn m\u00fc?\u2022 Uyar\u0131lma ger\u00e7ekten kayg\u0131 ve korkudan farkl\u0131 m\u0131d\u0131r?\u2022    Bu \u00f6zelli\u011fe sahip olup ba\u015far\u0131l\u0131 ve g\u00f6z \u00f6n\u00fcnde bir kariyer sahibi olmak m\u00fcmk\u00fcn m\u00fc? \u201cBu ola\u011fan\u00fcst\u00fc kitap bize yeni bir bak\u0131\u015f a\u00e7\u0131s\u0131 veriyor, bizi rahatlat\u0131yor ve toplumdaki yerimizi daha iyi anlamam\u0131z\u0131 sa\u011fl\u0131yor. \u201d\u2014 John Gray, Ph.D., Erkekler Mars&#8217;tan, Kad\u0131nlar Ven\u00fcs&#8217;ten \u201c\u00dczerine \u00e7ok az \u00e7al\u0131\u015fma bulunan \u00f6nemli bir konuyu inceleyen bu kitap ciddi bir\u00e7al\u0131\u015fman\u0131n \u00fcr\u00fcn\u00fc.\u201d\u2014 Portland Oregonian \u201cBu kitap HDK&#8217;ler i\u00e7in ve HDK&#8217;leri anlamak isteyenler i\u00e7in paha bi\u00e7ilmez bir kaynak.\u201d\u2014 The New York Times \u201cAyd\u0131nlat\u0131c\u0131 ve insana g\u00fc\u00e7 veren bu kitap hepimize \u00e7ok de\u011ferli bir hediye.\u201d\u2014 Riane Eisler, Ph.D.,Nurturing Our Humanity<\/p>\n","protected":false},"excerpt":{"rendered":"<p>\u201cBu kitapta kendimi apa\u00e7\u0131k bir \u015fekilde g\u00f6rd\u00fcm ve neredeyse her sayfas\u0131n\u0131 g\u00f6zya\u015flar\u0131 i\u00e7inde okudum. Hayat\u0131m\u0131 b\u00fct\u00fcn\u00fcyle de\u011fi\u015ftirdi\u011fini s\u00f6ylemek bile yetersiz kal\u0131r. Elaine Aron&#8217;a sonsuza dek minnettar\u0131m.\u201d\u2014<span class=\"excerpt-hellip\"> [\u2026]<\/span><\/p>\n","protected":false},"featured_media":0,"template":"","meta":{"_monsterinsights_skip_tracking":false,"_monsterinsights_sitenote_active":false,"_monsterinsights_sitenote_note":"","_monsterinsights_sitenote_category":0},"product_brand":[],"product_cat":[12755,12357],"product_tag":[],"class_list":{"0":"post-731595","1":"product","2":"type-product","3":"status-publish","5":"product_cat-gelisim-psikolojisi","6":"product_cat-psikoloji","7":"pa_cilt-ciltsiz","8":"pa_tur-kitap","9":"pa_yayinevi-epsilon-yayinlari","10":"pa_yazar-elaine-n-aron","12":"first","13":"instock","14":"sale","15":"shipping-taxable","16":"purchasable","17":"product-type-simple"},"_links":{"self":[{"href":"https:\/\/roveyayinevi.com.tr\/index.php\/wp-json\/wp\/v2\/product\/731595","targetHints":{"allow":["GET"]}}],"collection":[{"href":"https:\/\/roveyayinevi.com.tr\/index.php\/wp-json\/wp\/v2\/product"}],"about":[{"href":"https:\/\/roveyayinevi.com.tr\/index.php\/wp-json\/wp\/v2\/types\/product"}],"wp:attachment":[{"href":"https:\/\/roveyayinevi.com.tr\/index.php\/wp-json\/wp\/v2\/media?parent=731595"}],"wp:term":[{"taxonomy":"product_brand","embeddable":true,"href":"https:\/\/roveyayinevi.com.tr\/index.php\/wp-json\/wp\/v2\/product_brand?post=731595"},{"taxonomy":"product_cat","embeddable":true,"href":"https:\/\/roveyayinevi.com.tr\/index.php\/wp-json\/wp\/v2\/product_cat?post=731595"},{"taxonomy":"product_tag","embeddable":true,"href":"https:\/\/roveyayinevi.com.tr\/index.php\/wp-json\/wp\/v2\/product_tag?post=731595"}],"curies":[{"name":"wp","href":"https:\/\/api.w.org\/{rel}","templated":true}]}}