{"id":731575,"date":"2025-08-27T21:34:21","date_gmt":"2025-08-27T18:34:21","guid":{"rendered":"https:\/\/roveyayinevi.com.tr\/index.php\/urun\/dongu\/"},"modified":"2026-04-11T13:58:52","modified_gmt":"2026-04-11T10:58:52","slug":"dongu","status":"publish","type":"product","link":"https:\/\/roveyayinevi.com.tr\/index.php\/urun\/dongu\/","title":{"rendered":"D\u00f6ng\u00fc"},"content":{"rendered":"<p>Hi\u00e7biri, s\u0131radan bir insan\u0131n \u00f6ld\u00fcr\u00fclm\u00fc\u015f olmas\u0131n\u0131 yad\u0131rgamaz, yerini kolayca doldurarak hayatlar\u0131na devam ederlerdi. Yeter ki kendi ba\u015flar\u0131na gelmesin&#8230; D\u00f6ng\u00fc, ge\u00e7mi\u015fini hat\u0131rlamayan bir karakterin etraf\u0131nda ya\u015fanan olaylar\u0131 takip ederek, g\u00fcn\u00fcm\u00fcz ili\u015fkilerini, yozla\u015fm\u0131\u015f toplumunu, bozuk d\u00fc\u015f\u00fcncelerini ve hasta karakterlerini g\u00f6zler \u00f6n\u00fcne seren, bir \u00e7\u0131rp\u0131da okunabilen ve tad\u0131 damakta kalan bir kitap. Var olan ac\u0131mas\u0131z ger\u00e7ekleri yal\u0131n bir dille anlat\u0131p okuyucunun zihnine eri\u015fmeyi ve ya\u015fananlar\u0131 farkl\u0131 bir bak\u0131\u015f a\u00e7\u0131s\u0131 ile g\u00f6sterebilmeyi hedefliyor. <\/p>\n","protected":false},"excerpt":{"rendered":"<p>Hi\u00e7biri, s\u0131radan bir insan\u0131n \u00f6ld\u00fcr\u00fclm\u00fc\u015f olmas\u0131n\u0131 yad\u0131rgamaz, yerini kolayca doldurarak hayatlar\u0131na devam ederlerdi. Yeter ki kendi ba\u015flar\u0131na gelmesin&#8230; D\u00f6ng\u00fc, ge\u00e7mi\u015fini hat\u0131rlamayan bir karakterin etraf\u0131nda ya\u015fanan olaylar\u0131<span class=\"excerpt-hellip\"> [\u2026]<\/span><\/p>\n","protected":false},"featured_media":0,"template":"","meta":{"_monsterinsights_skip_tracking":false,"_monsterinsights_sitenote_active":false,"_monsterinsights_sitenote_note":"","_monsterinsights_sitenote_category":0},"product_brand":[],"product_cat":[12291,12711],"product_tag":[],"class_list":{"0":"post-731575","1":"product","2":"type-product","3":"status-publish","5":"product_cat-edebiyat","6":"product_cat-roman-oyku","7":"pa_cilt-ciltsiz","8":"pa_tur-kitap","9":"pa_yayinevi-myrina-yayinlari","10":"pa_yazar-kerem-kacar","12":"first","13":"instock","14":"sale","15":"shipping-taxable","16":"purchasable","17":"product-type-simple"},"_links":{"self":[{"href":"https:\/\/roveyayinevi.com.tr\/index.php\/wp-json\/wp\/v2\/product\/731575","targetHints":{"allow":["GET"]}}],"collection":[{"href":"https:\/\/roveyayinevi.com.tr\/index.php\/wp-json\/wp\/v2\/product"}],"about":[{"href":"https:\/\/roveyayinevi.com.tr\/index.php\/wp-json\/wp\/v2\/types\/product"}],"wp:attachment":[{"href":"https:\/\/roveyayinevi.com.tr\/index.php\/wp-json\/wp\/v2\/media?parent=731575"}],"wp:term":[{"taxonomy":"product_brand","embeddable":true,"href":"https:\/\/roveyayinevi.com.tr\/index.php\/wp-json\/wp\/v2\/product_brand?post=731575"},{"taxonomy":"product_cat","embeddable":true,"href":"https:\/\/roveyayinevi.com.tr\/index.php\/wp-json\/wp\/v2\/product_cat?post=731575"},{"taxonomy":"product_tag","embeddable":true,"href":"https:\/\/roveyayinevi.com.tr\/index.php\/wp-json\/wp\/v2\/product_tag?post=731575"}],"curies":[{"name":"wp","href":"https:\/\/api.w.org\/{rel}","templated":true}]}}