{"id":731542,"date":"2025-08-27T21:33:48","date_gmt":"2025-08-27T18:33:48","guid":{"rendered":"https:\/\/roveyayinevi.com.tr\/index.php\/urun\/korudaki-gumus-ciltli\/"},"modified":"2026-04-16T02:39:12","modified_gmt":"2026-04-15T23:39:12","slug":"korudaki-gumus-ciltli","status":"publish","type":"product","link":"https:\/\/roveyayinevi.com.tr\/index.php\/urun\/korudaki-gumus-ciltli\/","title":{"rendered":"Korudaki G\u00fcm\u00fc\u015f (Ciltli)"},"content":{"rendered":"<p>Emily Tesh\u2019in bir\u00e7ok farkl\u0131 mitolojide ve \u00e7e\u015fitli halk inan\u0131\u015flar\u0131nda yerle\u015fik olan \u201cYe\u015fil Adam\u201d efsanesinden esinlenerek kaleme ald\u0131\u011f\u0131 \u201cYe\u015filkuytu Serisi\u201dnin ilk kitab\u0131 Korudaki G\u00fcm\u00fc\u015f, fantastik edebiyat\u0131n olmazsa olmaz\u0131 peri masallar\u0131na, kadim s\u00f6ylencelere, do\u011fadaki do\u011fa\u00fcst\u00fc unsurlara, b\u00fcy\u00fcl\u00fc ormanlara y\u00f6nelik \u00e7a\u011fda\u015f bir hik\u00e2ye anlat\u0131yor.   Tobias Finch, Ye\u015filkuytu\u2019nun derinliklerinde, koruya h\u00fckmeden ya\u015fl\u0131 bir me\u015fe a\u011fac\u0131n\u0131n yan\u0131ndaki kul\u00fcbesinde, sakin ve kendi h\u00e2linde bir ya\u015fam s\u00fcr\u00fcyordu. Kedisiyle ve bir de a\u011fa\u00e7 perileriyle\u2026   Ye\u015filkuytu Malik\u00e2nesi\u2019nin yeni sahibi Henry Silver ortaya \u00e7\u0131k\u0131nca her \u015fey de\u011fi\u015fti. Yerel halk efsaneleriyle yak\u0131ndan ilgilenen Silver\u2019\u0131n merak\u0131 sayesinde bir perde araland\u0131 ve ge\u00e7mi\u015fin g\u00f6lgesinde saklanan s\u0131rlar yava\u015f yava\u015f topraktan filizlenmeye ba\u015flad\u0131. Tobias Finch, uzun zaman \u00f6nce kapad\u0131\u011f\u0131 bir defteri a\u00e7mak zorunda kalacakt\u0131. Orman\u0131n b\u00fcy\u00fcs\u00fc bozulacak, ye\u015filli\u011fin kalbindeki karanl\u0131kla hesapla\u015f\u0131lacakt\u0131.   Korudaki G\u00fcm\u00fc\u015f, kara topraktaki k\u00f6klerin derinli\u011fine dair dokunakl\u0131, masals\u0131 bir anlat\u0131. \u201cOrman\u0131n, perilerin ve sevginin hakiki \u00f6yk\u00fcs\u00fc.\u201d \u2013Naomi Novik   \u201cUnutulmu\u015f tanr\u0131lar\u0131n, ya\u015fl\u0131 ormanlar\u0131n b\u00fcy\u00fcleyici \u00f6yk\u00fcs\u00fc. Tek kelimeyle ola\u011fan\u00fcst\u00fc.\u201d \u2013Jenn Lyons   \u201cEn yak\u0131n ormanda sessiz bir k\u00f6\u015fe bulun, a\u011fa\u00e7lar\u0131n f\u0131s\u0131lt\u0131s\u0131n\u0131 dinleyin, bu k\u00fc\u00e7\u00fck kitap i\u00e7in eski ve yeni tanr\u0131lara te\u015fekk\u00fcr edin.\u201d \u2013Book Riot <\/p>\n","protected":false},"excerpt":{"rendered":"<p>Emily Tesh\u2019in bir\u00e7ok farkl\u0131 mitolojide ve \u00e7e\u015fitli halk inan\u0131\u015flar\u0131nda yerle\u015fik olan \u201cYe\u015fil Adam\u201d efsanesinden esinlenerek kaleme ald\u0131\u011f\u0131 \u201cYe\u015filkuytu Serisi\u201dnin ilk kitab\u0131 Korudaki G\u00fcm\u00fc\u015f, fantastik edebiyat\u0131n olmazsa<span class=\"excerpt-hellip\"> [\u2026]<\/span><\/p>\n","protected":false},"featured_media":0,"template":"","meta":{"_monsterinsights_skip_tracking":false,"_monsterinsights_sitenote_active":false,"_monsterinsights_sitenote_note":"","_monsterinsights_sitenote_category":0},"product_brand":[],"product_cat":[12291,14777],"product_tag":[],"class_list":{"0":"post-731542","1":"product","2":"type-product","3":"status-publish","5":"product_cat-edebiyat","6":"product_cat-fantastik","7":"pa_cilt-ciltsiz","8":"pa_tur-kitap","9":"pa_yayinevi-ithaki-yayinlari","10":"pa_yazar-emily-tesh","12":"first","13":"instock","14":"sale","15":"shipping-taxable","16":"purchasable","17":"product-type-simple"},"_links":{"self":[{"href":"https:\/\/roveyayinevi.com.tr\/index.php\/wp-json\/wp\/v2\/product\/731542","targetHints":{"allow":["GET"]}}],"collection":[{"href":"https:\/\/roveyayinevi.com.tr\/index.php\/wp-json\/wp\/v2\/product"}],"about":[{"href":"https:\/\/roveyayinevi.com.tr\/index.php\/wp-json\/wp\/v2\/types\/product"}],"wp:attachment":[{"href":"https:\/\/roveyayinevi.com.tr\/index.php\/wp-json\/wp\/v2\/media?parent=731542"}],"wp:term":[{"taxonomy":"product_brand","embeddable":true,"href":"https:\/\/roveyayinevi.com.tr\/index.php\/wp-json\/wp\/v2\/product_brand?post=731542"},{"taxonomy":"product_cat","embeddable":true,"href":"https:\/\/roveyayinevi.com.tr\/index.php\/wp-json\/wp\/v2\/product_cat?post=731542"},{"taxonomy":"product_tag","embeddable":true,"href":"https:\/\/roveyayinevi.com.tr\/index.php\/wp-json\/wp\/v2\/product_tag?post=731542"}],"curies":[{"name":"wp","href":"https:\/\/api.w.org\/{rel}","templated":true}]}}